--
-- Host: 127.0.0.1    Database: iori
-- ------------------------------------------------------


--
-- Table structure for table `activations`
--

CREATE TABLE `activations` (
  `id` bigint unsigned NOT NULL AUTO_INCREMENT,
  `user_id` bigint unsigned NOT NULL,
  `code` varchar(120) COLLATE utf8mb4_unicode_ci NOT NULL,
  `completed` tinyint(1) NOT NULL DEFAULT '0',
  `completed_at` timestamp NULL DEFAULT NULL,
  `created_at` timestamp NULL DEFAULT NULL,
  `updated_at` timestamp NULL DEFAULT NULL,
  PRIMARY KEY (`id`),
  KEY `activations_user_id_index` (`user_id`)
) ENGINE=InnoDB AUTO_INCREMENT=2 DEFAULT CHARSET=utf8mb4 COLLATE=utf8mb4_unicode_ci;

--
-- Dumping data for table `activations`
--

INSERT INTO `activations` VALUES (1,1,'ma4jcDU3GfMkEb2GBbeqDBebQBS2jkeU',1,'2024-05-22 23:56:46','2024-05-22 23:56:46','2024-05-22 23:56:46');

--
-- Table structure for table `admin_notifications`
--

CREATE TABLE `admin_notifications` (
  `id` bigint unsigned NOT NULL AUTO_INCREMENT,
  `title` varchar(191) COLLATE utf8mb4_unicode_ci NOT NULL,
  `action_label` varchar(191) COLLATE utf8mb4_unicode_ci DEFAULT NULL,
  `action_url` varchar(191) COLLATE utf8mb4_unicode_ci DEFAULT NULL,
  `description` varchar(400) COLLATE utf8mb4_unicode_ci DEFAULT NULL,
  `read_at` timestamp NULL DEFAULT NULL,
  `created_at` timestamp NULL DEFAULT NULL,
  `updated_at` timestamp NULL DEFAULT NULL,
  `permission` varchar(191) COLLATE utf8mb4_unicode_ci DEFAULT NULL,
  PRIMARY KEY (`id`)
) ENGINE=InnoDB DEFAULT CHARSET=utf8mb4 COLLATE=utf8mb4_unicode_ci;

--
-- Dumping data for table `admin_notifications`
--


--
-- Table structure for table `announcements`
--

CREATE TABLE `announcements` (
  `id` bigint unsigned NOT NULL AUTO_INCREMENT,
  `name` varchar(191) COLLATE utf8mb4_unicode_ci NOT NULL,
  `content` text COLLATE utf8mb4_unicode_ci NOT NULL,
  `has_action` tinyint(1) NOT NULL DEFAULT '0',
  `action_label` varchar(60) COLLATE utf8mb4_unicode_ci DEFAULT NULL,
  `action_url` varchar(400) COLLATE utf8mb4_unicode_ci DEFAULT NULL,
  `action_open_new_tab` tinyint(1) NOT NULL DEFAULT '0',
  `dismissible` tinyint(1) NOT NULL DEFAULT '0',
  `start_date` datetime DEFAULT NULL,
  `end_date` datetime DEFAULT NULL,
  `is_active` tinyint(1) NOT NULL DEFAULT '1',
  `created_at` timestamp NULL DEFAULT NULL,
  `updated_at` timestamp NULL DEFAULT NULL,
  PRIMARY KEY (`id`)
) ENGINE=InnoDB AUTO_INCREMENT=4 DEFAULT CHARSET=utf8mb4 COLLATE=utf8mb4_unicode_ci;

--
-- Dumping data for table `announcements`
--

INSERT INTO `announcements` VALUES (1,'Announcement 1','Cyber Monday: Save big on the Creative Cloud All Apps plan for individuals through 2 Dec',0,NULL,NULL,0,1,'2024-05-23 06:57:27',NULL,1,'2024-05-22 23:57:27','2024-05-22 23:57:27'),(2,'Announcement 2','Students and teachers save a massive 71% on Creative Cloud All Apps',0,NULL,NULL,0,1,'2024-05-23 06:57:27',NULL,1,'2024-05-22 23:57:27','2024-05-22 23:57:27'),(3,'Announcement 3','Black Friday and Cyber Monday 2023 Deals for Motion Designers, grab it now!',0,NULL,NULL,0,1,'2024-05-23 06:57:27',NULL,1,'2024-05-22 23:57:27','2024-05-22 23:57:27');

--
-- Table structure for table `announcements_translations`
--

CREATE TABLE `announcements_translations` (
  `lang_code` varchar(191) COLLATE utf8mb4_unicode_ci NOT NULL,
  `announcements_id` bigint unsigned NOT NULL,
  `content` text COLLATE utf8mb4_unicode_ci,
  PRIMARY KEY (`lang_code`,`announcements_id`)
) ENGINE=InnoDB DEFAULT CHARSET=utf8mb4 COLLATE=utf8mb4_unicode_ci;

--
-- Dumping data for table `announcements_translations`
--


--
-- Table structure for table `audit_histories`
--

CREATE TABLE `audit_histories` (
  `id` bigint unsigned NOT NULL AUTO_INCREMENT,
  `user_id` bigint unsigned NOT NULL,
  `module` varchar(60) COLLATE utf8mb4_unicode_ci NOT NULL,
  `request` longtext COLLATE utf8mb4_unicode_ci,
  `action` varchar(120) COLLATE utf8mb4_unicode_ci NOT NULL,
  `user_agent` text COLLATE utf8mb4_unicode_ci,
  `ip_address` varchar(45) COLLATE utf8mb4_unicode_ci DEFAULT NULL,
  `reference_user` bigint unsigned NOT NULL,
  `reference_id` bigint unsigned NOT NULL,
  `reference_name` varchar(191) COLLATE utf8mb4_unicode_ci NOT NULL,
  `type` varchar(20) COLLATE utf8mb4_unicode_ci NOT NULL,
  `created_at` timestamp NULL DEFAULT NULL,
  `updated_at` timestamp NULL DEFAULT NULL,
  PRIMARY KEY (`id`),
  KEY `audit_histories_user_id_index` (`user_id`),
  KEY `audit_histories_module_index` (`module`)
) ENGINE=InnoDB DEFAULT CHARSET=utf8mb4 COLLATE=utf8mb4_unicode_ci;

--
-- Dumping data for table `audit_histories`
--


--
-- Table structure for table `bs_packages`
--

CREATE TABLE `bs_packages` (
  `id` bigint unsigned NOT NULL AUTO_INCREMENT,
  `name` varchar(191) COLLATE utf8mb4_unicode_ci NOT NULL,
  `description` varchar(400) COLLATE utf8mb4_unicode_ci DEFAULT NULL,
  `content` text COLLATE utf8mb4_unicode_ci NOT NULL,
  `price` varchar(191) COLLATE utf8mb4_unicode_ci NOT NULL,
  `annual_price` varchar(191) COLLATE utf8mb4_unicode_ci DEFAULT NULL,
  `duration` varchar(191) COLLATE utf8mb4_unicode_ci NOT NULL DEFAULT 'monthly',
  `features` text COLLATE utf8mb4_unicode_ci,
  `status` varchar(191) COLLATE utf8mb4_unicode_ci NOT NULL DEFAULT 'published',
  `is_popular` tinyint(1) NOT NULL DEFAULT '0',
  `created_at` timestamp NULL DEFAULT NULL,
  `updated_at` timestamp NULL DEFAULT NULL,
  PRIMARY KEY (`id`)
) ENGINE=InnoDB AUTO_INCREMENT=5 DEFAULT CHARSET=utf8mb4 COLLATE=utf8mb4_unicode_ci;

--
-- Dumping data for table `bs_packages`
--

INSERT INTO `bs_packages` VALUES (1,'Trial Plan','Protect for testing','<section class=\"package\">\n    <h2>Comprehensive Growth Package</h2>\n    <p class=\"description\">Experience unparalleled business growth with our Comprehensive Growth Package. This package is designed to elevate your business to new heights by providing a range of strategic and creative services.</p>\n\n    <h3>Services Included:</h3>\n    <ul>\n        <li><strong>Custom Branding:</strong> Our team of experts will work closely with you to develop a unique and compelling brand identity that resonates with your target audience.</li>\n        <li><strong>Website Overhaul:</strong> Your existing website will undergo a complete makeover to enhance user experience, improve functionality, and drive conversions.</li>\n        <li><strong>Content Strategy:</strong> We will develop a content strategy that aligns with your business goals, creating engaging and relevant content to attract and retain customers.</li>\n        <li><strong>Search Engine Optimization (SEO):</strong> Our SEO specialists will optimize your website to ensure it ranks high on search engine results pages, driving organic traffic.</li>\n        <li><strong>Social Media Mastery:</strong> We\'ll manage your social media platforms, creating compelling posts, engaging with your audience, and running targeted ad campaigns.</li>\n        <li><strong>Email Marketing Campaigns:</strong> We\'ll design and execute effective email marketing campaigns to nurture leads and keep your customers informed.</li>\n        <li><strong>Performance Analytics:</strong> Gain insights into your business\'s performance through in-depth analytics, helping you make informed decisions.</li>\n    </ul>\n\n    <h3>Package Benefits:</h3>\n    <ul>\n        <li>Strategic business growth tailored to your unique needs.</li>\n        <li>Increased brand visibility and recognition.</li>\n        <li>Higher website traffic and improved user engagement.</li>\n        <li>Effective customer engagement through various channels.</li>\n        <li>Measurable results with data-driven insights.</li>\n    </ul>\n</section>\n','FREE','FREE','monthly','+ Brand Awareness Ads\n+ Retargeting Ads\n+ Contextual, Demographic\n+ Facebook Advertising\n- Global Certificates\n- Snapchat Advertising\n- TikTok Advertising\n- Advanced List Building','published',0,'2024-05-22 23:57:21','2024-05-22 23:57:21'),(2,'Standard','Advanced project','<section class=\"package\">\n    <h2>Comprehensive Growth Package</h2>\n    <p class=\"description\">Experience unparalleled business growth with our Comprehensive Growth Package. This package is designed to elevate your business to new heights by providing a range of strategic and creative services.</p>\n\n    <h3>Services Included:</h3>\n    <ul>\n        <li><strong>Custom Branding:</strong> Our team of experts will work closely with you to develop a unique and compelling brand identity that resonates with your target audience.</li>\n        <li><strong>Website Overhaul:</strong> Your existing website will undergo a complete makeover to enhance user experience, improve functionality, and drive conversions.</li>\n        <li><strong>Content Strategy:</strong> We will develop a content strategy that aligns with your business goals, creating engaging and relevant content to attract and retain customers.</li>\n        <li><strong>Search Engine Optimization (SEO):</strong> Our SEO specialists will optimize your website to ensure it ranks high on search engine results pages, driving organic traffic.</li>\n        <li><strong>Social Media Mastery:</strong> We\'ll manage your social media platforms, creating compelling posts, engaging with your audience, and running targeted ad campaigns.</li>\n        <li><strong>Email Marketing Campaigns:</strong> We\'ll design and execute effective email marketing campaigns to nurture leads and keep your customers informed.</li>\n        <li><strong>Performance Analytics:</strong> Gain insights into your business\'s performance through in-depth analytics, helping you make informed decisions.</li>\n    </ul>\n\n    <h3>Package Benefits:</h3>\n    <ul>\n        <li>Strategic business growth tailored to your unique needs.</li>\n        <li>Increased brand visibility and recognition.</li>\n        <li>Higher website traffic and improved user engagement.</li>\n        <li>Effective customer engagement through various channels.</li>\n        <li>Measurable results with data-driven insights.</li>\n    </ul>\n</section>\n','$29','$348','monthly','+ Brand Awareness Ads\n+ Retargeting Ads\n+ Contextual, Demographic\n+ Facebook Advertising\n+ Global Certificates\n- Snapchat Advertising\n- TikTok Advertising\n- Advanced List Building','published',1,'2024-05-22 23:57:21','2024-05-22 23:57:21'),(3,'Business','Protect for testing','<section class=\"package\">\n    <h2>Comprehensive Growth Package</h2>\n    <p class=\"description\">Experience unparalleled business growth with our Comprehensive Growth Package. This package is designed to elevate your business to new heights by providing a range of strategic and creative services.</p>\n\n    <h3>Services Included:</h3>\n    <ul>\n        <li><strong>Custom Branding:</strong> Our team of experts will work closely with you to develop a unique and compelling brand identity that resonates with your target audience.</li>\n        <li><strong>Website Overhaul:</strong> Your existing website will undergo a complete makeover to enhance user experience, improve functionality, and drive conversions.</li>\n        <li><strong>Content Strategy:</strong> We will develop a content strategy that aligns with your business goals, creating engaging and relevant content to attract and retain customers.</li>\n        <li><strong>Search Engine Optimization (SEO):</strong> Our SEO specialists will optimize your website to ensure it ranks high on search engine results pages, driving organic traffic.</li>\n        <li><strong>Social Media Mastery:</strong> We\'ll manage your social media platforms, creating compelling posts, engaging with your audience, and running targeted ad campaigns.</li>\n        <li><strong>Email Marketing Campaigns:</strong> We\'ll design and execute effective email marketing campaigns to nurture leads and keep your customers informed.</li>\n        <li><strong>Performance Analytics:</strong> Gain insights into your business\'s performance through in-depth analytics, helping you make informed decisions.</li>\n    </ul>\n\n    <h3>Package Benefits:</h3>\n    <ul>\n        <li>Strategic business growth tailored to your unique needs.</li>\n        <li>Increased brand visibility and recognition.</li>\n        <li>Higher website traffic and improved user engagement.</li>\n        <li>Effective customer engagement through various channels.</li>\n        <li>Measurable results with data-driven insights.</li>\n    </ul>\n</section>\n','$99','$1,188','monthly','+ Brand Awareness Ads\n+ Retargeting Ads\n+ Contextual, Demographic\n+ Facebook Advertising\n+ Global Certificates\n+ Snapchat Advertising\n- TikTok Advertising\n- Advanced List Building','published',0,'2024-05-22 23:57:21','2024-05-22 23:57:21'),(4,'Enterprise','Protect for testing','<section class=\"package\">\n    <h2>Comprehensive Growth Package</h2>\n    <p class=\"description\">Experience unparalleled business growth with our Comprehensive Growth Package. This package is designed to elevate your business to new heights by providing a range of strategic and creative services.</p>\n\n    <h3>Services Included:</h3>\n    <ul>\n        <li><strong>Custom Branding:</strong> Our team of experts will work closely with you to develop a unique and compelling brand identity that resonates with your target audience.</li>\n        <li><strong>Website Overhaul:</strong> Your existing website will undergo a complete makeover to enhance user experience, improve functionality, and drive conversions.</li>\n        <li><strong>Content Strategy:</strong> We will develop a content strategy that aligns with your business goals, creating engaging and relevant content to attract and retain customers.</li>\n        <li><strong>Search Engine Optimization (SEO):</strong> Our SEO specialists will optimize your website to ensure it ranks high on search engine results pages, driving organic traffic.</li>\n        <li><strong>Social Media Mastery:</strong> We\'ll manage your social media platforms, creating compelling posts, engaging with your audience, and running targeted ad campaigns.</li>\n        <li><strong>Email Marketing Campaigns:</strong> We\'ll design and execute effective email marketing campaigns to nurture leads and keep your customers informed.</li>\n        <li><strong>Performance Analytics:</strong> Gain insights into your business\'s performance through in-depth analytics, helping you make informed decisions.</li>\n    </ul>\n\n    <h3>Package Benefits:</h3>\n    <ul>\n        <li>Strategic business growth tailored to your unique needs.</li>\n        <li>Increased brand visibility and recognition.</li>\n        <li>Higher website traffic and improved user engagement.</li>\n        <li>Effective customer engagement through various channels.</li>\n        <li>Measurable results with data-driven insights.</li>\n    </ul>\n</section>\n','$299','$3,588','monthly','+ Brand Awareness Ads\n+ Retargeting Ads\n+ Contextual, Demographic\n+ Facebook Advertising\n+ Global Certificates\n+ Snapchat Advertising\n+ TikTok Advertising\n+ Advanced List Building','published',0,'2024-05-22 23:57:21','2024-05-22 23:57:21');

--
-- Table structure for table `bs_packages_translations`
--

CREATE TABLE `bs_packages_translations` (
  `lang_code` varchar(191) COLLATE utf8mb4_unicode_ci NOT NULL,
  `bs_packages_id` bigint unsigned NOT NULL,
  `name` varchar(255) COLLATE utf8mb4_unicode_ci DEFAULT NULL,
  `description` varchar(400) COLLATE utf8mb4_unicode_ci DEFAULT NULL,
  `content` text COLLATE utf8mb4_unicode_ci,
  `price` varchar(191) COLLATE utf8mb4_unicode_ci DEFAULT NULL,
  `annual_price` varchar(191) COLLATE utf8mb4_unicode_ci DEFAULT NULL,
  `features` text COLLATE utf8mb4_unicode_ci,
  PRIMARY KEY (`lang_code`,`bs_packages_id`)
) ENGINE=InnoDB DEFAULT CHARSET=utf8mb4 COLLATE=utf8mb4_unicode_ci;

--
-- Dumping data for table `bs_packages_translations`
--


--
-- Table structure for table `bs_service_categories`
--

CREATE TABLE `bs_service_categories` (
  `id` bigint unsigned NOT NULL AUTO_INCREMENT,
  `parent_id` bigint unsigned DEFAULT NULL,
  `name` varchar(191) COLLATE utf8mb4_unicode_ci NOT NULL,
  `description` varchar(400) COLLATE utf8mb4_unicode_ci DEFAULT NULL,
  `image` varchar(191) COLLATE utf8mb4_unicode_ci DEFAULT NULL,
  `order` tinyint NOT NULL DEFAULT '0',
  `status` varchar(191) COLLATE utf8mb4_unicode_ci NOT NULL DEFAULT 'published',
  `created_at` timestamp NULL DEFAULT NULL,
  `updated_at` timestamp NULL DEFAULT NULL,
  PRIMARY KEY (`id`),
  KEY `bs_service_categories_parent_id_index` (`parent_id`)
) ENGINE=InnoDB AUTO_INCREMENT=6 DEFAULT CHARSET=utf8mb4 COLLATE=utf8mb4_unicode_ci;

--
-- Dumping data for table `bs_service_categories`
--

INSERT INTO `bs_service_categories` VALUES (1,NULL,'Cross platform',NULL,NULL,1,'published','2024-05-22 23:57:21','2024-05-22 23:57:21'),(2,NULL,'Digital marketing',NULL,NULL,2,'published','2024-05-22 23:57:21','2024-05-22 23:57:21'),(3,NULL,'Social media',NULL,NULL,3,'published','2024-05-22 23:57:21','2024-05-22 23:57:21'),(4,NULL,'Standard',NULL,NULL,4,'published','2024-05-22 23:57:21','2024-05-22 23:57:21'),(5,NULL,'Creation',NULL,NULL,5,'published','2024-05-22 23:57:21','2024-05-22 23:57:21');

--
-- Table structure for table `bs_service_categories_translations`
--

CREATE TABLE `bs_service_categories_translations` (
  `lang_code` varchar(191) COLLATE utf8mb4_unicode_ci NOT NULL,
  `bs_service_categories_id` bigint unsigned NOT NULL,
  `name` varchar(255) COLLATE utf8mb4_unicode_ci DEFAULT NULL,
  `description` varchar(400) COLLATE utf8mb4_unicode_ci DEFAULT NULL,
  PRIMARY KEY (`lang_code`,`bs_service_categories_id`)
) ENGINE=InnoDB DEFAULT CHARSET=utf8mb4 COLLATE=utf8mb4_unicode_ci;

--
-- Dumping data for table `bs_service_categories_translations`
--


--
-- Table structure for table `bs_services`
--

CREATE TABLE `bs_services` (
  `id` bigint unsigned NOT NULL AUTO_INCREMENT,
  `category_id` bigint unsigned NOT NULL,
  `name` varchar(191) COLLATE utf8mb4_unicode_ci NOT NULL,
  `description` varchar(400) COLLATE utf8mb4_unicode_ci DEFAULT NULL,
  `content` longtext COLLATE utf8mb4_unicode_ci,
  `is_featured` tinyint(1) NOT NULL DEFAULT '0',
  `image` varchar(191) COLLATE utf8mb4_unicode_ci DEFAULT NULL,
  `images` text COLLATE utf8mb4_unicode_ci,
  `views` int NOT NULL DEFAULT '0',
  `status` varchar(60) COLLATE utf8mb4_unicode_ci NOT NULL DEFAULT 'published',
  `created_at` timestamp NULL DEFAULT NULL,
  `updated_at` timestamp NULL DEFAULT NULL,
  PRIMARY KEY (`id`),
  KEY `bs_services_category_id_index` (`category_id`)
) ENGINE=InnoDB AUTO_INCREMENT=7 DEFAULT CHARSET=utf8mb4 COLLATE=utf8mb4_unicode_ci;

--
-- Dumping data for table `bs_services`
--

INSERT INTO `bs_services` VALUES (1,4,'TechBoost Solutions','We offer specialized departments for continental transports.','<h3>Description:</h3>\n<p>Precision Financial Advisors is a trusted partner dedicated to optimizing your financial future. Our team of\n    certified financial experts is committed to providing comprehensive and personalized financial planning and\n    investment management services. With years of experience and a deep understanding of the financial landscape, we\n    tailor strategies to align with your unique goals and aspirations.</p>\n\n<img src=\"https://iori.test/storage/general/question1.png\" alt=\"Precision Financial Advisors\">\n\n<h3>Our Approach:</h3>\n<p>At Precision Financial Advisors, we believe that each individual\'s financial journey is unique. That\'s why we take\n    a holistic approach, starting with an in-depth analysis of your current financial situation and understanding your\n    long-term objectives. Our advisors will work closely with you to develop a customized roadmap that encompasses all\n    aspects of wealth management.</p>\n\n<h3>Comprehensive Financial Planning:</h3>\n<p>Our comprehensive financial planning services cover a wide range of areas, including retirement planning, college\n    funding, estate planning, tax strategies, and risk management. We focus on understanding your short-term needs and\n    long-term aspirations to create a roadmap that will guide you through life\'s financial milestones.</p>\n\n<h3>Investment Management:</h3>\n<p>With access to an array of investment options, we design a tailored investment portfolio that aligns with your risk\n    tolerance and financial goals. Our disciplined investment approach combines research, diversification, and ongoing\n    monitoring to optimize your portfolio\'s performance.</p>\n\n<h3>Retirement Planning:</h3>\n<p>We understand the importance of a secure retirement. Our retirement planning services assess your current savings,\n    estimate future retirement expenses, and strategize to build a retirement corpus that can sustain your desired\n    lifestyle.</p>\n\n<h3>Tax Optimization:</h3>\n<p>Our tax experts work to minimize your tax liabilities while staying compliant with all relevant laws and\n    regulations. We analyze your financial situation to identify opportunities for tax savings and implement strategies\n    to optimize your tax efficiency.</p>\n\n<h3>Estate Planning:</h3>\n<p>Preserving and passing on your wealth efficiently is crucial. Our estate planning services ensure your assets are\n    distributed according to your wishes, minimize estate taxes, and protect your legacy for future generations.</p>\n\n<h3>Risk Management:</h3>\n<p>Life is full of uncertainties, and we help you prepare for unexpected events. We assess your risk exposure and\n    recommend insurance solutions, including life insurance, disability insurance, and long-term care insurance, to\n    safeguard your financial well-being.</p>\n\n<h3>Ongoing Guidance and Support:</h3>\n<p>At Precision Financial Advisors, our commitment to your financial success doesn\'t end with a plan or an investment\n    portfolio. We provide ongoing monitoring, regular reviews, and adjustments as needed to keep your financial strategy\n    on track amidst changing circumstances.</p>\n\n<h3>Your Financial Partner:</h3>\n<p>As your dedicated financial partner, we prioritize transparency, integrity, and a client-centric approach. Our goal\n    is to build a long-term relationship based on trust and confidence, helping you navigate through life\'s financial\n    complexities and achieve your dreams.</p>\n\n<h3>Contact Us:</h3>\n<p>If you\'re ready to take control of your financial future, get in touch with us today. Our team of experienced\n    financial advisors is here to guide you on your journey towards financial prosperity and security.</p>\n\n<img src=\"https://iori.test/storage/general/question2.png\" alt=\"Financial Success\">\n',0,'general/banner-help-center-1.png','[\"general\\/banner-help-center-1.png\"]',1146,'published','2024-05-22 23:57:21','2024-05-22 23:57:21'),(2,3,'EcoGreen Landscaping','We offer specialized departments for continental transports.','<h3>Description:</h3>\n<p>Precision Financial Advisors is a trusted partner dedicated to optimizing your financial future. Our team of\n    certified financial experts is committed to providing comprehensive and personalized financial planning and\n    investment management services. With years of experience and a deep understanding of the financial landscape, we\n    tailor strategies to align with your unique goals and aspirations.</p>\n\n<img src=\"https://iori.test/storage/general/question1.png\" alt=\"Precision Financial Advisors\">\n\n<h3>Our Approach:</h3>\n<p>At Precision Financial Advisors, we believe that each individual\'s financial journey is unique. That\'s why we take\n    a holistic approach, starting with an in-depth analysis of your current financial situation and understanding your\n    long-term objectives. Our advisors will work closely with you to develop a customized roadmap that encompasses all\n    aspects of wealth management.</p>\n\n<h3>Comprehensive Financial Planning:</h3>\n<p>Our comprehensive financial planning services cover a wide range of areas, including retirement planning, college\n    funding, estate planning, tax strategies, and risk management. We focus on understanding your short-term needs and\n    long-term aspirations to create a roadmap that will guide you through life\'s financial milestones.</p>\n\n<h3>Investment Management:</h3>\n<p>With access to an array of investment options, we design a tailored investment portfolio that aligns with your risk\n    tolerance and financial goals. Our disciplined investment approach combines research, diversification, and ongoing\n    monitoring to optimize your portfolio\'s performance.</p>\n\n<h3>Retirement Planning:</h3>\n<p>We understand the importance of a secure retirement. Our retirement planning services assess your current savings,\n    estimate future retirement expenses, and strategize to build a retirement corpus that can sustain your desired\n    lifestyle.</p>\n\n<h3>Tax Optimization:</h3>\n<p>Our tax experts work to minimize your tax liabilities while staying compliant with all relevant laws and\n    regulations. We analyze your financial situation to identify opportunities for tax savings and implement strategies\n    to optimize your tax efficiency.</p>\n\n<h3>Estate Planning:</h3>\n<p>Preserving and passing on your wealth efficiently is crucial. Our estate planning services ensure your assets are\n    distributed according to your wishes, minimize estate taxes, and protect your legacy for future generations.</p>\n\n<h3>Risk Management:</h3>\n<p>Life is full of uncertainties, and we help you prepare for unexpected events. We assess your risk exposure and\n    recommend insurance solutions, including life insurance, disability insurance, and long-term care insurance, to\n    safeguard your financial well-being.</p>\n\n<h3>Ongoing Guidance and Support:</h3>\n<p>At Precision Financial Advisors, our commitment to your financial success doesn\'t end with a plan or an investment\n    portfolio. We provide ongoing monitoring, regular reviews, and adjustments as needed to keep your financial strategy\n    on track amidst changing circumstances.</p>\n\n<h3>Your Financial Partner:</h3>\n<p>As your dedicated financial partner, we prioritize transparency, integrity, and a client-centric approach. Our goal\n    is to build a long-term relationship based on trust and confidence, helping you navigate through life\'s financial\n    complexities and achieve your dreams.</p>\n\n<h3>Contact Us:</h3>\n<p>If you\'re ready to take control of your financial future, get in touch with us today. Our team of experienced\n    financial advisors is here to guide you on your journey towards financial prosperity and security.</p>\n\n<img src=\"https://iori.test/storage/general/question2.png\" alt=\"Financial Success\">\n',1,'general/banner-help-center-2.png','[\"general\\/banner-help-center-2.png\"]',260,'published','2024-05-22 23:57:21','2024-05-22 23:57:21'),(3,4,'Precision Financial Advisors','We offer specialized departments for continental transports.','<h3>Description:</h3>\n<p>Precision Financial Advisors is a trusted partner dedicated to optimizing your financial future. Our team of\n    certified financial experts is committed to providing comprehensive and personalized financial planning and\n    investment management services. With years of experience and a deep understanding of the financial landscape, we\n    tailor strategies to align with your unique goals and aspirations.</p>\n\n<img src=\"https://iori.test/storage/general/question1.png\" alt=\"Precision Financial Advisors\">\n\n<h3>Our Approach:</h3>\n<p>At Precision Financial Advisors, we believe that each individual\'s financial journey is unique. That\'s why we take\n    a holistic approach, starting with an in-depth analysis of your current financial situation and understanding your\n    long-term objectives. Our advisors will work closely with you to develop a customized roadmap that encompasses all\n    aspects of wealth management.</p>\n\n<h3>Comprehensive Financial Planning:</h3>\n<p>Our comprehensive financial planning services cover a wide range of areas, including retirement planning, college\n    funding, estate planning, tax strategies, and risk management. We focus on understanding your short-term needs and\n    long-term aspirations to create a roadmap that will guide you through life\'s financial milestones.</p>\n\n<h3>Investment Management:</h3>\n<p>With access to an array of investment options, we design a tailored investment portfolio that aligns with your risk\n    tolerance and financial goals. Our disciplined investment approach combines research, diversification, and ongoing\n    monitoring to optimize your portfolio\'s performance.</p>\n\n<h3>Retirement Planning:</h3>\n<p>We understand the importance of a secure retirement. Our retirement planning services assess your current savings,\n    estimate future retirement expenses, and strategize to build a retirement corpus that can sustain your desired\n    lifestyle.</p>\n\n<h3>Tax Optimization:</h3>\n<p>Our tax experts work to minimize your tax liabilities while staying compliant with all relevant laws and\n    regulations. We analyze your financial situation to identify opportunities for tax savings and implement strategies\n    to optimize your tax efficiency.</p>\n\n<h3>Estate Planning:</h3>\n<p>Preserving and passing on your wealth efficiently is crucial. Our estate planning services ensure your assets are\n    distributed according to your wishes, minimize estate taxes, and protect your legacy for future generations.</p>\n\n<h3>Risk Management:</h3>\n<p>Life is full of uncertainties, and we help you prepare for unexpected events. We assess your risk exposure and\n    recommend insurance solutions, including life insurance, disability insurance, and long-term care insurance, to\n    safeguard your financial well-being.</p>\n\n<h3>Ongoing Guidance and Support:</h3>\n<p>At Precision Financial Advisors, our commitment to your financial success doesn\'t end with a plan or an investment\n    portfolio. We provide ongoing monitoring, regular reviews, and adjustments as needed to keep your financial strategy\n    on track amidst changing circumstances.</p>\n\n<h3>Your Financial Partner:</h3>\n<p>As your dedicated financial partner, we prioritize transparency, integrity, and a client-centric approach. Our goal\n    is to build a long-term relationship based on trust and confidence, helping you navigate through life\'s financial\n    complexities and achieve your dreams.</p>\n\n<h3>Contact Us:</h3>\n<p>If you\'re ready to take control of your financial future, get in touch with us today. Our team of experienced\n    financial advisors is here to guide you on your journey towards financial prosperity and security.</p>\n\n<img src=\"https://iori.test/storage/general/question2.png\" alt=\"Financial Success\">\n',0,'general/box-image-1.png','[\"general\\/box-image-1.png\"]',5786,'published','2024-05-22 23:57:21','2024-05-22 23:57:21'),(4,4,'HealthHub Wellness Programs','We offer specialized departments for continental transports.','<h3>Description:</h3>\n<p>Precision Financial Advisors is a trusted partner dedicated to optimizing your financial future. Our team of\n    certified financial experts is committed to providing comprehensive and personalized financial planning and\n    investment management services. With years of experience and a deep understanding of the financial landscape, we\n    tailor strategies to align with your unique goals and aspirations.</p>\n\n<img src=\"https://iori.test/storage/general/question1.png\" alt=\"Precision Financial Advisors\">\n\n<h3>Our Approach:</h3>\n<p>At Precision Financial Advisors, we believe that each individual\'s financial journey is unique. That\'s why we take\n    a holistic approach, starting with an in-depth analysis of your current financial situation and understanding your\n    long-term objectives. Our advisors will work closely with you to develop a customized roadmap that encompasses all\n    aspects of wealth management.</p>\n\n<h3>Comprehensive Financial Planning:</h3>\n<p>Our comprehensive financial planning services cover a wide range of areas, including retirement planning, college\n    funding, estate planning, tax strategies, and risk management. We focus on understanding your short-term needs and\n    long-term aspirations to create a roadmap that will guide you through life\'s financial milestones.</p>\n\n<h3>Investment Management:</h3>\n<p>With access to an array of investment options, we design a tailored investment portfolio that aligns with your risk\n    tolerance and financial goals. Our disciplined investment approach combines research, diversification, and ongoing\n    monitoring to optimize your portfolio\'s performance.</p>\n\n<h3>Retirement Planning:</h3>\n<p>We understand the importance of a secure retirement. Our retirement planning services assess your current savings,\n    estimate future retirement expenses, and strategize to build a retirement corpus that can sustain your desired\n    lifestyle.</p>\n\n<h3>Tax Optimization:</h3>\n<p>Our tax experts work to minimize your tax liabilities while staying compliant with all relevant laws and\n    regulations. We analyze your financial situation to identify opportunities for tax savings and implement strategies\n    to optimize your tax efficiency.</p>\n\n<h3>Estate Planning:</h3>\n<p>Preserving and passing on your wealth efficiently is crucial. Our estate planning services ensure your assets are\n    distributed according to your wishes, minimize estate taxes, and protect your legacy for future generations.</p>\n\n<h3>Risk Management:</h3>\n<p>Life is full of uncertainties, and we help you prepare for unexpected events. We assess your risk exposure and\n    recommend insurance solutions, including life insurance, disability insurance, and long-term care insurance, to\n    safeguard your financial well-being.</p>\n\n<h3>Ongoing Guidance and Support:</h3>\n<p>At Precision Financial Advisors, our commitment to your financial success doesn\'t end with a plan or an investment\n    portfolio. We provide ongoing monitoring, regular reviews, and adjustments as needed to keep your financial strategy\n    on track amidst changing circumstances.</p>\n\n<h3>Your Financial Partner:</h3>\n<p>As your dedicated financial partner, we prioritize transparency, integrity, and a client-centric approach. Our goal\n    is to build a long-term relationship based on trust and confidence, helping you navigate through life\'s financial\n    complexities and achieve your dreams.</p>\n\n<h3>Contact Us:</h3>\n<p>If you\'re ready to take control of your financial future, get in touch with us today. Our team of experienced\n    financial advisors is here to guide you on your journey towards financial prosperity and security.</p>\n\n<img src=\"https://iori.test/storage/general/question2.png\" alt=\"Financial Success\">\n',1,'general/box-image-2.png','[\"general\\/box-image-2.png\"]',976,'published','2024-05-22 23:57:21','2024-05-22 23:57:21'),(5,1,'SwiftDelivery Logistics','We offer specialized departments for continental transports.','<h3>Description:</h3>\n<p>Precision Financial Advisors is a trusted partner dedicated to optimizing your financial future. Our team of\n    certified financial experts is committed to providing comprehensive and personalized financial planning and\n    investment management services. With years of experience and a deep understanding of the financial landscape, we\n    tailor strategies to align with your unique goals and aspirations.</p>\n\n<img src=\"https://iori.test/storage/general/question1.png\" alt=\"Precision Financial Advisors\">\n\n<h3>Our Approach:</h3>\n<p>At Precision Financial Advisors, we believe that each individual\'s financial journey is unique. That\'s why we take\n    a holistic approach, starting with an in-depth analysis of your current financial situation and understanding your\n    long-term objectives. Our advisors will work closely with you to develop a customized roadmap that encompasses all\n    aspects of wealth management.</p>\n\n<h3>Comprehensive Financial Planning:</h3>\n<p>Our comprehensive financial planning services cover a wide range of areas, including retirement planning, college\n    funding, estate planning, tax strategies, and risk management. We focus on understanding your short-term needs and\n    long-term aspirations to create a roadmap that will guide you through life\'s financial milestones.</p>\n\n<h3>Investment Management:</h3>\n<p>With access to an array of investment options, we design a tailored investment portfolio that aligns with your risk\n    tolerance and financial goals. Our disciplined investment approach combines research, diversification, and ongoing\n    monitoring to optimize your portfolio\'s performance.</p>\n\n<h3>Retirement Planning:</h3>\n<p>We understand the importance of a secure retirement. Our retirement planning services assess your current savings,\n    estimate future retirement expenses, and strategize to build a retirement corpus that can sustain your desired\n    lifestyle.</p>\n\n<h3>Tax Optimization:</h3>\n<p>Our tax experts work to minimize your tax liabilities while staying compliant with all relevant laws and\n    regulations. We analyze your financial situation to identify opportunities for tax savings and implement strategies\n    to optimize your tax efficiency.</p>\n\n<h3>Estate Planning:</h3>\n<p>Preserving and passing on your wealth efficiently is crucial. Our estate planning services ensure your assets are\n    distributed according to your wishes, minimize estate taxes, and protect your legacy for future generations.</p>\n\n<h3>Risk Management:</h3>\n<p>Life is full of uncertainties, and we help you prepare for unexpected events. We assess your risk exposure and\n    recommend insurance solutions, including life insurance, disability insurance, and long-term care insurance, to\n    safeguard your financial well-being.</p>\n\n<h3>Ongoing Guidance and Support:</h3>\n<p>At Precision Financial Advisors, our commitment to your financial success doesn\'t end with a plan or an investment\n    portfolio. We provide ongoing monitoring, regular reviews, and adjustments as needed to keep your financial strategy\n    on track amidst changing circumstances.</p>\n\n<h3>Your Financial Partner:</h3>\n<p>As your dedicated financial partner, we prioritize transparency, integrity, and a client-centric approach. Our goal\n    is to build a long-term relationship based on trust and confidence, helping you navigate through life\'s financial\n    complexities and achieve your dreams.</p>\n\n<h3>Contact Us:</h3>\n<p>If you\'re ready to take control of your financial future, get in touch with us today. Our team of experienced\n    financial advisors is here to guide you on your journey towards financial prosperity and security.</p>\n\n<img src=\"https://iori.test/storage/general/question2.png\" alt=\"Financial Success\">\n',1,'general/branding-img-1.png','[\"general\\/branding-img-1.png\"]',4425,'published','2024-05-22 23:57:21','2024-05-22 23:57:21'),(6,2,'In-house Logistics Services','We offer specialized departments for continental transports.','<h3>Description:</h3>\n<p>Precision Financial Advisors is a trusted partner dedicated to optimizing your financial future. Our team of\n    certified financial experts is committed to providing comprehensive and personalized financial planning and\n    investment management services. With years of experience and a deep understanding of the financial landscape, we\n    tailor strategies to align with your unique goals and aspirations.</p>\n\n<img src=\"https://iori.test/storage/general/question1.png\" alt=\"Precision Financial Advisors\">\n\n<h3>Our Approach:</h3>\n<p>At Precision Financial Advisors, we believe that each individual\'s financial journey is unique. That\'s why we take\n    a holistic approach, starting with an in-depth analysis of your current financial situation and understanding your\n    long-term objectives. Our advisors will work closely with you to develop a customized roadmap that encompasses all\n    aspects of wealth management.</p>\n\n<h3>Comprehensive Financial Planning:</h3>\n<p>Our comprehensive financial planning services cover a wide range of areas, including retirement planning, college\n    funding, estate planning, tax strategies, and risk management. We focus on understanding your short-term needs and\n    long-term aspirations to create a roadmap that will guide you through life\'s financial milestones.</p>\n\n<h3>Investment Management:</h3>\n<p>With access to an array of investment options, we design a tailored investment portfolio that aligns with your risk\n    tolerance and financial goals. Our disciplined investment approach combines research, diversification, and ongoing\n    monitoring to optimize your portfolio\'s performance.</p>\n\n<h3>Retirement Planning:</h3>\n<p>We understand the importance of a secure retirement. Our retirement planning services assess your current savings,\n    estimate future retirement expenses, and strategize to build a retirement corpus that can sustain your desired\n    lifestyle.</p>\n\n<h3>Tax Optimization:</h3>\n<p>Our tax experts work to minimize your tax liabilities while staying compliant with all relevant laws and\n    regulations. We analyze your financial situation to identify opportunities for tax savings and implement strategies\n    to optimize your tax efficiency.</p>\n\n<h3>Estate Planning:</h3>\n<p>Preserving and passing on your wealth efficiently is crucial. Our estate planning services ensure your assets are\n    distributed according to your wishes, minimize estate taxes, and protect your legacy for future generations.</p>\n\n<h3>Risk Management:</h3>\n<p>Life is full of uncertainties, and we help you prepare for unexpected events. We assess your risk exposure and\n    recommend insurance solutions, including life insurance, disability insurance, and long-term care insurance, to\n    safeguard your financial well-being.</p>\n\n<h3>Ongoing Guidance and Support:</h3>\n<p>At Precision Financial Advisors, our commitment to your financial success doesn\'t end with a plan or an investment\n    portfolio. We provide ongoing monitoring, regular reviews, and adjustments as needed to keep your financial strategy\n    on track amidst changing circumstances.</p>\n\n<h3>Your Financial Partner:</h3>\n<p>As your dedicated financial partner, we prioritize transparency, integrity, and a client-centric approach. Our goal\n    is to build a long-term relationship based on trust and confidence, helping you navigate through life\'s financial\n    complexities and achieve your dreams.</p>\n\n<h3>Contact Us:</h3>\n<p>If you\'re ready to take control of your financial future, get in touch with us today. Our team of experienced\n    financial advisors is here to guide you on your journey towards financial prosperity and security.</p>\n\n<img src=\"https://iori.test/storage/general/question2.png\" alt=\"Financial Success\">\n',0,'general/connect-with-us-1.png','[\"general\\/connect-with-us-1.png\"]',6277,'published','2024-05-22 23:57:21','2024-05-22 23:57:21');

--
-- Table structure for table `bs_services_translations`
--

CREATE TABLE `bs_services_translations` (
  `lang_code` varchar(191) COLLATE utf8mb4_unicode_ci NOT NULL,
  `bs_services_id` bigint unsigned NOT NULL,
  `name` varchar(255) COLLATE utf8mb4_unicode_ci DEFAULT NULL,
  `description` varchar(400) COLLATE utf8mb4_unicode_ci DEFAULT NULL,
  `content` text COLLATE utf8mb4_unicode_ci,
  PRIMARY KEY (`lang_code`,`bs_services_id`)
) ENGINE=InnoDB DEFAULT CHARSET=utf8mb4 COLLATE=utf8mb4_unicode_ci;

--
-- Dumping data for table `bs_services_translations`
--


--
-- Table structure for table `careers`
--

CREATE TABLE `careers` (
  `id` bigint unsigned NOT NULL AUTO_INCREMENT,
  `name` varchar(120) COLLATE utf8mb4_unicode_ci NOT NULL,
  `location` varchar(255) COLLATE utf8mb4_unicode_ci NOT NULL,
  `salary` varchar(255) COLLATE utf8mb4_unicode_ci NOT NULL,
  `description` varchar(400) COLLATE utf8mb4_unicode_ci DEFAULT NULL,
  `content` text COLLATE utf8mb4_unicode_ci,
  `status` varchar(60) COLLATE utf8mb4_unicode_ci NOT NULL DEFAULT 'published',
  `created_at` timestamp NULL DEFAULT NULL,
  `updated_at` timestamp NULL DEFAULT NULL,
  PRIMARY KEY (`id`)
) ENGINE=InnoDB AUTO_INCREMENT=7 DEFAULT CHARSET=utf8mb4 COLLATE=utf8mb4_unicode_ci;

--
-- Dumping data for table `careers`
--

INSERT INTO `careers` VALUES (1,'Senior Full Stack Engineer, Creator Success Full Time','McCluremouth, Seychelles','$5,217.00','Constantly changing work patterns and norms, and the need for organizational resiliency','<h4 class=\"color-brand-1\">Responsibilities</h4>\n<p>Product knowledge: Deeply understand the technology and features of the product area to which you are assigned.</p>\n<p>Research: Provide human and business impact and insights for products.</p>\n<p>Deliverables: Create deliverables for your product area (for example competitive analyses, user flows, low fidelity wireframes, high fidelity mockups, prototypes, etc.) that solve real user problems through the user experience.</p>\n<p>Communication: Communicate the results of UX activities within your product area to the design team department, cross-functional partners within your product area, and other interested Superformula team members using clear language that simplifies complexity.</p>\n<h4 class=\"color-brand-1\">Requirements</h4>\n<ul>\n    <li>A portfolio demonstrating well thought through and polished end to end customer journeys</li>\n    <li>5+ years of industry experience in interactive design and / or visual design</li>\n    <li>Excellent interpersonal skills </li>\n    <li>Aware of trends in mobile, communications, and collaboration</li>\n    <li>Ability to create highly polished design prototypes, mockups, and other communication artifacts</li>\n    <li>The ability to scope and estimate efforts accurately and prioritize tasks and goals independently</li>\n    <li>History of impacting shipping products with your work</li>\n    <li>A Bachelor’s Degree in Design (or related field) or equivalent professional experience</li>\n    <li>Proficiency in a variety of design tools such as Figma, Photoshop, Illustrator, and Sketch</li>\n</ul>\n<h4 class=\"color-brand-1\">What\'s on Offer </h4>\n<ul>\n    <li>Annual bonus and holidays, social welfare, and health checks.</li>\n    <li>Training and attachment in Taiwan and other Greater China branches.</li>\n</ul>\n','published','2024-05-22 23:57:21','2024-05-22 23:57:21'),(2,'Data Science Specialist, Analytics Division','North Lincolnfort, Angola','$9,360.00','Excepteur sint occaecat cupidatat non proident, sunt in culpa qui officia deserunt mollit laborum — semper quis lectus nulla','<h4 class=\"color-brand-1\">Responsibilities</h4>\n<p>Product knowledge: Deeply understand the technology and features of the product area to which you are assigned.</p>\n<p>Research: Provide human and business impact and insights for products.</p>\n<p>Deliverables: Create deliverables for your product area (for example competitive analyses, user flows, low fidelity wireframes, high fidelity mockups, prototypes, etc.) that solve real user problems through the user experience.</p>\n<p>Communication: Communicate the results of UX activities within your product area to the design team department, cross-functional partners within your product area, and other interested Superformula team members using clear language that simplifies complexity.</p>\n<h4 class=\"color-brand-1\">Requirements</h4>\n<ul>\n    <li>A portfolio demonstrating well thought through and polished end to end customer journeys</li>\n    <li>5+ years of industry experience in interactive design and / or visual design</li>\n    <li>Excellent interpersonal skills </li>\n    <li>Aware of trends in mobile, communications, and collaboration</li>\n    <li>Ability to create highly polished design prototypes, mockups, and other communication artifacts</li>\n    <li>The ability to scope and estimate efforts accurately and prioritize tasks and goals independently</li>\n    <li>History of impacting shipping products with your work</li>\n    <li>A Bachelor’s Degree in Design (or related field) or equivalent professional experience</li>\n    <li>Proficiency in a variety of design tools such as Figma, Photoshop, Illustrator, and Sketch</li>\n</ul>\n<h4 class=\"color-brand-1\">What\'s on Offer </h4>\n<ul>\n    <li>Annual bonus and holidays, social welfare, and health checks.</li>\n    <li>Training and attachment in Taiwan and other Greater China branches.</li>\n</ul>\n','published','2024-05-22 23:57:21','2024-05-22 23:57:21'),(3,'Product Marketing Manager, Growth Team','Kirlinview, San Marino','$5,166.00','Crafting compelling marketing strategies to drive user acquisition and retention','<h4 class=\"color-brand-1\">Responsibilities</h4>\n<p>Product knowledge: Deeply understand the technology and features of the product area to which you are assigned.</p>\n<p>Research: Provide human and business impact and insights for products.</p>\n<p>Deliverables: Create deliverables for your product area (for example competitive analyses, user flows, low fidelity wireframes, high fidelity mockups, prototypes, etc.) that solve real user problems through the user experience.</p>\n<p>Communication: Communicate the results of UX activities within your product area to the design team department, cross-functional partners within your product area, and other interested Superformula team members using clear language that simplifies complexity.</p>\n<h4 class=\"color-brand-1\">Requirements</h4>\n<ul>\n    <li>A portfolio demonstrating well thought through and polished end to end customer journeys</li>\n    <li>5+ years of industry experience in interactive design and / or visual design</li>\n    <li>Excellent interpersonal skills </li>\n    <li>Aware of trends in mobile, communications, and collaboration</li>\n    <li>Ability to create highly polished design prototypes, mockups, and other communication artifacts</li>\n    <li>The ability to scope and estimate efforts accurately and prioritize tasks and goals independently</li>\n    <li>History of impacting shipping products with your work</li>\n    <li>A Bachelor’s Degree in Design (or related field) or equivalent professional experience</li>\n    <li>Proficiency in a variety of design tools such as Figma, Photoshop, Illustrator, and Sketch</li>\n</ul>\n<h4 class=\"color-brand-1\">What\'s on Offer </h4>\n<ul>\n    <li>Annual bonus and holidays, social welfare, and health checks.</li>\n    <li>Training and attachment in Taiwan and other Greater China branches.</li>\n</ul>\n','published','2024-05-22 23:57:21','2024-05-22 23:57:21'),(4,'UX/UI Designer, User Experience Team','Boyerfurt, Comoros','$9,544.00','Ut enim ad minim veniam, quis nostrud exercitation ullamco laboris nisi ut aliquip ex ea commodo consequat.','<h4 class=\"color-brand-1\">Responsibilities</h4>\n<p>Product knowledge: Deeply understand the technology and features of the product area to which you are assigned.</p>\n<p>Research: Provide human and business impact and insights for products.</p>\n<p>Deliverables: Create deliverables for your product area (for example competitive analyses, user flows, low fidelity wireframes, high fidelity mockups, prototypes, etc.) that solve real user problems through the user experience.</p>\n<p>Communication: Communicate the results of UX activities within your product area to the design team department, cross-functional partners within your product area, and other interested Superformula team members using clear language that simplifies complexity.</p>\n<h4 class=\"color-brand-1\">Requirements</h4>\n<ul>\n    <li>A portfolio demonstrating well thought through and polished end to end customer journeys</li>\n    <li>5+ years of industry experience in interactive design and / or visual design</li>\n    <li>Excellent interpersonal skills </li>\n    <li>Aware of trends in mobile, communications, and collaboration</li>\n    <li>Ability to create highly polished design prototypes, mockups, and other communication artifacts</li>\n    <li>The ability to scope and estimate efforts accurately and prioritize tasks and goals independently</li>\n    <li>History of impacting shipping products with your work</li>\n    <li>A Bachelor’s Degree in Design (or related field) or equivalent professional experience</li>\n    <li>Proficiency in a variety of design tools such as Figma, Photoshop, Illustrator, and Sketch</li>\n</ul>\n<h4 class=\"color-brand-1\">What\'s on Offer </h4>\n<ul>\n    <li>Annual bonus and holidays, social welfare, and health checks.</li>\n    <li>Training and attachment in Taiwan and other Greater China branches.</li>\n</ul>\n','published','2024-05-22 23:57:21','2024-05-22 23:57:21'),(5,'Operations Manager, Supply Chain Division','West Halburgh, Sweden','$3,458.00','Ensuring smooth and efficient supply chain operations for timely product delivery','<h4 class=\"color-brand-1\">Responsibilities</h4>\n<p>Product knowledge: Deeply understand the technology and features of the product area to which you are assigned.</p>\n<p>Research: Provide human and business impact and insights for products.</p>\n<p>Deliverables: Create deliverables for your product area (for example competitive analyses, user flows, low fidelity wireframes, high fidelity mockups, prototypes, etc.) that solve real user problems through the user experience.</p>\n<p>Communication: Communicate the results of UX activities within your product area to the design team department, cross-functional partners within your product area, and other interested Superformula team members using clear language that simplifies complexity.</p>\n<h4 class=\"color-brand-1\">Requirements</h4>\n<ul>\n    <li>A portfolio demonstrating well thought through and polished end to end customer journeys</li>\n    <li>5+ years of industry experience in interactive design and / or visual design</li>\n    <li>Excellent interpersonal skills </li>\n    <li>Aware of trends in mobile, communications, and collaboration</li>\n    <li>Ability to create highly polished design prototypes, mockups, and other communication artifacts</li>\n    <li>The ability to scope and estimate efforts accurately and prioritize tasks and goals independently</li>\n    <li>History of impacting shipping products with your work</li>\n    <li>A Bachelor’s Degree in Design (or related field) or equivalent professional experience</li>\n    <li>Proficiency in a variety of design tools such as Figma, Photoshop, Illustrator, and Sketch</li>\n</ul>\n<h4 class=\"color-brand-1\">What\'s on Offer </h4>\n<ul>\n    <li>Annual bonus and holidays, social welfare, and health checks.</li>\n    <li>Training and attachment in Taiwan and other Greater China branches.</li>\n</ul>\n','published','2024-05-22 23:57:21','2024-05-22 23:57:21'),(6,'Financial Analyst, Investment Group','Port Melyssaland, Luxembourg','$3,920.00','Analyzing market trends and investment opportunities for optimal financial outcomes','<h4 class=\"color-brand-1\">Responsibilities</h4>\n<p>Product knowledge: Deeply understand the technology and features of the product area to which you are assigned.</p>\n<p>Research: Provide human and business impact and insights for products.</p>\n<p>Deliverables: Create deliverables for your product area (for example competitive analyses, user flows, low fidelity wireframes, high fidelity mockups, prototypes, etc.) that solve real user problems through the user experience.</p>\n<p>Communication: Communicate the results of UX activities within your product area to the design team department, cross-functional partners within your product area, and other interested Superformula team members using clear language that simplifies complexity.</p>\n<h4 class=\"color-brand-1\">Requirements</h4>\n<ul>\n    <li>A portfolio demonstrating well thought through and polished end to end customer journeys</li>\n    <li>5+ years of industry experience in interactive design and / or visual design</li>\n    <li>Excellent interpersonal skills </li>\n    <li>Aware of trends in mobile, communications, and collaboration</li>\n    <li>Ability to create highly polished design prototypes, mockups, and other communication artifacts</li>\n    <li>The ability to scope and estimate efforts accurately and prioritize tasks and goals independently</li>\n    <li>History of impacting shipping products with your work</li>\n    <li>A Bachelor’s Degree in Design (or related field) or equivalent professional experience</li>\n    <li>Proficiency in a variety of design tools such as Figma, Photoshop, Illustrator, and Sketch</li>\n</ul>\n<h4 class=\"color-brand-1\">What\'s on Offer </h4>\n<ul>\n    <li>Annual bonus and holidays, social welfare, and health checks.</li>\n    <li>Training and attachment in Taiwan and other Greater China branches.</li>\n</ul>\n','published','2024-05-22 23:57:21','2024-05-22 23:57:21');

--
-- Table structure for table `careers_translations`
--

CREATE TABLE `careers_translations` (
  `lang_code` varchar(191) COLLATE utf8mb4_unicode_ci NOT NULL,
  `careers_id` bigint unsigned NOT NULL,
  `name` varchar(255) COLLATE utf8mb4_unicode_ci DEFAULT NULL,
  `location` varchar(255) COLLATE utf8mb4_unicode_ci DEFAULT NULL,
  `salary` varchar(255) COLLATE utf8mb4_unicode_ci DEFAULT NULL,
  `description` longtext COLLATE utf8mb4_unicode_ci,
  `content` longtext COLLATE utf8mb4_unicode_ci,
  PRIMARY KEY (`lang_code`,`careers_id`)
) ENGINE=InnoDB DEFAULT CHARSET=utf8mb4 COLLATE=utf8mb4_unicode_ci;

--
-- Dumping data for table `careers_translations`
--


--
-- Table structure for table `categories`
--

CREATE TABLE `categories` (
  `id` bigint unsigned NOT NULL AUTO_INCREMENT,
  `name` varchar(120) COLLATE utf8mb4_unicode_ci NOT NULL,
  `parent_id` bigint unsigned NOT NULL DEFAULT '0',
  `description` varchar(400) COLLATE utf8mb4_unicode_ci DEFAULT NULL,
  `status` varchar(60) COLLATE utf8mb4_unicode_ci NOT NULL DEFAULT 'published',
  `author_id` bigint unsigned DEFAULT NULL,
  `author_type` varchar(191) COLLATE utf8mb4_unicode_ci NOT NULL DEFAULT 'Botble\\ACL\\Models\\User',
  `icon` varchar(60) COLLATE utf8mb4_unicode_ci DEFAULT NULL,
  `order` tinyint NOT NULL DEFAULT '0',
  `is_featured` tinyint NOT NULL DEFAULT '0',
  `is_default` tinyint unsigned NOT NULL DEFAULT '0',
  `created_at` timestamp NULL DEFAULT NULL,
  `updated_at` timestamp NULL DEFAULT NULL,
  PRIMARY KEY (`id`),
  KEY `categories_parent_id_index` (`parent_id`),
  KEY `categories_status_index` (`status`),
  KEY `categories_created_at_index` (`created_at`)
) ENGINE=InnoDB AUTO_INCREMENT=8 DEFAULT CHARSET=utf8mb4 COLLATE=utf8mb4_unicode_ci;

--
-- Dumping data for table `categories`
--

INSERT INTO `categories` VALUES (1,'Design',0,'Et similique occaecati assumenda. Quia voluptates accusamus sequi. Ratione facere totam hic at facilis. Temporibus ad repellat enim porro.','published',NULL,'Botble\\ACL\\Models\\User',NULL,0,0,1,'2024-05-22 23:57:20','2024-05-22 23:57:20'),(2,'Lifestyle',0,'Quisquam eum sed deserunt et sunt voluptatibus vitae harum. Molestiae molestias dolor eveniet et perspiciatis expedita. Recusandae adipisci dolorem ipsa nemo nisi voluptatum.','published',NULL,'Botble\\ACL\\Models\\User',NULL,0,1,0,'2024-05-22 23:57:20','2024-05-22 23:57:20'),(3,'Travel Tips',2,'Id non enim ea et ut omnis minima ex. Ducimus quis porro non corporis quasi. Aliquid et et aspernatur deleniti sunt quis laudantium. Eum accusamus voluptatum rem vel minus consequatur distinctio.','published',NULL,'Botble\\ACL\\Models\\User',NULL,0,0,0,'2024-05-22 23:57:20','2024-05-22 23:57:20'),(4,'Healthy',0,'Quo mollitia accusamus et totam consequuntur assumenda. Eligendi eos accusantium nobis tenetur. Consequatur quaerat non enim quia et repellat voluptatem. Quaerat non odio et at velit veniam est.','published',NULL,'Botble\\ACL\\Models\\User',NULL,0,1,0,'2024-05-22 23:57:20','2024-05-22 23:57:20'),(5,'Travel Tips',4,'Quidem nulla quia consequuntur sint. Magnam consequatur illum cum tempore consequatur. Delectus similique nobis labore neque.','published',NULL,'Botble\\ACL\\Models\\User',NULL,0,0,0,'2024-05-22 23:57:20','2024-05-22 23:57:20'),(6,'Hotel',0,'Fugiat est nemo quam pariatur. Sint eos nemo sapiente iste ex. Nihil temporibus quibusdam vero ut nostrum ut dolor.','published',NULL,'Botble\\ACL\\Models\\User',NULL,0,1,0,'2024-05-22 23:57:20','2024-05-22 23:57:20'),(7,'Nature',6,'Ipsam et et optio et. Consequatur qui porro veniam ut nobis ut reiciendis. In exercitationem qui quibusdam. Expedita et aliquam non molestiae ut ipsa. Voluptatem ut voluptatibus vel voluptas itaque.','published',NULL,'Botble\\ACL\\Models\\User',NULL,0,0,0,'2024-05-22 23:57:20','2024-05-22 23:57:20');

--
-- Table structure for table `categories_translations`
--

CREATE TABLE `categories_translations` (
  `lang_code` varchar(20) COLLATE utf8mb4_unicode_ci NOT NULL,
  `categories_id` bigint unsigned NOT NULL,
  `name` varchar(191) COLLATE utf8mb4_unicode_ci DEFAULT NULL,
  `description` varchar(400) COLLATE utf8mb4_unicode_ci DEFAULT NULL,
  PRIMARY KEY (`lang_code`,`categories_id`)
) ENGINE=InnoDB DEFAULT CHARSET=utf8mb4 COLLATE=utf8mb4_unicode_ci;

--
-- Dumping data for table `categories_translations`
--


--
-- Table structure for table `cities`
--

CREATE TABLE `cities` (
  `id` bigint unsigned NOT NULL AUTO_INCREMENT,
  `name` varchar(120) COLLATE utf8mb4_unicode_ci NOT NULL,
  `slug` varchar(120) COLLATE utf8mb4_unicode_ci DEFAULT NULL,
  `state_id` bigint unsigned DEFAULT NULL,
  `country_id` bigint unsigned DEFAULT NULL,
  `record_id` varchar(40) COLLATE utf8mb4_unicode_ci DEFAULT NULL,
  `order` tinyint NOT NULL DEFAULT '0',
  `image` varchar(191) COLLATE utf8mb4_unicode_ci DEFAULT NULL,
  `is_default` tinyint unsigned NOT NULL DEFAULT '0',
  `status` varchar(60) COLLATE utf8mb4_unicode_ci NOT NULL DEFAULT 'published',
  `created_at` timestamp NULL DEFAULT NULL,
  `updated_at` timestamp NULL DEFAULT NULL,
  PRIMARY KEY (`id`),
  UNIQUE KEY `cities_slug_unique` (`slug`)
) ENGINE=InnoDB DEFAULT CHARSET=utf8mb4 COLLATE=utf8mb4_unicode_ci;

--
-- Dumping data for table `cities`
--


--
-- Table structure for table `cities_translations`
--

CREATE TABLE `cities_translations` (
  `lang_code` varchar(20) COLLATE utf8mb4_unicode_ci NOT NULL,
  `cities_id` bigint unsigned NOT NULL,
  `name` varchar(120) COLLATE utf8mb4_unicode_ci DEFAULT NULL,
  `slug` varchar(120) COLLATE utf8mb4_unicode_ci DEFAULT NULL,
  PRIMARY KEY (`lang_code`,`cities_id`)
) ENGINE=InnoDB DEFAULT CHARSET=utf8mb4 COLLATE=utf8mb4_unicode_ci;

--
-- Dumping data for table `cities_translations`
--


--
-- Table structure for table `contact_custom_field_options`
--

CREATE TABLE `contact_custom_field_options` (
  `id` bigint unsigned NOT NULL AUTO_INCREMENT,
  `custom_field_id` bigint unsigned NOT NULL,
  `label` varchar(191) COLLATE utf8mb4_unicode_ci DEFAULT NULL,
  `value` varchar(191) COLLATE utf8mb4_unicode_ci NOT NULL,
  `order` int NOT NULL DEFAULT '999',
  `created_at` timestamp NULL DEFAULT NULL,
  `updated_at` timestamp NULL DEFAULT NULL,
  PRIMARY KEY (`id`)
) ENGINE=InnoDB DEFAULT CHARSET=utf8mb4 COLLATE=utf8mb4_unicode_ci;

--
-- Dumping data for table `contact_custom_field_options`
--


--
-- Table structure for table `contact_custom_field_options_translations`
--

CREATE TABLE `contact_custom_field_options_translations` (
  `contact_custom_field_options_id` bigint unsigned NOT NULL,
  `lang_code` varchar(191) COLLATE utf8mb4_unicode_ci NOT NULL,
  `label` varchar(191) COLLATE utf8mb4_unicode_ci DEFAULT NULL,
  `value` varchar(191) COLLATE utf8mb4_unicode_ci DEFAULT NULL,
  PRIMARY KEY (`lang_code`,`contact_custom_field_options_id`)
) ENGINE=InnoDB DEFAULT CHARSET=utf8mb4 COLLATE=utf8mb4_unicode_ci;

--
-- Dumping data for table `contact_custom_field_options_translations`
--


--
-- Table structure for table `contact_custom_fields`
--

CREATE TABLE `contact_custom_fields` (
  `id` bigint unsigned NOT NULL AUTO_INCREMENT,
  `type` varchar(191) COLLATE utf8mb4_unicode_ci NOT NULL,
  `required` tinyint(1) NOT NULL DEFAULT '0',
  `name` varchar(191) COLLATE utf8mb4_unicode_ci NOT NULL,
  `placeholder` varchar(191) COLLATE utf8mb4_unicode_ci DEFAULT NULL,
  `order` int NOT NULL DEFAULT '999',
  `status` varchar(191) COLLATE utf8mb4_unicode_ci NOT NULL DEFAULT 'published',
  `created_at` timestamp NULL DEFAULT NULL,
  `updated_at` timestamp NULL DEFAULT NULL,
  PRIMARY KEY (`id`)
) ENGINE=InnoDB DEFAULT CHARSET=utf8mb4 COLLATE=utf8mb4_unicode_ci;

--
-- Dumping data for table `contact_custom_fields`
--


--
-- Table structure for table `contact_custom_fields_translations`
--

CREATE TABLE `contact_custom_fields_translations` (
  `contact_custom_fields_id` bigint unsigned NOT NULL,
  `lang_code` varchar(191) COLLATE utf8mb4_unicode_ci NOT NULL,
  `name` varchar(191) COLLATE utf8mb4_unicode_ci DEFAULT NULL,
  `placeholder` varchar(191) COLLATE utf8mb4_unicode_ci DEFAULT NULL,
  PRIMARY KEY (`lang_code`,`contact_custom_fields_id`)
) ENGINE=InnoDB DEFAULT CHARSET=utf8mb4 COLLATE=utf8mb4_unicode_ci;

--
-- Dumping data for table `contact_custom_fields_translations`
--


--
-- Table structure for table `contact_replies`
--

CREATE TABLE `contact_replies` (
  `id` bigint unsigned NOT NULL AUTO_INCREMENT,
  `message` longtext COLLATE utf8mb4_unicode_ci NOT NULL,
  `contact_id` bigint unsigned NOT NULL,
  `created_at` timestamp NULL DEFAULT NULL,
  `updated_at` timestamp NULL DEFAULT NULL,
  PRIMARY KEY (`id`)
) ENGINE=InnoDB DEFAULT CHARSET=utf8mb4 COLLATE=utf8mb4_unicode_ci;

--
-- Dumping data for table `contact_replies`
--


--
-- Table structure for table `contacts`
--

CREATE TABLE `contacts` (
  `id` bigint unsigned NOT NULL AUTO_INCREMENT,
  `name` varchar(60) COLLATE utf8mb4_unicode_ci NOT NULL,
  `email` varchar(60) COLLATE utf8mb4_unicode_ci DEFAULT NULL,
  `phone` varchar(60) COLLATE utf8mb4_unicode_ci DEFAULT NULL,
  `address` varchar(120) COLLATE utf8mb4_unicode_ci DEFAULT NULL,
  `subject` varchar(120) COLLATE utf8mb4_unicode_ci DEFAULT NULL,
  `content` longtext COLLATE utf8mb4_unicode_ci NOT NULL,
  `custom_fields` text COLLATE utf8mb4_unicode_ci,
  `status` varchar(60) COLLATE utf8mb4_unicode_ci NOT NULL DEFAULT 'unread',
  `created_at` timestamp NULL DEFAULT NULL,
  `updated_at` timestamp NULL DEFAULT NULL,
  PRIMARY KEY (`id`)
) ENGINE=InnoDB DEFAULT CHARSET=utf8mb4 COLLATE=utf8mb4_unicode_ci;

--
-- Dumping data for table `contacts`
--


--
-- Table structure for table `countries`
--

CREATE TABLE `countries` (
  `id` bigint unsigned NOT NULL AUTO_INCREMENT,
  `name` varchar(120) COLLATE utf8mb4_unicode_ci NOT NULL,
  `nationality` varchar(120) COLLATE utf8mb4_unicode_ci DEFAULT NULL,
  `order` tinyint NOT NULL DEFAULT '0',
  `is_default` tinyint unsigned NOT NULL DEFAULT '0',
  `status` varchar(60) COLLATE utf8mb4_unicode_ci NOT NULL DEFAULT 'published',
  `created_at` timestamp NULL DEFAULT NULL,
  `updated_at` timestamp NULL DEFAULT NULL,
  `code` varchar(10) COLLATE utf8mb4_unicode_ci DEFAULT NULL,
  PRIMARY KEY (`id`)
) ENGINE=InnoDB DEFAULT CHARSET=utf8mb4 COLLATE=utf8mb4_unicode_ci;

--
-- Dumping data for table `countries`
--


--
-- Table structure for table `countries_translations`
--

CREATE TABLE `countries_translations` (
  `lang_code` varchar(20) COLLATE utf8mb4_unicode_ci NOT NULL,
  `countries_id` bigint unsigned NOT NULL,
  `name` varchar(120) COLLATE utf8mb4_unicode_ci DEFAULT NULL,
  `nationality` varchar(120) COLLATE utf8mb4_unicode_ci DEFAULT NULL,
  PRIMARY KEY (`lang_code`,`countries_id`)
) ENGINE=InnoDB DEFAULT CHARSET=utf8mb4 COLLATE=utf8mb4_unicode_ci;

--
-- Dumping data for table `countries_translations`
--


--
-- Table structure for table `dashboard_widget_settings`
--

CREATE TABLE `dashboard_widget_settings` (
  `id` bigint unsigned NOT NULL AUTO_INCREMENT,
  `settings` text COLLATE utf8mb4_unicode_ci,
  `user_id` bigint unsigned NOT NULL,
  `widget_id` bigint unsigned NOT NULL,
  `order` tinyint unsigned NOT NULL DEFAULT '0',
  `status` tinyint unsigned NOT NULL DEFAULT '1',
  `created_at` timestamp NULL DEFAULT NULL,
  `updated_at` timestamp NULL DEFAULT NULL,
  PRIMARY KEY (`id`),
  KEY `dashboard_widget_settings_user_id_index` (`user_id`),
  KEY `dashboard_widget_settings_widget_id_index` (`widget_id`)
) ENGINE=InnoDB DEFAULT CHARSET=utf8mb4 COLLATE=utf8mb4_unicode_ci;

--
-- Dumping data for table `dashboard_widget_settings`
--


--
-- Table structure for table `dashboard_widgets`
--

CREATE TABLE `dashboard_widgets` (
  `id` bigint unsigned NOT NULL AUTO_INCREMENT,
  `name` varchar(120) COLLATE utf8mb4_unicode_ci NOT NULL,
  `created_at` timestamp NULL DEFAULT NULL,
  `updated_at` timestamp NULL DEFAULT NULL,
  PRIMARY KEY (`id`)
) ENGINE=InnoDB DEFAULT CHARSET=utf8mb4 COLLATE=utf8mb4_unicode_ci;

--
-- Dumping data for table `dashboard_widgets`
--


--
-- Table structure for table `ec_brands`
--

CREATE TABLE `ec_brands` (
  `id` bigint unsigned NOT NULL AUTO_INCREMENT,
  `name` varchar(191) COLLATE utf8mb4_unicode_ci NOT NULL,
  `description` mediumtext COLLATE utf8mb4_unicode_ci,
  `website` varchar(191) COLLATE utf8mb4_unicode_ci DEFAULT NULL,
  `logo` varchar(191) COLLATE utf8mb4_unicode_ci DEFAULT NULL,
  `status` varchar(60) COLLATE utf8mb4_unicode_ci NOT NULL DEFAULT 'published',
  `order` tinyint unsigned NOT NULL DEFAULT '0',
  `is_featured` tinyint unsigned NOT NULL DEFAULT '0',
  `created_at` timestamp NULL DEFAULT NULL,
  `updated_at` timestamp NULL DEFAULT NULL,
  PRIMARY KEY (`id`)
) ENGINE=InnoDB AUTO_INCREMENT=5 DEFAULT CHARSET=utf8mb4 COLLATE=utf8mb4_unicode_ci;

--
-- Dumping data for table `ec_brands`
--

INSERT INTO `ec_brands` VALUES (1,'FoodPound','New Snacks Release',NULL,'brands/1.png','published',0,1,'2024-05-22 23:57:00','2024-05-22 23:57:00'),(2,'iTea JSC','Happy Tea 100% Organic. From $29.9',NULL,'brands/2.png','published',1,1,'2024-05-22 23:57:00','2024-05-22 23:57:00'),(3,'Soda Brand','Soda is a brand that lets your inner-dive out through creative makeup and cool makeup tips! Whichever product you choose, you will see that it is a perfect ...',NULL,'brands/3.png','published',2,1,'2024-05-22 23:57:00','2024-05-22 23:57:00'),(4,'Farmart','Fresh Meat Sausage. BUY 2 GET 1!',NULL,'brands/4.png','published',3,1,'2024-05-22 23:57:00','2024-05-22 23:57:00');

--
-- Table structure for table `ec_brands_translations`
--

CREATE TABLE `ec_brands_translations` (
  `lang_code` varchar(191) COLLATE utf8mb4_unicode_ci NOT NULL,
  `ec_brands_id` bigint unsigned NOT NULL,
  `name` varchar(191) COLLATE utf8mb4_unicode_ci DEFAULT NULL,
  `description` mediumtext COLLATE utf8mb4_unicode_ci,
  PRIMARY KEY (`lang_code`,`ec_brands_id`)
) ENGINE=InnoDB DEFAULT CHARSET=utf8mb4 COLLATE=utf8mb4_unicode_ci;

--
-- Dumping data for table `ec_brands_translations`
--


--
-- Table structure for table `ec_cart`
--

CREATE TABLE `ec_cart` (
  `identifier` varchar(60) COLLATE utf8mb4_unicode_ci NOT NULL,
  `instance` varchar(60) COLLATE utf8mb4_unicode_ci NOT NULL,
  `content` longtext COLLATE utf8mb4_unicode_ci NOT NULL,
  `created_at` timestamp NULL DEFAULT NULL,
  `updated_at` timestamp NULL DEFAULT NULL,
  PRIMARY KEY (`identifier`,`instance`)
) ENGINE=InnoDB DEFAULT CHARSET=utf8mb4 COLLATE=utf8mb4_unicode_ci;

--
-- Dumping data for table `ec_cart`
--


--
-- Table structure for table `ec_currencies`
--

CREATE TABLE `ec_currencies` (
  `id` bigint unsigned NOT NULL AUTO_INCREMENT,
  `title` varchar(191) COLLATE utf8mb4_unicode_ci NOT NULL,
  `symbol` varchar(10) COLLATE utf8mb4_unicode_ci NOT NULL,
  `is_prefix_symbol` tinyint unsigned NOT NULL DEFAULT '0',
  `decimals` tinyint unsigned DEFAULT '0',
  `order` int unsigned DEFAULT '0',
  `is_default` tinyint NOT NULL DEFAULT '0',
  `exchange_rate` double NOT NULL DEFAULT '1',
  `created_at` timestamp NULL DEFAULT NULL,
  `updated_at` timestamp NULL DEFAULT NULL,
  PRIMARY KEY (`id`)
) ENGINE=InnoDB AUTO_INCREMENT=5 DEFAULT CHARSET=utf8mb4 COLLATE=utf8mb4_unicode_ci;

--
-- Dumping data for table `ec_currencies`
--

INSERT INTO `ec_currencies` VALUES (1,'USD','$',1,2,0,1,1,'2024-05-22 23:56:59','2024-05-22 23:56:59'),(2,'EUR','€',0,2,1,0,0.84,'2024-05-22 23:56:59','2024-05-22 23:56:59'),(3,'VND','₫',0,0,2,0,23203,'2024-05-22 23:56:59','2024-05-22 23:56:59'),(4,'NGN','₦',1,2,2,0,895.52,'2024-05-22 23:56:59','2024-05-22 23:56:59');

--
-- Table structure for table `ec_customer_addresses`
--

CREATE TABLE `ec_customer_addresses` (
  `id` bigint unsigned NOT NULL AUTO_INCREMENT,
  `name` varchar(191) COLLATE utf8mb4_unicode_ci NOT NULL,
  `email` varchar(60) COLLATE utf8mb4_unicode_ci DEFAULT NULL,
  `phone` varchar(20) COLLATE utf8mb4_unicode_ci DEFAULT NULL,
  `country` varchar(120) COLLATE utf8mb4_unicode_ci DEFAULT NULL,
  `state` varchar(120) COLLATE utf8mb4_unicode_ci DEFAULT NULL,
  `city` varchar(120) COLLATE utf8mb4_unicode_ci DEFAULT NULL,
  `address` varchar(191) COLLATE utf8mb4_unicode_ci DEFAULT NULL,
  `customer_id` bigint unsigned NOT NULL,
  `is_default` tinyint unsigned NOT NULL DEFAULT '0',
  `created_at` timestamp NULL DEFAULT NULL,
  `updated_at` timestamp NULL DEFAULT NULL,
  `zip_code` varchar(20) COLLATE utf8mb4_unicode_ci DEFAULT NULL,
  PRIMARY KEY (`id`)
) ENGINE=InnoDB AUTO_INCREMENT=11 DEFAULT CHARSET=utf8mb4 COLLATE=utf8mb4_unicode_ci;

--
-- Dumping data for table `ec_customer_addresses`
--

INSERT INTO `ec_customer_addresses` VALUES (1,'Walker Emmerich','customer@archielite.com','+12406083746','FM','Pennsylvania','North Jenniferport','296 Weissnat Brooks Apt. 620',1,1,'2024-05-22 23:57:23','2024-05-22 23:57:23','67735-8899'),(2,'Walker Emmerich','customer@archielite.com','+14436841125','SB','Georgia','Lake Emmanuel','519 Junius Club',1,0,'2024-05-22 23:57:23','2024-05-22 23:57:23','53934-6498'),(3,'Jaunita Lynch V','mann.clifton@example.org','+12606159088','CN','New Mexico','West Giuseppeville','3274 Dooley Fields',2,1,'2024-05-22 23:57:23','2024-05-22 23:57:23','01137'),(4,'Wilson Gleason','dwest@example.org','+14152279778','KR','Virginia','Schmelerburgh','7095 Mitchell Walk',3,1,'2024-05-22 23:57:24','2024-05-22 23:57:24','50709'),(5,'Juwan Mitchell','lnikolaus@example.org','+13809107071','CU','Maine','North Joaquin','99496 Ike Forest Suite 738',4,1,'2024-05-22 23:57:24','2024-05-22 23:57:24','98040-4897'),(6,'Prof. Mary Eichmann','bashirian.jaylin@example.net','+16602822250','GT','Mississippi','New Lelia','4525 Waters Roads',5,1,'2024-05-22 23:57:24','2024-05-22 23:57:24','62131'),(7,'Miss Cora Rath','mboyer@example.net','+16196016422','DM','Illinois','Amarahaven','486 Nitzsche Squares Apt. 167',6,1,'2024-05-22 23:57:24','2024-05-22 23:57:24','47562-2289'),(8,'Enid Sporer Jr.','natalia.mitchell@example.org','+19525120561','CI','New Mexico','West Jackyton','1321 Adella Trafficway Suite 276',7,1,'2024-05-22 23:57:25','2024-05-22 23:57:25','80771'),(9,'Rebekah Reichel DDS','ogreen@example.com','+12239644404','IO','Tennessee','Paxtonton','3327 Gleichner Estates',8,1,'2024-05-22 23:57:25','2024-05-22 23:57:25','51065'),(10,'Edna Nitzsche','mayert.gilberto@example.org','+16785595582','SM','Montana','New Gloria','576 Effertz Mountain Suite 547',9,1,'2024-05-22 23:57:25','2024-05-22 23:57:25','08759-1447');

--
-- Table structure for table `ec_customer_recently_viewed_products`
--

CREATE TABLE `ec_customer_recently_viewed_products` (
  `id` bigint unsigned NOT NULL AUTO_INCREMENT,
  `customer_id` bigint unsigned NOT NULL,
  `product_id` bigint unsigned NOT NULL,
  PRIMARY KEY (`id`)
) ENGINE=InnoDB DEFAULT CHARSET=utf8mb4 COLLATE=utf8mb4_unicode_ci;

--
-- Dumping data for table `ec_customer_recently_viewed_products`
--


--
-- Table structure for table `ec_customer_used_coupons`
--

CREATE TABLE `ec_customer_used_coupons` (
  `discount_id` bigint unsigned NOT NULL,
  `customer_id` bigint unsigned NOT NULL,
  PRIMARY KEY (`discount_id`,`customer_id`)
) ENGINE=InnoDB DEFAULT CHARSET=utf8mb4 COLLATE=utf8mb4_unicode_ci;

--
-- Dumping data for table `ec_customer_used_coupons`
--


--
-- Table structure for table `ec_discount_customers`
--

CREATE TABLE `ec_discount_customers` (
  `discount_id` bigint unsigned NOT NULL,
  `customer_id` bigint unsigned NOT NULL,
  PRIMARY KEY (`discount_id`,`customer_id`)
) ENGINE=InnoDB DEFAULT CHARSET=utf8mb4 COLLATE=utf8mb4_unicode_ci;

--
-- Dumping data for table `ec_discount_customers`
--


--
-- Table structure for table `ec_discount_product_categories`
--

CREATE TABLE `ec_discount_product_categories` (
  `discount_id` bigint unsigned NOT NULL,
  `product_category_id` bigint unsigned NOT NULL,
  PRIMARY KEY (`discount_id`,`product_category_id`)
) ENGINE=InnoDB DEFAULT CHARSET=utf8mb4 COLLATE=utf8mb4_unicode_ci;

--
-- Dumping data for table `ec_discount_product_categories`
--


--
-- Table structure for table `ec_discount_product_collections`
--

CREATE TABLE `ec_discount_product_collections` (
  `discount_id` bigint unsigned NOT NULL,
  `product_collection_id` bigint unsigned NOT NULL,
  PRIMARY KEY (`discount_id`,`product_collection_id`)
) ENGINE=InnoDB DEFAULT CHARSET=utf8mb4 COLLATE=utf8mb4_unicode_ci;

--
-- Dumping data for table `ec_discount_product_collections`
--


--
-- Table structure for table `ec_discount_products`
--

CREATE TABLE `ec_discount_products` (
  `discount_id` bigint unsigned NOT NULL,
  `product_id` bigint unsigned NOT NULL,
  PRIMARY KEY (`discount_id`,`product_id`)
) ENGINE=InnoDB DEFAULT CHARSET=utf8mb4 COLLATE=utf8mb4_unicode_ci;

--
-- Dumping data for table `ec_discount_products`
--


--
-- Table structure for table `ec_discounts`
--

CREATE TABLE `ec_discounts` (
  `id` bigint unsigned NOT NULL AUTO_INCREMENT,
  `title` varchar(120) COLLATE utf8mb4_unicode_ci DEFAULT NULL,
  `code` varchar(20) COLLATE utf8mb4_unicode_ci DEFAULT NULL,
  `start_date` datetime DEFAULT NULL,
  `end_date` datetime DEFAULT NULL,
  `quantity` int DEFAULT NULL,
  `total_used` int unsigned NOT NULL DEFAULT '0',
  `value` double DEFAULT NULL,
  `type` varchar(60) COLLATE utf8mb4_unicode_ci DEFAULT 'coupon',
  `can_use_with_promotion` tinyint(1) NOT NULL DEFAULT '0',
  `discount_on` varchar(20) COLLATE utf8mb4_unicode_ci DEFAULT NULL,
  `product_quantity` int unsigned DEFAULT NULL,
  `type_option` varchar(100) COLLATE utf8mb4_unicode_ci NOT NULL DEFAULT 'amount',
  `target` varchar(100) COLLATE utf8mb4_unicode_ci NOT NULL DEFAULT 'all-orders',
  `min_order_price` decimal(15,2) DEFAULT NULL,
  `apply_via_url` tinyint(1) NOT NULL DEFAULT '0',
  `display_at_checkout` tinyint(1) NOT NULL DEFAULT '0',
  `created_at` timestamp NULL DEFAULT NULL,
  `updated_at` timestamp NULL DEFAULT NULL,
  `description` varchar(400) COLLATE utf8mb4_unicode_ci DEFAULT NULL,
  PRIMARY KEY (`id`),
  UNIQUE KEY `ec_discounts_code_unique` (`code`)
) ENGINE=InnoDB DEFAULT CHARSET=utf8mb4 COLLATE=utf8mb4_unicode_ci;

--
-- Dumping data for table `ec_discounts`
--


--
-- Table structure for table `ec_flash_sale_products`
--

CREATE TABLE `ec_flash_sale_products` (
  `flash_sale_id` bigint unsigned NOT NULL,
  `product_id` bigint unsigned NOT NULL,
  `price` double unsigned DEFAULT NULL,
  `quantity` int unsigned DEFAULT NULL,
  `sold` int unsigned NOT NULL DEFAULT '0'
) ENGINE=InnoDB DEFAULT CHARSET=utf8mb4 COLLATE=utf8mb4_unicode_ci;

--
-- Dumping data for table `ec_flash_sale_products`
--


--
-- Table structure for table `ec_flash_sales`
--

CREATE TABLE `ec_flash_sales` (
  `id` bigint unsigned NOT NULL AUTO_INCREMENT,
  `name` varchar(191) COLLATE utf8mb4_unicode_ci NOT NULL,
  `end_date` datetime NOT NULL,
  `status` varchar(60) COLLATE utf8mb4_unicode_ci NOT NULL DEFAULT 'published',
  `created_at` timestamp NULL DEFAULT NULL,
  `updated_at` timestamp NULL DEFAULT NULL,
  PRIMARY KEY (`id`)
) ENGINE=InnoDB DEFAULT CHARSET=utf8mb4 COLLATE=utf8mb4_unicode_ci;

--
-- Dumping data for table `ec_flash_sales`
--


--
-- Table structure for table `ec_flash_sales_translations`
--

CREATE TABLE `ec_flash_sales_translations` (
  `lang_code` varchar(191) COLLATE utf8mb4_unicode_ci NOT NULL,
  `ec_flash_sales_id` bigint unsigned NOT NULL,
  `name` varchar(191) COLLATE utf8mb4_unicode_ci DEFAULT NULL,
  PRIMARY KEY (`lang_code`,`ec_flash_sales_id`)
) ENGINE=InnoDB DEFAULT CHARSET=utf8mb4 COLLATE=utf8mb4_unicode_ci;

--
-- Dumping data for table `ec_flash_sales_translations`
--


--
-- Table structure for table `ec_global_option_value`
--

CREATE TABLE `ec_global_option_value` (
  `option_id` bigint unsigned NOT NULL COMMENT 'option id',
  `id` bigint unsigned NOT NULL AUTO_INCREMENT,
  `option_value` tinytext COLLATE utf8mb4_unicode_ci COMMENT 'option value',
  `affect_price` double DEFAULT NULL COMMENT 'value of price of this option affect',
  `order` int NOT NULL DEFAULT '9999',
  `affect_type` tinyint NOT NULL DEFAULT '0' COMMENT '0. fixed 1. percent',
  `created_at` timestamp NULL DEFAULT NULL,
  `updated_at` timestamp NULL DEFAULT NULL,
  PRIMARY KEY (`id`)
) ENGINE=InnoDB DEFAULT CHARSET=utf8mb4 COLLATE=utf8mb4_unicode_ci;

--
-- Dumping data for table `ec_global_option_value`
--


--
-- Table structure for table `ec_global_option_value_translations`
--

CREATE TABLE `ec_global_option_value_translations` (
  `lang_code` varchar(191) COLLATE utf8mb4_unicode_ci NOT NULL,
  `ec_global_option_value_id` bigint unsigned NOT NULL,
  `option_value` varchar(191) COLLATE utf8mb4_unicode_ci DEFAULT NULL,
  PRIMARY KEY (`lang_code`,`ec_global_option_value_id`)
) ENGINE=InnoDB DEFAULT CHARSET=utf8mb4 COLLATE=utf8mb4_unicode_ci;

--
-- Dumping data for table `ec_global_option_value_translations`
--


--
-- Table structure for table `ec_global_options`
--

CREATE TABLE `ec_global_options` (
  `id` bigint unsigned NOT NULL AUTO_INCREMENT,
  `name` varchar(191) COLLATE utf8mb4_unicode_ci NOT NULL COMMENT 'Name of options',
  `option_type` varchar(191) COLLATE utf8mb4_unicode_ci NOT NULL COMMENT 'option type',
  `required` tinyint(1) NOT NULL DEFAULT '0' COMMENT 'Checked if this option is required',
  `created_at` timestamp NULL DEFAULT NULL,
  `updated_at` timestamp NULL DEFAULT NULL,
  PRIMARY KEY (`id`)
) ENGINE=InnoDB DEFAULT CHARSET=utf8mb4 COLLATE=utf8mb4_unicode_ci;

--
-- Dumping data for table `ec_global_options`
--


--
-- Table structure for table `ec_global_options_translations`
--

CREATE TABLE `ec_global_options_translations` (
  `lang_code` varchar(191) COLLATE utf8mb4_unicode_ci NOT NULL,
  `ec_global_options_id` bigint unsigned NOT NULL,
  `name` varchar(191) COLLATE utf8mb4_unicode_ci DEFAULT NULL,
  PRIMARY KEY (`lang_code`,`ec_global_options_id`)
) ENGINE=InnoDB DEFAULT CHARSET=utf8mb4 COLLATE=utf8mb4_unicode_ci;

--
-- Dumping data for table `ec_global_options_translations`
--


--
-- Table structure for table `ec_grouped_products`
--

CREATE TABLE `ec_grouped_products` (
  `id` bigint unsigned NOT NULL AUTO_INCREMENT,
  `parent_product_id` bigint unsigned NOT NULL,
  `product_id` bigint unsigned NOT NULL,
  `fixed_qty` int NOT NULL DEFAULT '1',
  PRIMARY KEY (`id`)
) ENGINE=InnoDB DEFAULT CHARSET=utf8mb4 COLLATE=utf8mb4_unicode_ci;

--
-- Dumping data for table `ec_grouped_products`
--


--
-- Table structure for table `ec_invoice_items`
--

CREATE TABLE `ec_invoice_items` (
  `id` bigint unsigned NOT NULL AUTO_INCREMENT,
  `invoice_id` bigint unsigned NOT NULL,
  `reference_type` varchar(191) COLLATE utf8mb4_unicode_ci NOT NULL,
  `reference_id` bigint unsigned NOT NULL,
  `name` varchar(191) COLLATE utf8mb4_unicode_ci NOT NULL,
  `description` varchar(400) COLLATE utf8mb4_unicode_ci DEFAULT NULL,
  `image` varchar(191) COLLATE utf8mb4_unicode_ci DEFAULT NULL,
  `qty` int unsigned NOT NULL,
  `price` decimal(15,2) NOT NULL DEFAULT '0.00',
  `sub_total` decimal(15,2) unsigned NOT NULL,
  `tax_amount` decimal(15,2) unsigned NOT NULL DEFAULT '0.00',
  `discount_amount` decimal(15,2) unsigned NOT NULL DEFAULT '0.00',
  `amount` decimal(15,2) unsigned NOT NULL,
  `options` text COLLATE utf8mb4_unicode_ci,
  `created_at` timestamp NULL DEFAULT NULL,
  `updated_at` timestamp NULL DEFAULT NULL,
  PRIMARY KEY (`id`),
  KEY `ec_invoice_items_reference_type_reference_id_index` (`reference_type`,`reference_id`)
) ENGINE=InnoDB DEFAULT CHARSET=utf8mb4 COLLATE=utf8mb4_unicode_ci;

--
-- Dumping data for table `ec_invoice_items`
--


--
-- Table structure for table `ec_invoices`
--

CREATE TABLE `ec_invoices` (
  `id` bigint unsigned NOT NULL AUTO_INCREMENT,
  `reference_type` varchar(191) COLLATE utf8mb4_unicode_ci NOT NULL,
  `reference_id` bigint unsigned NOT NULL,
  `code` varchar(191) COLLATE utf8mb4_unicode_ci NOT NULL,
  `customer_name` varchar(191) COLLATE utf8mb4_unicode_ci DEFAULT NULL,
  `company_name` varchar(191) COLLATE utf8mb4_unicode_ci DEFAULT NULL,
  `company_logo` varchar(191) COLLATE utf8mb4_unicode_ci DEFAULT NULL,
  `customer_email` varchar(191) COLLATE utf8mb4_unicode_ci DEFAULT NULL,
  `customer_phone` varchar(191) COLLATE utf8mb4_unicode_ci DEFAULT NULL,
  `customer_address` varchar(191) COLLATE utf8mb4_unicode_ci DEFAULT NULL,
  `customer_tax_id` varchar(191) COLLATE utf8mb4_unicode_ci DEFAULT NULL,
  `sub_total` decimal(15,2) unsigned NOT NULL,
  `tax_amount` decimal(15,2) unsigned NOT NULL DEFAULT '0.00',
  `shipping_amount` decimal(15,2) unsigned NOT NULL DEFAULT '0.00',
  `discount_amount` decimal(15,2) unsigned NOT NULL DEFAULT '0.00',
  `shipping_option` varchar(60) COLLATE utf8mb4_unicode_ci DEFAULT NULL,
  `shipping_method` varchar(60) COLLATE utf8mb4_unicode_ci NOT NULL DEFAULT 'default',
  `coupon_code` varchar(120) COLLATE utf8mb4_unicode_ci DEFAULT NULL,
  `discount_description` varchar(191) COLLATE utf8mb4_unicode_ci DEFAULT NULL,
  `amount` decimal(15,2) unsigned NOT NULL,
  `description` text COLLATE utf8mb4_unicode_ci,
  `payment_id` bigint unsigned DEFAULT NULL,
  `status` varchar(191) COLLATE utf8mb4_unicode_ci NOT NULL DEFAULT 'pending',
  `paid_at` timestamp NULL DEFAULT NULL,
  `created_at` timestamp NULL DEFAULT NULL,
  `updated_at` timestamp NULL DEFAULT NULL,
  PRIMARY KEY (`id`),
  UNIQUE KEY `ec_invoices_code_unique` (`code`),
  KEY `ec_invoices_reference_type_reference_id_index` (`reference_type`,`reference_id`),
  KEY `ec_invoices_payment_id_index` (`payment_id`),
  KEY `ec_invoices_status_index` (`status`)
) ENGINE=InnoDB DEFAULT CHARSET=utf8mb4 COLLATE=utf8mb4_unicode_ci;

--
-- Dumping data for table `ec_invoices`
--


--
-- Table structure for table `ec_option_value`
--

CREATE TABLE `ec_option_value` (
  `option_id` bigint unsigned NOT NULL COMMENT 'option id',
  `id` bigint unsigned NOT NULL AUTO_INCREMENT,
  `option_value` tinytext COLLATE utf8mb4_unicode_ci COMMENT 'option value',
  `affect_price` double DEFAULT NULL COMMENT 'value of price of this option affect',
  `order` int NOT NULL DEFAULT '9999',
  `affect_type` tinyint NOT NULL DEFAULT '0' COMMENT '0. fixed 1. percent',
  `created_at` timestamp NULL DEFAULT NULL,
  `updated_at` timestamp NULL DEFAULT NULL,
  PRIMARY KEY (`id`)
) ENGINE=InnoDB DEFAULT CHARSET=utf8mb4 COLLATE=utf8mb4_unicode_ci;

--
-- Dumping data for table `ec_option_value`
--


--
-- Table structure for table `ec_option_value_translations`
--

CREATE TABLE `ec_option_value_translations` (
  `lang_code` varchar(191) COLLATE utf8mb4_unicode_ci NOT NULL,
  `ec_option_value_id` bigint unsigned NOT NULL,
  `option_value` varchar(191) COLLATE utf8mb4_unicode_ci DEFAULT NULL,
  PRIMARY KEY (`lang_code`,`ec_option_value_id`)
) ENGINE=InnoDB DEFAULT CHARSET=utf8mb4 COLLATE=utf8mb4_unicode_ci;

--
-- Dumping data for table `ec_option_value_translations`
--


--
-- Table structure for table `ec_options`
--

CREATE TABLE `ec_options` (
  `id` bigint unsigned NOT NULL AUTO_INCREMENT,
  `name` varchar(191) COLLATE utf8mb4_unicode_ci NOT NULL COMMENT 'Name of options',
  `option_type` varchar(191) COLLATE utf8mb4_unicode_ci DEFAULT NULL COMMENT 'option type',
  `product_id` bigint unsigned NOT NULL DEFAULT '0',
  `order` int NOT NULL DEFAULT '9999',
  `required` tinyint(1) NOT NULL DEFAULT '0' COMMENT 'Checked if this option is required',
  `created_at` timestamp NULL DEFAULT NULL,
  `updated_at` timestamp NULL DEFAULT NULL,
  PRIMARY KEY (`id`)
) ENGINE=InnoDB DEFAULT CHARSET=utf8mb4 COLLATE=utf8mb4_unicode_ci;

--
-- Dumping data for table `ec_options`
--


--
-- Table structure for table `ec_options_translations`
--

CREATE TABLE `ec_options_translations` (
  `lang_code` varchar(191) COLLATE utf8mb4_unicode_ci NOT NULL,
  `ec_options_id` bigint unsigned NOT NULL,
  `name` varchar(191) COLLATE utf8mb4_unicode_ci DEFAULT NULL,
  PRIMARY KEY (`lang_code`,`ec_options_id`)
) ENGINE=InnoDB DEFAULT CHARSET=utf8mb4 COLLATE=utf8mb4_unicode_ci;

--
-- Dumping data for table `ec_options_translations`
--


--
-- Table structure for table `ec_order_addresses`
--

CREATE TABLE `ec_order_addresses` (
  `id` bigint unsigned NOT NULL AUTO_INCREMENT,
  `name` varchar(191) COLLATE utf8mb4_unicode_ci NOT NULL,
  `phone` varchar(20) COLLATE utf8mb4_unicode_ci DEFAULT NULL,
  `email` varchar(191) COLLATE utf8mb4_unicode_ci DEFAULT NULL,
  `country` varchar(120) COLLATE utf8mb4_unicode_ci DEFAULT NULL,
  `state` varchar(120) COLLATE utf8mb4_unicode_ci DEFAULT NULL,
  `city` varchar(120) COLLATE utf8mb4_unicode_ci DEFAULT NULL,
  `address` varchar(191) COLLATE utf8mb4_unicode_ci DEFAULT NULL,
  `order_id` bigint unsigned NOT NULL,
  `zip_code` varchar(20) COLLATE utf8mb4_unicode_ci DEFAULT NULL,
  `type` varchar(60) COLLATE utf8mb4_unicode_ci NOT NULL DEFAULT 'shipping_address',
  PRIMARY KEY (`id`)
) ENGINE=InnoDB DEFAULT CHARSET=utf8mb4 COLLATE=utf8mb4_unicode_ci;

--
-- Dumping data for table `ec_order_addresses`
--


--
-- Table structure for table `ec_order_histories`
--

CREATE TABLE `ec_order_histories` (
  `id` bigint unsigned NOT NULL AUTO_INCREMENT,
  `action` varchar(120) COLLATE utf8mb4_unicode_ci NOT NULL,
  `description` varchar(400) COLLATE utf8mb4_unicode_ci DEFAULT NULL,
  `user_id` bigint unsigned DEFAULT NULL,
  `order_id` bigint unsigned NOT NULL,
  `extras` text COLLATE utf8mb4_unicode_ci,
  `created_at` timestamp NULL DEFAULT NULL,
  `updated_at` timestamp NULL DEFAULT NULL,
  PRIMARY KEY (`id`)
) ENGINE=InnoDB DEFAULT CHARSET=utf8mb4 COLLATE=utf8mb4_unicode_ci;

--
-- Dumping data for table `ec_order_histories`
--


--
-- Table structure for table `ec_order_product`
--

CREATE TABLE `ec_order_product` (
  `id` bigint unsigned NOT NULL AUTO_INCREMENT,
  `order_id` bigint unsigned NOT NULL,
  `qty` int NOT NULL,
  `price` decimal(15,2) NOT NULL,
  `tax_amount` decimal(15,2) NOT NULL,
  `options` text COLLATE utf8mb4_unicode_ci,
  `product_options` text COLLATE utf8mb4_unicode_ci COMMENT 'product option data',
  `product_id` bigint unsigned DEFAULT NULL,
  `product_name` varchar(191) COLLATE utf8mb4_unicode_ci NOT NULL,
  `product_image` varchar(191) COLLATE utf8mb4_unicode_ci DEFAULT NULL,
  `weight` double(8,2) DEFAULT '0.00',
  `restock_quantity` int unsigned DEFAULT '0',
  `created_at` timestamp NULL DEFAULT NULL,
  `updated_at` timestamp NULL DEFAULT NULL,
  `product_type` varchar(60) COLLATE utf8mb4_unicode_ci NOT NULL DEFAULT 'physical',
  `times_downloaded` int NOT NULL DEFAULT '0',
  `license_code` char(36) COLLATE utf8mb4_unicode_ci DEFAULT NULL,
  PRIMARY KEY (`id`)
) ENGINE=InnoDB DEFAULT CHARSET=utf8mb4 COLLATE=utf8mb4_unicode_ci;

--
-- Dumping data for table `ec_order_product`
--


--
-- Table structure for table `ec_order_referrals`
--

CREATE TABLE `ec_order_referrals` (
  `id` bigint unsigned NOT NULL AUTO_INCREMENT,
  `ip` varchar(39) COLLATE utf8mb4_unicode_ci DEFAULT NULL,
  `landing_domain` varchar(191) COLLATE utf8mb4_unicode_ci DEFAULT NULL,
  `landing_page` varchar(191) COLLATE utf8mb4_unicode_ci DEFAULT NULL,
  `landing_params` varchar(191) COLLATE utf8mb4_unicode_ci DEFAULT NULL,
  `referral` varchar(191) COLLATE utf8mb4_unicode_ci DEFAULT NULL,
  `gclid` varchar(191) COLLATE utf8mb4_unicode_ci DEFAULT NULL,
  `fclid` varchar(191) COLLATE utf8mb4_unicode_ci DEFAULT NULL,
  `utm_source` varchar(191) COLLATE utf8mb4_unicode_ci DEFAULT NULL,
  `utm_campaign` varchar(191) COLLATE utf8mb4_unicode_ci DEFAULT NULL,
  `utm_medium` varchar(191) COLLATE utf8mb4_unicode_ci DEFAULT NULL,
  `utm_term` varchar(191) COLLATE utf8mb4_unicode_ci DEFAULT NULL,
  `utm_content` varchar(191) COLLATE utf8mb4_unicode_ci DEFAULT NULL,
  `referrer_url` text COLLATE utf8mb4_unicode_ci,
  `referrer_domain` varchar(191) COLLATE utf8mb4_unicode_ci DEFAULT NULL,
  `order_id` bigint unsigned DEFAULT NULL,
  `created_at` timestamp NULL DEFAULT NULL,
  `updated_at` timestamp NULL DEFAULT NULL,
  PRIMARY KEY (`id`),
  KEY `ec_order_referrals_order_id_index` (`order_id`)
) ENGINE=InnoDB DEFAULT CHARSET=utf8mb4 COLLATE=utf8mb4_unicode_ci;

--
-- Dumping data for table `ec_order_referrals`
--


--
-- Table structure for table `ec_order_return_histories`
--

CREATE TABLE `ec_order_return_histories` (
  `id` bigint unsigned NOT NULL AUTO_INCREMENT,
  `user_id` bigint unsigned DEFAULT NULL,
  `order_return_id` bigint unsigned NOT NULL,
  `action` varchar(191) COLLATE utf8mb4_unicode_ci NOT NULL,
  `description` varchar(400) COLLATE utf8mb4_unicode_ci DEFAULT NULL,
  `reason` varchar(191) COLLATE utf8mb4_unicode_ci DEFAULT NULL,
  `created_at` timestamp NULL DEFAULT NULL,
  `updated_at` timestamp NULL DEFAULT NULL,
  PRIMARY KEY (`id`)
) ENGINE=InnoDB DEFAULT CHARSET=utf8mb4 COLLATE=utf8mb4_unicode_ci;

--
-- Dumping data for table `ec_order_return_histories`
--


--
-- Table structure for table `ec_order_return_items`
--

CREATE TABLE `ec_order_return_items` (
  `id` bigint unsigned NOT NULL AUTO_INCREMENT,
  `order_return_id` bigint unsigned NOT NULL COMMENT 'Order return id',
  `order_product_id` bigint unsigned NOT NULL COMMENT 'Order product id',
  `product_id` bigint unsigned NOT NULL COMMENT 'Product id',
  `product_name` varchar(191) COLLATE utf8mb4_unicode_ci NOT NULL,
  `product_image` varchar(191) COLLATE utf8mb4_unicode_ci DEFAULT NULL,
  `qty` int NOT NULL COMMENT 'Quantity return',
  `price` decimal(15,2) NOT NULL COMMENT 'Price Product',
  `reason` text COLLATE utf8mb4_unicode_ci,
  `created_at` timestamp NULL DEFAULT NULL,
  `updated_at` timestamp NULL DEFAULT NULL,
  `refund_amount` decimal(12,2) DEFAULT '0.00',
  PRIMARY KEY (`id`)
) ENGINE=InnoDB DEFAULT CHARSET=utf8mb4 COLLATE=utf8mb4_unicode_ci;

--
-- Dumping data for table `ec_order_return_items`
--


--
-- Table structure for table `ec_order_returns`
--

CREATE TABLE `ec_order_returns` (
  `id` bigint unsigned NOT NULL AUTO_INCREMENT,
  `code` varchar(191) COLLATE utf8mb4_unicode_ci DEFAULT NULL,
  `order_id` bigint unsigned NOT NULL COMMENT 'Order ID',
  `store_id` bigint unsigned DEFAULT NULL COMMENT 'Store ID',
  `user_id` bigint unsigned NOT NULL COMMENT 'Customer ID',
  `reason` text COLLATE utf8mb4_unicode_ci COMMENT 'Reason return order',
  `order_status` varchar(191) COLLATE utf8mb4_unicode_ci DEFAULT NULL COMMENT 'Order current status',
  `return_status` varchar(191) COLLATE utf8mb4_unicode_ci NOT NULL COMMENT 'Return status',
  `created_at` timestamp NULL DEFAULT NULL,
  `updated_at` timestamp NULL DEFAULT NULL,
  PRIMARY KEY (`id`),
  UNIQUE KEY `ec_order_returns_code_unique` (`code`)
) ENGINE=InnoDB DEFAULT CHARSET=utf8mb4 COLLATE=utf8mb4_unicode_ci;

--
-- Dumping data for table `ec_order_returns`
--


--
-- Table structure for table `ec_order_tax_information`
--

CREATE TABLE `ec_order_tax_information` (
  `id` bigint unsigned NOT NULL AUTO_INCREMENT,
  `order_id` bigint unsigned NOT NULL,
  `company_name` varchar(120) COLLATE utf8mb4_unicode_ci NOT NULL,
  `company_address` varchar(191) COLLATE utf8mb4_unicode_ci NOT NULL,
  `company_tax_code` varchar(20) COLLATE utf8mb4_unicode_ci NOT NULL,
  `company_email` varchar(60) COLLATE utf8mb4_unicode_ci NOT NULL,
  `created_at` timestamp NULL DEFAULT NULL,
  `updated_at` timestamp NULL DEFAULT NULL,
  PRIMARY KEY (`id`),
  KEY `ec_order_tax_information_order_id_index` (`order_id`)
) ENGINE=InnoDB DEFAULT CHARSET=utf8mb4 COLLATE=utf8mb4_unicode_ci;

--
-- Dumping data for table `ec_order_tax_information`
--


--
-- Table structure for table `ec_product_attribute_sets`
--

CREATE TABLE `ec_product_attribute_sets` (
  `id` bigint unsigned NOT NULL AUTO_INCREMENT,
  `title` varchar(120) COLLATE utf8mb4_unicode_ci NOT NULL,
  `slug` varchar(120) COLLATE utf8mb4_unicode_ci DEFAULT NULL,
  `display_layout` varchar(191) COLLATE utf8mb4_unicode_ci NOT NULL DEFAULT 'swatch_dropdown',
  `is_searchable` tinyint unsigned NOT NULL DEFAULT '1',
  `is_comparable` tinyint unsigned NOT NULL DEFAULT '1',
  `is_use_in_product_listing` tinyint unsigned NOT NULL DEFAULT '0',
  `status` varchar(60) COLLATE utf8mb4_unicode_ci NOT NULL DEFAULT 'published',
  `order` tinyint unsigned NOT NULL DEFAULT '0',
  `created_at` timestamp NULL DEFAULT NULL,
  `updated_at` timestamp NULL DEFAULT NULL,
  `use_image_from_product_variation` tinyint unsigned NOT NULL DEFAULT '0',
  PRIMARY KEY (`id`)
) ENGINE=InnoDB AUTO_INCREMENT=5 DEFAULT CHARSET=utf8mb4 COLLATE=utf8mb4_unicode_ci;

--
-- Dumping data for table `ec_product_attribute_sets`
--

INSERT INTO `ec_product_attribute_sets` VALUES (1,'Color','color','visual',1,1,1,'published',0,'2024-05-22 23:57:18','2024-05-22 23:57:18',0),(2,'Size','size','text',1,1,1,'published',1,'2024-05-22 23:57:18','2024-05-22 23:57:18',0),(3,'Weight','weight','text',1,1,1,'published',0,'2024-05-22 23:57:18','2024-05-22 23:57:18',0),(4,'Boxes','boxes','text',1,1,1,'published',1,'2024-05-22 23:57:18','2024-05-22 23:57:18',0);

--
-- Table structure for table `ec_product_attribute_sets_translations`
--

CREATE TABLE `ec_product_attribute_sets_translations` (
  `lang_code` varchar(191) COLLATE utf8mb4_unicode_ci NOT NULL,
  `ec_product_attribute_sets_id` bigint unsigned NOT NULL,
  `title` varchar(191) COLLATE utf8mb4_unicode_ci DEFAULT NULL,
  PRIMARY KEY (`lang_code`,`ec_product_attribute_sets_id`)
) ENGINE=InnoDB DEFAULT CHARSET=utf8mb4 COLLATE=utf8mb4_unicode_ci;

--
-- Dumping data for table `ec_product_attribute_sets_translations`
--


--
-- Table structure for table `ec_product_attributes`
--

CREATE TABLE `ec_product_attributes` (
  `id` bigint unsigned NOT NULL AUTO_INCREMENT,
  `attribute_set_id` bigint unsigned NOT NULL,
  `title` varchar(120) COLLATE utf8mb4_unicode_ci NOT NULL,
  `slug` varchar(120) COLLATE utf8mb4_unicode_ci DEFAULT NULL,
  `color` varchar(50) COLLATE utf8mb4_unicode_ci DEFAULT NULL,
  `image` varchar(191) COLLATE utf8mb4_unicode_ci DEFAULT NULL,
  `is_default` tinyint unsigned NOT NULL DEFAULT '0',
  `order` tinyint unsigned NOT NULL DEFAULT '0',
  `created_at` timestamp NULL DEFAULT NULL,
  `updated_at` timestamp NULL DEFAULT NULL,
  PRIMARY KEY (`id`),
  KEY `attribute_set_status_index` (`attribute_set_id`)
) ENGINE=InnoDB AUTO_INCREMENT=21 DEFAULT CHARSET=utf8mb4 COLLATE=utf8mb4_unicode_ci;

--
-- Dumping data for table `ec_product_attributes`
--

INSERT INTO `ec_product_attributes` VALUES (1,1,'Green','green','#5FB7D4',NULL,1,1,'2024-05-22 23:57:18','2024-05-22 23:57:18'),(2,1,'Blue','blue','#333333',NULL,0,2,'2024-05-22 23:57:18','2024-05-22 23:57:18'),(3,1,'Red','red','#DA323F',NULL,0,3,'2024-05-22 23:57:18','2024-05-22 23:57:18'),(4,1,'Black','black','#2F366C',NULL,0,4,'2024-05-22 23:57:18','2024-05-22 23:57:18'),(5,1,'Brown','brown','#87554B',NULL,0,5,'2024-05-22 23:57:18','2024-05-22 23:57:18'),(6,2,'S','s',NULL,NULL,1,1,'2024-05-22 23:57:18','2024-05-22 23:57:18'),(7,2,'M','m',NULL,NULL,0,2,'2024-05-22 23:57:18','2024-05-22 23:57:18'),(8,2,'L','l',NULL,NULL,0,3,'2024-05-22 23:57:18','2024-05-22 23:57:18'),(9,2,'XL','xl',NULL,NULL,0,4,'2024-05-22 23:57:18','2024-05-22 23:57:18'),(10,2,'XXL','xxl',NULL,NULL,0,5,'2024-05-22 23:57:18','2024-05-22 23:57:18'),(11,3,'1KG','1kg',NULL,NULL,1,1,'2024-05-22 23:57:18','2024-05-22 23:57:18'),(12,3,'2KG','2kg',NULL,NULL,0,2,'2024-05-22 23:57:18','2024-05-22 23:57:18'),(13,3,'3KG','3kg',NULL,NULL,0,3,'2024-05-22 23:57:18','2024-05-22 23:57:18'),(14,3,'4KG','4kg',NULL,NULL,0,4,'2024-05-22 23:57:19','2024-05-22 23:57:19'),(15,3,'5KG','5kg',NULL,NULL,0,5,'2024-05-22 23:57:19','2024-05-22 23:57:19'),(16,4,'1 Box','1-box',NULL,NULL,1,1,'2024-05-22 23:57:19','2024-05-22 23:57:19'),(17,4,'2 Boxes','2-boxes',NULL,NULL,0,2,'2024-05-22 23:57:19','2024-05-22 23:57:19'),(18,4,'3 Boxes','3-boxes',NULL,NULL,0,3,'2024-05-22 23:57:19','2024-05-22 23:57:19'),(19,4,'4 Boxes','4-boxes',NULL,NULL,0,4,'2024-05-22 23:57:19','2024-05-22 23:57:19'),(20,4,'5 Boxes','5-boxes',NULL,NULL,0,5,'2024-05-22 23:57:19','2024-05-22 23:57:19');

--
-- Table structure for table `ec_product_attributes_translations`
--

CREATE TABLE `ec_product_attributes_translations` (
  `lang_code` varchar(191) COLLATE utf8mb4_unicode_ci NOT NULL,
  `ec_product_attributes_id` bigint unsigned NOT NULL,
  `title` varchar(191) COLLATE utf8mb4_unicode_ci DEFAULT NULL,
  PRIMARY KEY (`lang_code`,`ec_product_attributes_id`)
) ENGINE=InnoDB DEFAULT CHARSET=utf8mb4 COLLATE=utf8mb4_unicode_ci;

--
-- Dumping data for table `ec_product_attributes_translations`
--


--
-- Table structure for table `ec_product_categories`
--

CREATE TABLE `ec_product_categories` (
  `id` bigint unsigned NOT NULL AUTO_INCREMENT,
  `name` varchar(191) COLLATE utf8mb4_unicode_ci NOT NULL,
  `parent_id` bigint unsigned NOT NULL DEFAULT '0',
  `description` mediumtext COLLATE utf8mb4_unicode_ci,
  `status` varchar(60) COLLATE utf8mb4_unicode_ci NOT NULL DEFAULT 'published',
  `order` int unsigned NOT NULL DEFAULT '0',
  `image` varchar(191) COLLATE utf8mb4_unicode_ci DEFAULT NULL,
  `is_featured` tinyint unsigned NOT NULL DEFAULT '0',
  `created_at` timestamp NULL DEFAULT NULL,
  `updated_at` timestamp NULL DEFAULT NULL,
  `icon` varchar(191) COLLATE utf8mb4_unicode_ci DEFAULT NULL,
  `icon_image` varchar(191) COLLATE utf8mb4_unicode_ci DEFAULT NULL,
  PRIMARY KEY (`id`),
  KEY `ec_product_categories_parent_id_status_created_at_index` (`parent_id`,`status`,`created_at`),
  KEY `ec_product_categories_parent_id_status_index` (`parent_id`,`status`)
) ENGINE=InnoDB AUTO_INCREMENT=13 DEFAULT CHARSET=utf8mb4 COLLATE=utf8mb4_unicode_ci;

--
-- Dumping data for table `ec_product_categories`
--

INSERT INTO `ec_product_categories` VALUES (1,'Desktop PC',0,'From year to year we strive to invent the most innovative technology that is used by both small enterprises and space enterprises.','published',1,'product-categories/1.png',1,'2024-05-22 23:56:59','2024-05-22 23:56:59',NULL,NULL),(2,'Headphone',0,'From year to year we strive to invent the most innovative technology that is used by both small enterprises and space enterprises.','published',2,'product-categories/2.png',1,'2024-05-22 23:56:59','2024-05-22 23:56:59',NULL,NULL),(3,'Laptop',0,'From year to year we strive to invent the most innovative technology that is used by both small enterprises and space enterprises.','published',3,'product-categories/3.png',1,'2024-05-22 23:56:59','2024-05-22 23:56:59',NULL,NULL),(4,'Mobile Phone',0,'From year to year we strive to invent the most innovative technology that is used by both small enterprises and space enterprises.','published',4,'product-categories/4.png',1,'2024-05-22 23:56:59','2024-05-22 23:56:59',NULL,NULL),(5,'Printer',0,'From year to year we strive to invent the most innovative technology that is used by both small enterprises and space enterprises.','published',5,'product-categories/5.png',1,'2024-05-22 23:56:59','2024-05-22 23:56:59',NULL,NULL),(6,'Books',0,'From year to year we strive to invent the most innovative technology that is used by both small enterprises and space enterprises.','published',6,'product-categories/6.png',1,'2024-05-22 23:56:59','2024-05-22 23:56:59',NULL,NULL),(7,'Tablet',0,'From year to year we strive to invent the most innovative technology that is used by both small enterprises and space enterprises.','published',7,'product-categories/7.png',1,'2024-05-22 23:56:59','2024-05-22 23:56:59',NULL,NULL),(8,'USB Flash',0,'From year to year we strive to invent the most innovative technology that is used by both small enterprises and space enterprises.','published',8,'product-categories/8.png',1,'2024-05-22 23:56:59','2024-05-22 23:56:59',NULL,NULL),(9,'Game Mouse',0,'From year to year we strive to invent the most innovative technology that is used by both small enterprises and space enterprises.','published',9,'product-categories/9.png',1,'2024-05-22 23:56:59','2024-05-22 23:56:59',NULL,NULL),(10,'Security',0,'From year to year we strive to invent the most innovative technology that is used by both small enterprises and space enterprises.','published',10,'product-categories/10.png',1,'2024-05-22 23:56:59','2024-05-22 23:56:59',NULL,NULL),(11,'Watch',0,'From year to year we strive to invent the most innovative technology that is used by both small enterprises and space enterprises.','published',11,'product-categories/11.png',1,'2024-05-22 23:56:59','2024-05-22 23:56:59',NULL,NULL),(12,'Scanner',0,'From year to year we strive to invent the most innovative technology that is used by both small enterprises and space enterprises.','published',12,'product-categories/12.png',1,'2024-05-22 23:56:59','2024-05-22 23:56:59',NULL,NULL);

--
-- Table structure for table `ec_product_categories_translations`
--

CREATE TABLE `ec_product_categories_translations` (
  `lang_code` varchar(191) COLLATE utf8mb4_unicode_ci NOT NULL,
  `ec_product_categories_id` bigint unsigned NOT NULL,
  `name` varchar(191) COLLATE utf8mb4_unicode_ci DEFAULT NULL,
  `description` mediumtext COLLATE utf8mb4_unicode_ci,
  PRIMARY KEY (`lang_code`,`ec_product_categories_id`)
) ENGINE=InnoDB DEFAULT CHARSET=utf8mb4 COLLATE=utf8mb4_unicode_ci;

--
-- Dumping data for table `ec_product_categories_translations`
--


--
-- Table structure for table `ec_product_categorizables`
--

CREATE TABLE `ec_product_categorizables` (
  `category_id` bigint unsigned NOT NULL,
  `reference_id` bigint unsigned NOT NULL,
  `reference_type` varchar(120) COLLATE utf8mb4_unicode_ci NOT NULL,
  PRIMARY KEY (`category_id`,`reference_id`,`reference_type`),
  KEY `ec_product_categorizables_category_id_index` (`category_id`),
  KEY `ec_product_categorizables_reference_id_index` (`reference_id`),
  KEY `ec_product_categorizables_reference_type_index` (`reference_type`)
) ENGINE=InnoDB DEFAULT CHARSET=utf8mb4 COLLATE=utf8mb4_unicode_ci;

--
-- Dumping data for table `ec_product_categorizables`
--


--
-- Table structure for table `ec_product_category_product`
--

CREATE TABLE `ec_product_category_product` (
  `category_id` bigint unsigned NOT NULL,
  `product_id` bigint unsigned NOT NULL,
  PRIMARY KEY (`product_id`,`category_id`),
  KEY `ec_product_category_product_category_id_index` (`category_id`),
  KEY `ec_product_category_product_product_id_index` (`product_id`)
) ENGINE=InnoDB DEFAULT CHARSET=utf8mb4 COLLATE=utf8mb4_unicode_ci;

--
-- Dumping data for table `ec_product_category_product`
--

INSERT INTO `ec_product_category_product` VALUES (1,8),(1,14),(1,16),(1,41),(1,46),(1,61),(2,26),(2,32),(2,43),(2,50),(3,27),(3,30),(3,37),(3,42),(3,56),(4,3),(4,5),(4,10),(4,15),(4,29),(4,36),(4,53),(4,63),(4,64),(4,65),(5,4),(5,7),(5,10),(5,56),(5,58),(6,4),(6,7),(6,9),(6,25),(6,30),(6,33),(6,42),(7,15),(7,17),(7,18),(7,23),(7,31),(7,37),(7,48),(7,50),(7,58),(8,4),(8,22),(9,19),(9,20),(9,33),(9,36),(9,37),(9,49),(10,2),(10,3),(10,12),(10,19),(10,21),(10,27),(10,35),(10,61),(11,23),(11,28),(11,57),(11,60),(12,5),(12,25),(12,33),(12,41),(12,55),(13,6),(13,38),(13,44),(13,45),(13,47),(13,52),(14,9),(14,18),(14,24),(14,45),(14,54),(15,2),(15,13),(15,42),(15,56),(15,58),(15,65),(16,25),(16,34),(16,37),(16,39),(16,45),(16,48),(16,60),(16,64),(17,9),(17,11),(17,16),(17,24),(17,31),(17,46),(17,47),(17,54),(17,62),(18,1),(18,22),(18,25),(18,32),(18,52),(18,55),(19,5),(19,6),(19,18),(19,36),(19,44),(19,53),(20,1),(20,8),(20,11),(20,23),(20,29),(20,30),(20,48),(20,49),(20,52),(20,63),(21,5),(21,12),(21,17),(21,21),(21,46),(21,55),(21,57),(22,2),(22,8),(22,17),(22,21),(22,31),(22,35),(22,45),(22,53),(22,59),(22,60),(22,62),(23,8),(23,11),(23,14),(23,34),(23,35),(23,43),(23,51),(24,1),(24,3),(24,43),(24,57),(25,15),(25,19),(25,22),(25,32),(25,36),(25,41),(25,49),(26,11),(26,23),(26,34),(26,39),(26,59),(27,16),(27,21),(27,50),(27,59),(27,63),(28,2),(28,18),(28,20),(28,22),(28,33),(28,40),(29,4),(29,6),(29,10),(29,43),(29,54),(30,10),(30,12),(30,16),(30,26),(30,28),(30,38),(30,44),(30,46),(30,49),(30,52),(30,61),(30,62),(30,65),(31,17),(31,27),(31,60),(32,6),(32,13),(32,15),(32,20),(32,24),(32,26),(32,32),(32,38),(32,40),(32,44),(32,54),(32,58),(32,62),(33,20),(33,24),(33,29),(33,42),(34,7),(34,31),(34,39),(34,41),(34,48),(34,51),(34,61),(35,3),(35,13),(35,27),(35,29),(35,50),(35,51),(35,55),(35,56),(35,57),(35,64),(36,19),(36,26),(36,28),(36,30),(36,40),(36,53),(37,1),(37,7),(37,13),(37,14),(37,35),(37,39),(37,40),(37,47),(37,63),(37,64),(37,65);

--
-- Table structure for table `ec_product_collection_products`
--

CREATE TABLE `ec_product_collection_products` (
  `product_collection_id` bigint unsigned NOT NULL,
  `product_id` bigint unsigned NOT NULL,
  PRIMARY KEY (`product_id`,`product_collection_id`),
  KEY `ec_product_collection_products_product_collection_id_index` (`product_collection_id`),
  KEY `ec_product_collection_products_product_id_index` (`product_id`)
) ENGINE=InnoDB DEFAULT CHARSET=utf8mb4 COLLATE=utf8mb4_unicode_ci;

--
-- Dumping data for table `ec_product_collection_products`
--

INSERT INTO `ec_product_collection_products` VALUES (1,4),(1,9),(1,11),(1,22),(1,23),(1,25),(1,26),(1,28),(1,29),(1,31),(1,32),(1,33),(1,34),(1,35),(1,37),(1,39),(1,42),(1,52),(1,53),(1,56),(1,57),(1,58),(1,59),(1,61),(1,62),(1,65),(2,1),(2,3),(2,5),(2,8),(2,12),(2,13),(2,15),(2,17),(2,18),(2,19),(2,21),(2,27),(2,36),(2,38),(2,40),(2,47),(2,49),(2,50),(2,51),(2,54),(2,55),(2,63),(2,64),(3,2),(3,6),(3,7),(3,10),(3,14),(3,16),(3,20),(3,24),(3,30),(3,41),(3,43),(3,44),(3,45),(3,46),(3,48),(3,60);

--
-- Table structure for table `ec_product_collections`
--

CREATE TABLE `ec_product_collections` (
  `id` bigint unsigned NOT NULL AUTO_INCREMENT,
  `name` varchar(191) COLLATE utf8mb4_unicode_ci NOT NULL,
  `slug` varchar(191) COLLATE utf8mb4_unicode_ci NOT NULL,
  `description` varchar(400) COLLATE utf8mb4_unicode_ci DEFAULT NULL,
  `image` varchar(191) COLLATE utf8mb4_unicode_ci DEFAULT NULL,
  `status` varchar(60) COLLATE utf8mb4_unicode_ci NOT NULL DEFAULT 'published',
  `created_at` timestamp NULL DEFAULT NULL,
  `updated_at` timestamp NULL DEFAULT NULL,
  `is_featured` tinyint unsigned NOT NULL DEFAULT '0',
  PRIMARY KEY (`id`)
) ENGINE=InnoDB AUTO_INCREMENT=4 DEFAULT CHARSET=utf8mb4 COLLATE=utf8mb4_unicode_ci;

--
-- Dumping data for table `ec_product_collections`
--

INSERT INTO `ec_product_collections` VALUES (1,'New Arrival','new-arrival',NULL,NULL,'published','2024-05-22 23:56:59','2024-05-22 23:56:59',0),(2,'Best Sellers','best-sellers',NULL,NULL,'published','2024-05-22 23:56:59','2024-05-22 23:56:59',0),(3,'Special Offer','special-offer',NULL,NULL,'published','2024-05-22 23:56:59','2024-05-22 23:56:59',0);

--
-- Table structure for table `ec_product_collections_translations`
--

CREATE TABLE `ec_product_collections_translations` (
  `lang_code` varchar(191) COLLATE utf8mb4_unicode_ci NOT NULL,
  `ec_product_collections_id` bigint unsigned NOT NULL,
  `name` varchar(191) COLLATE utf8mb4_unicode_ci DEFAULT NULL,
  `description` varchar(400) COLLATE utf8mb4_unicode_ci DEFAULT NULL,
  PRIMARY KEY (`lang_code`,`ec_product_collections_id`)
) ENGINE=InnoDB DEFAULT CHARSET=utf8mb4 COLLATE=utf8mb4_unicode_ci;

--
-- Dumping data for table `ec_product_collections_translations`
--


--
-- Table structure for table `ec_product_cross_sale_relations`
--

CREATE TABLE `ec_product_cross_sale_relations` (
  `from_product_id` bigint unsigned NOT NULL,
  `to_product_id` bigint unsigned NOT NULL,
  `is_variant` tinyint(1) NOT NULL DEFAULT '0',
  `price` decimal(15,2) DEFAULT '0.00',
  `price_type` varchar(191) COLLATE utf8mb4_unicode_ci NOT NULL DEFAULT 'fixed',
  `apply_to_all_variations` tinyint(1) NOT NULL DEFAULT '1',
  PRIMARY KEY (`from_product_id`,`to_product_id`),
  KEY `ec_product_cross_sale_relations_from_product_id_index` (`from_product_id`),
  KEY `ec_product_cross_sale_relations_to_product_id_index` (`to_product_id`)
) ENGINE=InnoDB DEFAULT CHARSET=utf8mb4 COLLATE=utf8mb4_unicode_ci;

--
-- Dumping data for table `ec_product_cross_sale_relations`
--

INSERT INTO `ec_product_cross_sale_relations` VALUES (1,4,0,0.00,'fixed',1),(1,10,0,0.00,'fixed',1),(1,15,0,0.00,'fixed',1),(1,18,0,0.00,'fixed',1),(1,19,0,0.00,'fixed',1),(2,6,0,0.00,'fixed',1),(2,8,0,0.00,'fixed',1),(2,9,0,0.00,'fixed',1),(2,12,0,0.00,'fixed',1),(2,15,0,0.00,'fixed',1),(2,18,0,0.00,'fixed',1),(3,1,0,0.00,'fixed',1),(3,5,0,0.00,'fixed',1),(3,11,0,0.00,'fixed',1),(3,12,0,0.00,'fixed',1),(3,13,0,0.00,'fixed',1),(3,16,0,0.00,'fixed',1),(3,20,0,0.00,'fixed',1),(4,7,0,0.00,'fixed',1),(4,8,0,0.00,'fixed',1),(4,10,0,0.00,'fixed',1),(4,11,0,0.00,'fixed',1),(4,12,0,0.00,'fixed',1),(4,15,0,0.00,'fixed',1),(4,20,0,0.00,'fixed',1),(5,9,0,0.00,'fixed',1),(5,10,0,0.00,'fixed',1),(5,12,0,0.00,'fixed',1),(5,13,0,0.00,'fixed',1),(5,17,0,0.00,'fixed',1),(5,20,0,0.00,'fixed',1),(6,1,0,0.00,'fixed',1),(6,2,0,0.00,'fixed',1),(6,8,0,0.00,'fixed',1),(6,14,0,0.00,'fixed',1),(6,20,0,0.00,'fixed',1),(7,2,0,0.00,'fixed',1),(7,5,0,0.00,'fixed',1),(7,6,0,0.00,'fixed',1),(7,8,0,0.00,'fixed',1),(7,9,0,0.00,'fixed',1),(7,10,0,0.00,'fixed',1),(7,19,0,0.00,'fixed',1),(8,1,0,0.00,'fixed',1),(8,3,0,0.00,'fixed',1),(8,7,0,0.00,'fixed',1),(8,11,0,0.00,'fixed',1),(8,16,0,0.00,'fixed',1),(8,17,0,0.00,'fixed',1),(9,2,0,0.00,'fixed',1),(9,4,0,0.00,'fixed',1),(9,5,0,0.00,'fixed',1),(9,7,0,0.00,'fixed',1),(9,8,0,0.00,'fixed',1),(9,13,0,0.00,'fixed',1),(9,20,0,0.00,'fixed',1),(10,4,0,0.00,'fixed',1),(10,5,0,0.00,'fixed',1),(10,7,0,0.00,'fixed',1),(10,14,0,0.00,'fixed',1),(10,15,0,0.00,'fixed',1),(10,16,0,0.00,'fixed',1),(10,20,0,0.00,'fixed',1),(11,14,0,0.00,'fixed',1),(11,16,0,0.00,'fixed',1),(11,18,0,0.00,'fixed',1),(11,20,0,0.00,'fixed',1),(12,5,0,0.00,'fixed',1),(12,7,0,0.00,'fixed',1),(12,9,0,0.00,'fixed',1),(12,10,0,0.00,'fixed',1),(12,20,0,0.00,'fixed',1),(13,1,0,0.00,'fixed',1),(13,3,0,0.00,'fixed',1),(13,4,0,0.00,'fixed',1),(13,12,0,0.00,'fixed',1),(13,14,0,0.00,'fixed',1),(13,15,0,0.00,'fixed',1),(13,17,0,0.00,'fixed',1),(14,1,0,0.00,'fixed',1),(14,5,0,0.00,'fixed',1),(14,9,0,0.00,'fixed',1),(14,11,0,0.00,'fixed',1),(14,15,0,0.00,'fixed',1),(15,2,0,0.00,'fixed',1),(15,4,0,0.00,'fixed',1),(15,6,0,0.00,'fixed',1),(15,8,0,0.00,'fixed',1),(15,9,0,0.00,'fixed',1),(15,10,0,0.00,'fixed',1),(15,20,0,0.00,'fixed',1),(16,3,0,0.00,'fixed',1),(16,7,0,0.00,'fixed',1),(16,9,0,0.00,'fixed',1),(16,15,0,0.00,'fixed',1),(16,17,0,0.00,'fixed',1),(16,18,0,0.00,'fixed',1),(17,1,0,0.00,'fixed',1),(17,3,0,0.00,'fixed',1),(17,6,0,0.00,'fixed',1),(17,8,0,0.00,'fixed',1),(17,12,0,0.00,'fixed',1),(17,16,0,0.00,'fixed',1),(18,1,0,0.00,'fixed',1),(18,3,0,0.00,'fixed',1),(18,6,0,0.00,'fixed',1),(18,11,0,0.00,'fixed',1),(18,19,0,0.00,'fixed',1),(18,20,0,0.00,'fixed',1),(19,5,0,0.00,'fixed',1),(19,6,0,0.00,'fixed',1),(19,7,0,0.00,'fixed',1),(19,11,0,0.00,'fixed',1),(19,13,0,0.00,'fixed',1),(19,16,0,0.00,'fixed',1),(19,20,0,0.00,'fixed',1),(20,1,0,0.00,'fixed',1),(20,6,0,0.00,'fixed',1),(20,9,0,0.00,'fixed',1),(20,15,0,0.00,'fixed',1),(20,18,0,0.00,'fixed',1),(21,3,0,0.00,'fixed',1),(21,7,0,0.00,'fixed',1),(21,9,0,0.00,'fixed',1),(21,11,0,0.00,'fixed',1),(21,12,0,0.00,'fixed',1),(21,13,0,0.00,'fixed',1),(22,6,0,0.00,'fixed',1),(22,7,0,0.00,'fixed',1),(22,14,0,0.00,'fixed',1),(22,15,0,0.00,'fixed',1),(22,17,0,0.00,'fixed',1),(22,18,0,0.00,'fixed',1),(23,1,0,0.00,'fixed',1),(23,7,0,0.00,'fixed',1),(23,9,0,0.00,'fixed',1),(23,11,0,0.00,'fixed',1),(23,13,0,0.00,'fixed',1),(23,14,0,0.00,'fixed',1),(23,16,0,0.00,'fixed',1),(24,3,0,0.00,'fixed',1),(24,7,0,0.00,'fixed',1),(24,8,0,0.00,'fixed',1),(24,12,0,0.00,'fixed',1),(24,14,0,0.00,'fixed',1),(24,18,0,0.00,'fixed',1),(25,8,0,0.00,'fixed',1),(25,11,0,0.00,'fixed',1),(25,13,0,0.00,'fixed',1),(25,15,0,0.00,'fixed',1),(25,16,0,0.00,'fixed',1),(25,19,0,0.00,'fixed',1),(26,2,0,0.00,'fixed',1),(26,3,0,0.00,'fixed',1),(26,4,0,0.00,'fixed',1),(26,6,0,0.00,'fixed',1),(26,8,0,0.00,'fixed',1),(26,17,0,0.00,'fixed',1),(26,18,0,0.00,'fixed',1),(27,2,0,0.00,'fixed',1),(27,3,0,0.00,'fixed',1),(27,4,0,0.00,'fixed',1),(27,6,0,0.00,'fixed',1),(27,7,0,0.00,'fixed',1),(27,17,0,0.00,'fixed',1),(27,19,0,0.00,'fixed',1),(28,3,0,0.00,'fixed',1),(28,4,0,0.00,'fixed',1),(28,7,0,0.00,'fixed',1),(28,10,0,0.00,'fixed',1),(28,18,0,0.00,'fixed',1),(28,19,0,0.00,'fixed',1),(29,3,0,0.00,'fixed',1),(29,4,0,0.00,'fixed',1),(29,8,0,0.00,'fixed',1),(29,14,0,0.00,'fixed',1),(29,15,0,0.00,'fixed',1),(29,16,0,0.00,'fixed',1),(30,3,0,0.00,'fixed',1),(30,4,0,0.00,'fixed',1),(30,12,0,0.00,'fixed',1),(30,13,0,0.00,'fixed',1),(30,16,0,0.00,'fixed',1),(30,19,0,0.00,'fixed',1),(31,1,0,0.00,'fixed',1),(31,10,0,0.00,'fixed',1),(31,12,0,0.00,'fixed',1),(31,13,0,0.00,'fixed',1),(32,1,0,0.00,'fixed',1),(32,2,0,0.00,'fixed',1),(32,3,0,0.00,'fixed',1),(32,5,0,0.00,'fixed',1),(32,6,0,0.00,'fixed',1),(32,10,0,0.00,'fixed',1),(32,16,0,0.00,'fixed',1),(33,2,0,0.00,'fixed',1),(33,3,0,0.00,'fixed',1),(33,6,0,0.00,'fixed',1),(33,9,0,0.00,'fixed',1),(33,13,0,0.00,'fixed',1),(33,15,0,0.00,'fixed',1),(33,19,0,0.00,'fixed',1),(34,7,0,0.00,'fixed',1),(34,9,0,0.00,'fixed',1),(34,11,0,0.00,'fixed',1),(34,14,0,0.00,'fixed',1),(34,18,0,0.00,'fixed',1),(35,2,0,0.00,'fixed',1),(35,5,0,0.00,'fixed',1),(35,11,0,0.00,'fixed',1),(35,15,0,0.00,'fixed',1),(35,19,0,0.00,'fixed',1),(36,3,0,0.00,'fixed',1),(36,7,0,0.00,'fixed',1),(36,11,0,0.00,'fixed',1),(36,13,0,0.00,'fixed',1),(36,16,0,0.00,'fixed',1),(36,17,0,0.00,'fixed',1),(37,10,0,0.00,'fixed',1),(37,11,0,0.00,'fixed',1),(37,13,0,0.00,'fixed',1),(37,15,0,0.00,'fixed',1),(37,18,0,0.00,'fixed',1),(38,1,0,0.00,'fixed',1),(38,3,0,0.00,'fixed',1),(38,9,0,0.00,'fixed',1),(38,10,0,0.00,'fixed',1),(38,11,0,0.00,'fixed',1),(38,15,0,0.00,'fixed',1),(38,19,0,0.00,'fixed',1),(39,2,0,0.00,'fixed',1),(39,3,0,0.00,'fixed',1),(39,6,0,0.00,'fixed',1),(39,11,0,0.00,'fixed',1),(39,17,0,0.00,'fixed',1),(39,19,0,0.00,'fixed',1),(40,2,0,0.00,'fixed',1),(40,10,0,0.00,'fixed',1),(40,11,0,0.00,'fixed',1),(40,12,0,0.00,'fixed',1),(40,13,0,0.00,'fixed',1),(40,15,0,0.00,'fixed',1),(40,17,0,0.00,'fixed',1),(41,7,0,0.00,'fixed',1),(41,8,0,0.00,'fixed',1),(41,12,0,0.00,'fixed',1),(41,14,0,0.00,'fixed',1),(41,16,0,0.00,'fixed',1),(41,17,0,0.00,'fixed',1),(42,1,0,0.00,'fixed',1),(42,3,0,0.00,'fixed',1),(42,5,0,0.00,'fixed',1),(42,6,0,0.00,'fixed',1),(42,9,0,0.00,'fixed',1),(42,13,0,0.00,'fixed',1),(42,18,0,0.00,'fixed',1),(43,3,0,0.00,'fixed',1),(43,6,0,0.00,'fixed',1),(43,8,0,0.00,'fixed',1),(43,10,0,0.00,'fixed',1),(43,12,0,0.00,'fixed',1),(43,16,0,0.00,'fixed',1),(44,1,0,0.00,'fixed',1),(44,2,0,0.00,'fixed',1),(44,8,0,0.00,'fixed',1),(44,12,0,0.00,'fixed',1),(44,15,0,0.00,'fixed',1),(44,16,0,0.00,'fixed',1),(44,18,0,0.00,'fixed',1),(45,1,0,0.00,'fixed',1),(45,6,0,0.00,'fixed',1),(45,7,0,0.00,'fixed',1),(45,8,0,0.00,'fixed',1),(45,9,0,0.00,'fixed',1),(45,15,0,0.00,'fixed',1),(45,17,0,0.00,'fixed',1),(46,6,0,0.00,'fixed',1),(46,12,0,0.00,'fixed',1),(46,13,0,0.00,'fixed',1),(46,17,0,0.00,'fixed',1),(47,6,0,0.00,'fixed',1),(47,10,0,0.00,'fixed',1),(47,11,0,0.00,'fixed',1),(47,16,0,0.00,'fixed',1),(48,3,0,0.00,'fixed',1),(48,8,0,0.00,'fixed',1),(48,16,0,0.00,'fixed',1),(48,18,0,0.00,'fixed',1),(48,19,0,0.00,'fixed',1),(49,5,0,0.00,'fixed',1),(49,8,0,0.00,'fixed',1),(49,9,0,0.00,'fixed',1),(49,12,0,0.00,'fixed',1),(49,13,0,0.00,'fixed',1),(49,19,0,0.00,'fixed',1),(50,6,0,0.00,'fixed',1),(50,8,0,0.00,'fixed',1),(50,11,0,0.00,'fixed',1),(50,13,0,0.00,'fixed',1),(50,15,0,0.00,'fixed',1),(50,16,0,0.00,'fixed',1),(50,17,0,0.00,'fixed',1),(51,3,0,0.00,'fixed',1),(51,4,0,0.00,'fixed',1),(51,9,0,0.00,'fixed',1),(51,13,0,0.00,'fixed',1),(51,14,0,0.00,'fixed',1),(51,15,0,0.00,'fixed',1),(52,1,0,0.00,'fixed',1),(52,4,0,0.00,'fixed',1),(52,9,0,0.00,'fixed',1),(52,10,0,0.00,'fixed',1),(52,11,0,0.00,'fixed',1),(52,19,0,0.00,'fixed',1),(53,4,0,0.00,'fixed',1),(53,6,0,0.00,'fixed',1),(53,12,0,0.00,'fixed',1),(53,14,0,0.00,'fixed',1),(53,15,0,0.00,'fixed',1),(53,18,0,0.00,'fixed',1),(54,5,0,0.00,'fixed',1),(54,6,0,0.00,'fixed',1),(54,11,0,0.00,'fixed',1),(54,12,0,0.00,'fixed',1),(54,17,0,0.00,'fixed',1),(54,18,0,0.00,'fixed',1),(55,1,0,0.00,'fixed',1),(55,2,0,0.00,'fixed',1),(55,4,0,0.00,'fixed',1),(55,6,0,0.00,'fixed',1),(55,14,0,0.00,'fixed',1),(55,16,0,0.00,'fixed',1),(56,7,0,0.00,'fixed',1),(56,12,0,0.00,'fixed',1),(56,14,0,0.00,'fixed',1),(56,18,0,0.00,'fixed',1),(56,19,0,0.00,'fixed',1),(57,2,0,0.00,'fixed',1),(57,3,0,0.00,'fixed',1),(57,4,0,0.00,'fixed',1),(57,6,0,0.00,'fixed',1),(57,14,0,0.00,'fixed',1),(57,17,0,0.00,'fixed',1),(58,3,0,0.00,'fixed',1),(58,6,0,0.00,'fixed',1),(58,11,0,0.00,'fixed',1),(58,13,0,0.00,'fixed',1),(58,15,0,0.00,'fixed',1),(59,3,0,0.00,'fixed',1),(59,5,0,0.00,'fixed',1),(59,8,0,0.00,'fixed',1),(59,11,0,0.00,'fixed',1),(59,12,0,0.00,'fixed',1),(59,19,0,0.00,'fixed',1),(60,1,0,0.00,'fixed',1),(60,8,0,0.00,'fixed',1),(60,11,0,0.00,'fixed',1),(60,14,0,0.00,'fixed',1),(60,16,0,0.00,'fixed',1),(60,19,0,0.00,'fixed',1),(61,3,0,0.00,'fixed',1),(61,6,0,0.00,'fixed',1),(61,8,0,0.00,'fixed',1),(61,10,0,0.00,'fixed',1),(61,16,0,0.00,'fixed',1),(61,18,0,0.00,'fixed',1),(61,19,0,0.00,'fixed',1),(62,3,0,0.00,'fixed',1),(62,4,0,0.00,'fixed',1),(62,5,0,0.00,'fixed',1),(62,6,0,0.00,'fixed',1),(62,11,0,0.00,'fixed',1),(62,13,0,0.00,'fixed',1),(62,19,0,0.00,'fixed',1),(63,2,0,0.00,'fixed',1),(63,10,0,0.00,'fixed',1),(63,11,0,0.00,'fixed',1),(63,12,0,0.00,'fixed',1),(63,13,0,0.00,'fixed',1),(63,15,0,0.00,'fixed',1),(64,5,0,0.00,'fixed',1),(64,8,0,0.00,'fixed',1),(64,9,0,0.00,'fixed',1),(64,11,0,0.00,'fixed',1),(64,12,0,0.00,'fixed',1),(64,13,0,0.00,'fixed',1),(65,3,0,0.00,'fixed',1),(65,4,0,0.00,'fixed',1),(65,12,0,0.00,'fixed',1),(65,15,0,0.00,'fixed',1),(65,16,0,0.00,'fixed',1),(65,19,0,0.00,'fixed',1);

--
-- Table structure for table `ec_product_files`
--

CREATE TABLE `ec_product_files` (
  `id` bigint unsigned NOT NULL AUTO_INCREMENT,
  `product_id` bigint unsigned DEFAULT NULL,
  `url` varchar(400) COLLATE utf8mb4_unicode_ci DEFAULT NULL,
  `extras` mediumtext COLLATE utf8mb4_unicode_ci,
  `created_at` timestamp NULL DEFAULT NULL,
  `updated_at` timestamp NULL DEFAULT NULL,
  PRIMARY KEY (`id`),
  KEY `ec_product_files_product_id_index` (`product_id`)
) ENGINE=InnoDB AUTO_INCREMENT=96 DEFAULT CHARSET=utf8mb4 COLLATE=utf8mb4_unicode_ci;

--
-- Dumping data for table `ec_product_files`
--

INSERT INTO `ec_product_files` VALUES (1,66,'ecommerce/digital-product-files/1.jpg','{\"filename\":\"1.jpg\",\"url\":\"ecommerce\\/digital-product-files\\/1.jpg\",\"mime_type\":\"image\\/jpeg\",\"size\":9730,\"modified\":\"2024-05-23 06:57:15\",\"name\":\"1\",\"extension\":\"jpg\"}','2024-05-22 23:57:15','2024-05-22 23:57:15'),(2,67,'ecommerce/digital-product-files/1.jpg','{\"filename\":\"1.jpg\",\"url\":\"ecommerce\\/digital-product-files\\/1.jpg\",\"mime_type\":\"image\\/jpeg\",\"size\":9730,\"modified\":\"2024-05-23 06:57:15\",\"name\":\"1\",\"extension\":\"jpg\"}','2024-05-22 23:57:15','2024-05-22 23:57:15'),(3,68,'ecommerce/digital-product-files/1.jpg','{\"filename\":\"1.jpg\",\"url\":\"ecommerce\\/digital-product-files\\/1.jpg\",\"mime_type\":\"image\\/jpeg\",\"size\":9730,\"modified\":\"2024-05-23 06:57:15\",\"name\":\"1\",\"extension\":\"jpg\"}','2024-05-22 23:57:15','2024-05-22 23:57:15'),(4,74,'ecommerce/digital-product-files/5.jpg','{\"filename\":\"5.jpg\",\"url\":\"ecommerce\\/digital-product-files\\/5.jpg\",\"mime_type\":\"image\\/jpeg\",\"size\":9730,\"modified\":\"2024-05-23 06:57:15\",\"name\":\"5\",\"extension\":\"jpg\"}','2024-05-22 23:57:15','2024-05-22 23:57:15'),(5,74,'ecommerce/digital-product-files/5-1.jpg','{\"filename\":\"5-1.jpg\",\"url\":\"ecommerce\\/digital-product-files\\/5-1.jpg\",\"mime_type\":\"image\\/jpeg\",\"size\":9730,\"modified\":\"2024-05-23 06:57:15\",\"name\":\"5-1\",\"extension\":\"jpg\"}','2024-05-22 23:57:15','2024-05-22 23:57:15'),(6,74,'ecommerce/digital-product-files/5-2.jpg','{\"filename\":\"5-2.jpg\",\"url\":\"ecommerce\\/digital-product-files\\/5-2.jpg\",\"mime_type\":\"image\\/jpeg\",\"size\":9730,\"modified\":\"2024-05-23 06:57:15\",\"name\":\"5-2\",\"extension\":\"jpg\"}','2024-05-22 23:57:15','2024-05-22 23:57:15'),(7,74,'ecommerce/digital-product-files/5-3.jpg','{\"filename\":\"5-3.jpg\",\"url\":\"ecommerce\\/digital-product-files\\/5-3.jpg\",\"mime_type\":\"image\\/jpeg\",\"size\":9730,\"modified\":\"2024-05-23 06:57:15\",\"name\":\"5-3\",\"extension\":\"jpg\"}','2024-05-22 23:57:15','2024-05-22 23:57:15'),(8,82,'ecommerce/digital-product-files/9.jpg','{\"filename\":\"9.jpg\",\"url\":\"ecommerce\\/digital-product-files\\/9.jpg\",\"mime_type\":\"image\\/jpeg\",\"size\":9730,\"modified\":\"2024-05-23 06:57:15\",\"name\":\"9\",\"extension\":\"jpg\"}','2024-05-22 23:57:15','2024-05-22 23:57:15'),(9,82,'ecommerce/digital-product-files/9-1.jpg','{\"filename\":\"9-1.jpg\",\"url\":\"ecommerce\\/digital-product-files\\/9-1.jpg\",\"mime_type\":\"image\\/jpeg\",\"size\":9730,\"modified\":\"2024-05-23 06:57:15\",\"name\":\"9-1\",\"extension\":\"jpg\"}','2024-05-22 23:57:15','2024-05-22 23:57:15'),(10,82,'ecommerce/digital-product-files/9-2.jpg','{\"filename\":\"9-2.jpg\",\"url\":\"ecommerce\\/digital-product-files\\/9-2.jpg\",\"mime_type\":\"image\\/jpeg\",\"size\":9730,\"modified\":\"2024-05-23 06:57:15\",\"name\":\"9-2\",\"extension\":\"jpg\"}','2024-05-22 23:57:15','2024-05-22 23:57:15'),(11,83,'ecommerce/digital-product-files/9.jpg','{\"filename\":\"9.jpg\",\"url\":\"ecommerce\\/digital-product-files\\/9.jpg\",\"mime_type\":\"image\\/jpeg\",\"size\":9730,\"modified\":\"2024-05-23 06:57:15\",\"name\":\"9\",\"extension\":\"jpg\"}','2024-05-22 23:57:15','2024-05-22 23:57:15'),(12,83,'ecommerce/digital-product-files/9-1.jpg','{\"filename\":\"9-1.jpg\",\"url\":\"ecommerce\\/digital-product-files\\/9-1.jpg\",\"mime_type\":\"image\\/jpeg\",\"size\":9730,\"modified\":\"2024-05-23 06:57:15\",\"name\":\"9-1\",\"extension\":\"jpg\"}','2024-05-22 23:57:15','2024-05-22 23:57:15'),(13,83,'ecommerce/digital-product-files/9-2.jpg','{\"filename\":\"9-2.jpg\",\"url\":\"ecommerce\\/digital-product-files\\/9-2.jpg\",\"mime_type\":\"image\\/jpeg\",\"size\":9730,\"modified\":\"2024-05-23 06:57:15\",\"name\":\"9-2\",\"extension\":\"jpg\"}','2024-05-22 23:57:15','2024-05-22 23:57:15'),(14,84,'ecommerce/digital-product-files/9.jpg','{\"filename\":\"9.jpg\",\"url\":\"ecommerce\\/digital-product-files\\/9.jpg\",\"mime_type\":\"image\\/jpeg\",\"size\":9730,\"modified\":\"2024-05-23 06:57:15\",\"name\":\"9\",\"extension\":\"jpg\"}','2024-05-22 23:57:15','2024-05-22 23:57:15'),(15,84,'ecommerce/digital-product-files/9-1.jpg','{\"filename\":\"9-1.jpg\",\"url\":\"ecommerce\\/digital-product-files\\/9-1.jpg\",\"mime_type\":\"image\\/jpeg\",\"size\":9730,\"modified\":\"2024-05-23 06:57:15\",\"name\":\"9-1\",\"extension\":\"jpg\"}','2024-05-22 23:57:15','2024-05-22 23:57:15'),(16,84,'ecommerce/digital-product-files/9-2.jpg','{\"filename\":\"9-2.jpg\",\"url\":\"ecommerce\\/digital-product-files\\/9-2.jpg\",\"mime_type\":\"image\\/jpeg\",\"size\":9730,\"modified\":\"2024-05-23 06:57:15\",\"name\":\"9-2\",\"extension\":\"jpg\"}','2024-05-22 23:57:15','2024-05-22 23:57:15'),(17,85,'ecommerce/digital-product-files/9.jpg','{\"filename\":\"9.jpg\",\"url\":\"ecommerce\\/digital-product-files\\/9.jpg\",\"mime_type\":\"image\\/jpeg\",\"size\":9730,\"modified\":\"2024-05-23 06:57:15\",\"name\":\"9\",\"extension\":\"jpg\"}','2024-05-22 23:57:15','2024-05-22 23:57:15'),(18,85,'ecommerce/digital-product-files/9-1.jpg','{\"filename\":\"9-1.jpg\",\"url\":\"ecommerce\\/digital-product-files\\/9-1.jpg\",\"mime_type\":\"image\\/jpeg\",\"size\":9730,\"modified\":\"2024-05-23 06:57:15\",\"name\":\"9-1\",\"extension\":\"jpg\"}','2024-05-22 23:57:15','2024-05-22 23:57:15'),(19,85,'ecommerce/digital-product-files/9-2.jpg','{\"filename\":\"9-2.jpg\",\"url\":\"ecommerce\\/digital-product-files\\/9-2.jpg\",\"mime_type\":\"image\\/jpeg\",\"size\":9730,\"modified\":\"2024-05-23 06:57:15\",\"name\":\"9-2\",\"extension\":\"jpg\"}','2024-05-22 23:57:15','2024-05-22 23:57:15'),(20,96,'ecommerce/digital-product-files/13.jpg','{\"filename\":\"13.jpg\",\"url\":\"ecommerce\\/digital-product-files\\/13.jpg\",\"mime_type\":\"image\\/jpeg\",\"size\":9730,\"modified\":\"2024-05-23 06:57:15\",\"name\":\"13\",\"extension\":\"jpg\"}','2024-05-22 23:57:15','2024-05-22 23:57:15'),(21,96,'ecommerce/digital-product-files/13-1.jpg','{\"filename\":\"13-1.jpg\",\"url\":\"ecommerce\\/digital-product-files\\/13-1.jpg\",\"mime_type\":\"image\\/jpeg\",\"size\":9730,\"modified\":\"2024-05-23 06:57:15\",\"name\":\"13-1\",\"extension\":\"jpg\"}','2024-05-22 23:57:15','2024-05-22 23:57:15'),(22,104,'ecommerce/digital-product-files/17.jpg','{\"filename\":\"17.jpg\",\"url\":\"ecommerce\\/digital-product-files\\/17.jpg\",\"mime_type\":\"image\\/jpeg\",\"size\":9730,\"modified\":\"2024-05-23 06:57:16\",\"name\":\"17\",\"extension\":\"jpg\"}','2024-05-22 23:57:16','2024-05-22 23:57:16'),(23,104,'ecommerce/digital-product-files/17-1.jpg','{\"filename\":\"17-1.jpg\",\"url\":\"ecommerce\\/digital-product-files\\/17-1.jpg\",\"mime_type\":\"image\\/jpeg\",\"size\":9730,\"modified\":\"2024-05-23 06:57:16\",\"name\":\"17-1\",\"extension\":\"jpg\"}','2024-05-22 23:57:16','2024-05-22 23:57:16'),(24,104,'ecommerce/digital-product-files/17-2.jpg','{\"filename\":\"17-2.jpg\",\"url\":\"ecommerce\\/digital-product-files\\/17-2.jpg\",\"mime_type\":\"image\\/jpeg\",\"size\":9730,\"modified\":\"2024-05-23 06:57:16\",\"name\":\"17-2\",\"extension\":\"jpg\"}','2024-05-22 23:57:16','2024-05-22 23:57:16'),(25,104,'ecommerce/digital-product-files/17-3.jpg','{\"filename\":\"17-3.jpg\",\"url\":\"ecommerce\\/digital-product-files\\/17-3.jpg\",\"mime_type\":\"image\\/jpeg\",\"size\":9730,\"modified\":\"2024-05-23 06:57:16\",\"name\":\"17-3\",\"extension\":\"jpg\"}','2024-05-22 23:57:16','2024-05-22 23:57:16'),(26,105,'ecommerce/digital-product-files/17.jpg','{\"filename\":\"17.jpg\",\"url\":\"ecommerce\\/digital-product-files\\/17.jpg\",\"mime_type\":\"image\\/jpeg\",\"size\":9730,\"modified\":\"2024-05-23 06:57:16\",\"name\":\"17\",\"extension\":\"jpg\"}','2024-05-22 23:57:16','2024-05-22 23:57:16'),(27,105,'ecommerce/digital-product-files/17-1.jpg','{\"filename\":\"17-1.jpg\",\"url\":\"ecommerce\\/digital-product-files\\/17-1.jpg\",\"mime_type\":\"image\\/jpeg\",\"size\":9730,\"modified\":\"2024-05-23 06:57:16\",\"name\":\"17-1\",\"extension\":\"jpg\"}','2024-05-22 23:57:16','2024-05-22 23:57:16'),(28,105,'ecommerce/digital-product-files/17-2.jpg','{\"filename\":\"17-2.jpg\",\"url\":\"ecommerce\\/digital-product-files\\/17-2.jpg\",\"mime_type\":\"image\\/jpeg\",\"size\":9730,\"modified\":\"2024-05-23 06:57:16\",\"name\":\"17-2\",\"extension\":\"jpg\"}','2024-05-22 23:57:16','2024-05-22 23:57:16'),(29,105,'ecommerce/digital-product-files/17-3.jpg','{\"filename\":\"17-3.jpg\",\"url\":\"ecommerce\\/digital-product-files\\/17-3.jpg\",\"mime_type\":\"image\\/jpeg\",\"size\":9730,\"modified\":\"2024-05-23 06:57:16\",\"name\":\"17-3\",\"extension\":\"jpg\"}','2024-05-22 23:57:16','2024-05-22 23:57:16'),(30,112,'ecommerce/digital-product-files/21.jpg','{\"filename\":\"21.jpg\",\"url\":\"ecommerce\\/digital-product-files\\/21.jpg\",\"mime_type\":\"image\\/jpeg\",\"size\":9730,\"modified\":\"2024-05-23 06:57:16\",\"name\":\"21\",\"extension\":\"jpg\"}','2024-05-22 23:57:16','2024-05-22 23:57:16'),(31,112,'ecommerce/digital-product-files/21-1.jpg','{\"filename\":\"21-1.jpg\",\"url\":\"ecommerce\\/digital-product-files\\/21-1.jpg\",\"mime_type\":\"image\\/jpeg\",\"size\":9730,\"modified\":\"2024-05-23 06:57:16\",\"name\":\"21-1\",\"extension\":\"jpg\"}','2024-05-22 23:57:16','2024-05-22 23:57:16'),(32,112,'ecommerce/digital-product-files/21-2.jpg','{\"filename\":\"21-2.jpg\",\"url\":\"ecommerce\\/digital-product-files\\/21-2.jpg\",\"mime_type\":\"image\\/jpeg\",\"size\":9730,\"modified\":\"2024-05-23 06:57:16\",\"name\":\"21-2\",\"extension\":\"jpg\"}','2024-05-22 23:57:16','2024-05-22 23:57:16'),(33,113,'ecommerce/digital-product-files/21.jpg','{\"filename\":\"21.jpg\",\"url\":\"ecommerce\\/digital-product-files\\/21.jpg\",\"mime_type\":\"image\\/jpeg\",\"size\":9730,\"modified\":\"2024-05-23 06:57:16\",\"name\":\"21\",\"extension\":\"jpg\"}','2024-05-22 23:57:16','2024-05-22 23:57:16'),(34,113,'ecommerce/digital-product-files/21-1.jpg','{\"filename\":\"21-1.jpg\",\"url\":\"ecommerce\\/digital-product-files\\/21-1.jpg\",\"mime_type\":\"image\\/jpeg\",\"size\":9730,\"modified\":\"2024-05-23 06:57:16\",\"name\":\"21-1\",\"extension\":\"jpg\"}','2024-05-22 23:57:16','2024-05-22 23:57:16'),(35,113,'ecommerce/digital-product-files/21-2.jpg','{\"filename\":\"21-2.jpg\",\"url\":\"ecommerce\\/digital-product-files\\/21-2.jpg\",\"mime_type\":\"image\\/jpeg\",\"size\":9730,\"modified\":\"2024-05-23 06:57:16\",\"name\":\"21-2\",\"extension\":\"jpg\"}','2024-05-22 23:57:16','2024-05-22 23:57:16'),(36,122,'ecommerce/digital-product-files/25.jpg','{\"filename\":\"25.jpg\",\"url\":\"ecommerce\\/digital-product-files\\/25.jpg\",\"mime_type\":\"image\\/jpeg\",\"size\":9730,\"modified\":\"2024-05-23 06:57:16\",\"name\":\"25\",\"extension\":\"jpg\"}','2024-05-22 23:57:16','2024-05-22 23:57:16'),(37,122,'ecommerce/digital-product-files/25-1.jpg','{\"filename\":\"25-1.jpg\",\"url\":\"ecommerce\\/digital-product-files\\/25-1.jpg\",\"mime_type\":\"image\\/jpeg\",\"size\":9730,\"modified\":\"2024-05-23 06:57:16\",\"name\":\"25-1\",\"extension\":\"jpg\"}','2024-05-22 23:57:16','2024-05-22 23:57:16'),(38,122,'ecommerce/digital-product-files/25-2.jpg','{\"filename\":\"25-2.jpg\",\"url\":\"ecommerce\\/digital-product-files\\/25-2.jpg\",\"mime_type\":\"image\\/jpeg\",\"size\":9730,\"modified\":\"2024-05-23 06:57:16\",\"name\":\"25-2\",\"extension\":\"jpg\"}','2024-05-22 23:57:16','2024-05-22 23:57:16'),(39,123,'ecommerce/digital-product-files/25.jpg','{\"filename\":\"25.jpg\",\"url\":\"ecommerce\\/digital-product-files\\/25.jpg\",\"mime_type\":\"image\\/jpeg\",\"size\":9730,\"modified\":\"2024-05-23 06:57:16\",\"name\":\"25\",\"extension\":\"jpg\"}','2024-05-22 23:57:16','2024-05-22 23:57:16'),(40,123,'ecommerce/digital-product-files/25-1.jpg','{\"filename\":\"25-1.jpg\",\"url\":\"ecommerce\\/digital-product-files\\/25-1.jpg\",\"mime_type\":\"image\\/jpeg\",\"size\":9730,\"modified\":\"2024-05-23 06:57:16\",\"name\":\"25-1\",\"extension\":\"jpg\"}','2024-05-22 23:57:16','2024-05-22 23:57:16'),(41,123,'ecommerce/digital-product-files/25-2.jpg','{\"filename\":\"25-2.jpg\",\"url\":\"ecommerce\\/digital-product-files\\/25-2.jpg\",\"mime_type\":\"image\\/jpeg\",\"size\":9730,\"modified\":\"2024-05-23 06:57:16\",\"name\":\"25-2\",\"extension\":\"jpg\"}','2024-05-22 23:57:16','2024-05-22 23:57:16'),(42,128,'ecommerce/digital-product-files/29.jpg','{\"filename\":\"29.jpg\",\"url\":\"ecommerce\\/digital-product-files\\/29.jpg\",\"mime_type\":\"image\\/jpeg\",\"size\":9730,\"modified\":\"2024-05-23 06:57:16\",\"name\":\"29\",\"extension\":\"jpg\"}','2024-05-22 23:57:16','2024-05-22 23:57:16'),(43,128,'ecommerce/digital-product-files/29-1.jpg','{\"filename\":\"29-1.jpg\",\"url\":\"ecommerce\\/digital-product-files\\/29-1.jpg\",\"mime_type\":\"image\\/jpeg\",\"size\":9730,\"modified\":\"2024-05-23 06:57:16\",\"name\":\"29-1\",\"extension\":\"jpg\"}','2024-05-22 23:57:16','2024-05-22 23:57:16'),(44,128,'ecommerce/digital-product-files/29-2.jpg','{\"filename\":\"29-2.jpg\",\"url\":\"ecommerce\\/digital-product-files\\/29-2.jpg\",\"mime_type\":\"image\\/jpeg\",\"size\":9730,\"modified\":\"2024-05-23 06:57:16\",\"name\":\"29-2\",\"extension\":\"jpg\"}','2024-05-22 23:57:16','2024-05-22 23:57:16'),(45,136,'ecommerce/digital-product-files/33.jpg','{\"filename\":\"33.jpg\",\"url\":\"ecommerce\\/digital-product-files\\/33.jpg\",\"mime_type\":\"image\\/jpeg\",\"size\":9730,\"modified\":\"2024-05-23 06:57:16\",\"name\":\"33\",\"extension\":\"jpg\"}','2024-05-22 23:57:16','2024-05-22 23:57:16'),(46,136,'ecommerce/digital-product-files/33-1.jpg','{\"filename\":\"33-1.jpg\",\"url\":\"ecommerce\\/digital-product-files\\/33-1.jpg\",\"mime_type\":\"image\\/jpeg\",\"size\":9730,\"modified\":\"2024-05-23 06:57:16\",\"name\":\"33-1\",\"extension\":\"jpg\"}','2024-05-22 23:57:16','2024-05-22 23:57:16'),(47,136,'ecommerce/digital-product-files/33-2.jpg','{\"filename\":\"33-2.jpg\",\"url\":\"ecommerce\\/digital-product-files\\/33-2.jpg\",\"mime_type\":\"image\\/jpeg\",\"size\":9730,\"modified\":\"2024-05-23 06:57:17\",\"name\":\"33-2\",\"extension\":\"jpg\"}','2024-05-22 23:57:17','2024-05-22 23:57:17'),(48,137,'ecommerce/digital-product-files/33.jpg','{\"filename\":\"33.jpg\",\"url\":\"ecommerce\\/digital-product-files\\/33.jpg\",\"mime_type\":\"image\\/jpeg\",\"size\":9730,\"modified\":\"2024-05-23 06:57:17\",\"name\":\"33\",\"extension\":\"jpg\"}','2024-05-22 23:57:17','2024-05-22 23:57:17'),(49,137,'ecommerce/digital-product-files/33-1.jpg','{\"filename\":\"33-1.jpg\",\"url\":\"ecommerce\\/digital-product-files\\/33-1.jpg\",\"mime_type\":\"image\\/jpeg\",\"size\":9730,\"modified\":\"2024-05-23 06:57:17\",\"name\":\"33-1\",\"extension\":\"jpg\"}','2024-05-22 23:57:17','2024-05-22 23:57:17'),(50,137,'ecommerce/digital-product-files/33-2.jpg','{\"filename\":\"33-2.jpg\",\"url\":\"ecommerce\\/digital-product-files\\/33-2.jpg\",\"mime_type\":\"image\\/jpeg\",\"size\":9730,\"modified\":\"2024-05-23 06:57:17\",\"name\":\"33-2\",\"extension\":\"jpg\"}','2024-05-22 23:57:17','2024-05-22 23:57:17'),(51,145,'ecommerce/digital-product-files/37.jpg','{\"filename\":\"37.jpg\",\"url\":\"ecommerce\\/digital-product-files\\/37.jpg\",\"mime_type\":\"image\\/jpeg\",\"size\":9730,\"modified\":\"2024-05-23 06:57:17\",\"name\":\"37\",\"extension\":\"jpg\"}','2024-05-22 23:57:17','2024-05-22 23:57:17'),(52,145,'ecommerce/digital-product-files/37-1.jpg','{\"filename\":\"37-1.jpg\",\"url\":\"ecommerce\\/digital-product-files\\/37-1.jpg\",\"mime_type\":\"image\\/jpeg\",\"size\":9730,\"modified\":\"2024-05-23 06:57:17\",\"name\":\"37-1\",\"extension\":\"jpg\"}','2024-05-22 23:57:17','2024-05-22 23:57:17'),(53,145,'ecommerce/digital-product-files/37-2.jpg','{\"filename\":\"37-2.jpg\",\"url\":\"ecommerce\\/digital-product-files\\/37-2.jpg\",\"mime_type\":\"image\\/jpeg\",\"size\":9730,\"modified\":\"2024-05-23 06:57:17\",\"name\":\"37-2\",\"extension\":\"jpg\"}','2024-05-22 23:57:17','2024-05-22 23:57:17'),(54,155,'ecommerce/digital-product-files/41.jpg','{\"filename\":\"41.jpg\",\"url\":\"ecommerce\\/digital-product-files\\/41.jpg\",\"mime_type\":\"image\\/jpeg\",\"size\":9730,\"modified\":\"2024-05-23 06:57:17\",\"name\":\"41\",\"extension\":\"jpg\"}','2024-05-22 23:57:17','2024-05-22 23:57:17'),(55,155,'ecommerce/digital-product-files/41-1.jpg','{\"filename\":\"41-1.jpg\",\"url\":\"ecommerce\\/digital-product-files\\/41-1.jpg\",\"mime_type\":\"image\\/jpeg\",\"size\":9730,\"modified\":\"2024-05-23 06:57:17\",\"name\":\"41-1\",\"extension\":\"jpg\"}','2024-05-22 23:57:17','2024-05-22 23:57:17'),(56,155,'ecommerce/digital-product-files/41-2.jpg','{\"filename\":\"41-2.jpg\",\"url\":\"ecommerce\\/digital-product-files\\/41-2.jpg\",\"mime_type\":\"image\\/jpeg\",\"size\":9730,\"modified\":\"2024-05-23 06:57:17\",\"name\":\"41-2\",\"extension\":\"jpg\"}','2024-05-22 23:57:17','2024-05-22 23:57:17'),(57,156,'ecommerce/digital-product-files/41.jpg','{\"filename\":\"41.jpg\",\"url\":\"ecommerce\\/digital-product-files\\/41.jpg\",\"mime_type\":\"image\\/jpeg\",\"size\":9730,\"modified\":\"2024-05-23 06:57:17\",\"name\":\"41\",\"extension\":\"jpg\"}','2024-05-22 23:57:17','2024-05-22 23:57:17'),(58,156,'ecommerce/digital-product-files/41-1.jpg','{\"filename\":\"41-1.jpg\",\"url\":\"ecommerce\\/digital-product-files\\/41-1.jpg\",\"mime_type\":\"image\\/jpeg\",\"size\":9730,\"modified\":\"2024-05-23 06:57:17\",\"name\":\"41-1\",\"extension\":\"jpg\"}','2024-05-22 23:57:17','2024-05-22 23:57:17'),(59,156,'ecommerce/digital-product-files/41-2.jpg','{\"filename\":\"41-2.jpg\",\"url\":\"ecommerce\\/digital-product-files\\/41-2.jpg\",\"mime_type\":\"image\\/jpeg\",\"size\":9730,\"modified\":\"2024-05-23 06:57:17\",\"name\":\"41-2\",\"extension\":\"jpg\"}','2024-05-22 23:57:17','2024-05-22 23:57:17'),(60,157,'ecommerce/digital-product-files/41.jpg','{\"filename\":\"41.jpg\",\"url\":\"ecommerce\\/digital-product-files\\/41.jpg\",\"mime_type\":\"image\\/jpeg\",\"size\":9730,\"modified\":\"2024-05-23 06:57:17\",\"name\":\"41\",\"extension\":\"jpg\"}','2024-05-22 23:57:17','2024-05-22 23:57:17'),(61,157,'ecommerce/digital-product-files/41-1.jpg','{\"filename\":\"41-1.jpg\",\"url\":\"ecommerce\\/digital-product-files\\/41-1.jpg\",\"mime_type\":\"image\\/jpeg\",\"size\":9730,\"modified\":\"2024-05-23 06:57:17\",\"name\":\"41-1\",\"extension\":\"jpg\"}','2024-05-22 23:57:17','2024-05-22 23:57:17'),(62,157,'ecommerce/digital-product-files/41-2.jpg','{\"filename\":\"41-2.jpg\",\"url\":\"ecommerce\\/digital-product-files\\/41-2.jpg\",\"mime_type\":\"image\\/jpeg\",\"size\":9730,\"modified\":\"2024-05-23 06:57:17\",\"name\":\"41-2\",\"extension\":\"jpg\"}','2024-05-22 23:57:17','2024-05-22 23:57:17'),(63,166,'ecommerce/digital-product-files/45.jpg','{\"filename\":\"45.jpg\",\"url\":\"ecommerce\\/digital-product-files\\/45.jpg\",\"mime_type\":\"image\\/jpeg\",\"size\":9730,\"modified\":\"2024-05-23 06:57:17\",\"name\":\"45\",\"extension\":\"jpg\"}','2024-05-22 23:57:17','2024-05-22 23:57:17'),(64,166,'ecommerce/digital-product-files/45-1.jpg','{\"filename\":\"45-1.jpg\",\"url\":\"ecommerce\\/digital-product-files\\/45-1.jpg\",\"mime_type\":\"image\\/jpeg\",\"size\":9730,\"modified\":\"2024-05-23 06:57:17\",\"name\":\"45-1\",\"extension\":\"jpg\"}','2024-05-22 23:57:17','2024-05-22 23:57:17'),(65,173,'ecommerce/digital-product-files/49.jpg','{\"filename\":\"49.jpg\",\"url\":\"ecommerce\\/digital-product-files\\/49.jpg\",\"mime_type\":\"image\\/jpeg\",\"size\":9730,\"modified\":\"2024-05-23 06:57:17\",\"name\":\"49\",\"extension\":\"jpg\"}','2024-05-22 23:57:17','2024-05-22 23:57:17'),(66,173,'ecommerce/digital-product-files/49-1.jpg','{\"filename\":\"49-1.jpg\",\"url\":\"ecommerce\\/digital-product-files\\/49-1.jpg\",\"mime_type\":\"image\\/jpeg\",\"size\":9730,\"modified\":\"2024-05-23 06:57:17\",\"name\":\"49-1\",\"extension\":\"jpg\"}','2024-05-22 23:57:17','2024-05-22 23:57:17'),(67,173,'ecommerce/digital-product-files/49-2.jpg','{\"filename\":\"49-2.jpg\",\"url\":\"ecommerce\\/digital-product-files\\/49-2.jpg\",\"mime_type\":\"image\\/jpeg\",\"size\":9730,\"modified\":\"2024-05-23 06:57:17\",\"name\":\"49-2\",\"extension\":\"jpg\"}','2024-05-22 23:57:17','2024-05-22 23:57:17'),(68,174,'ecommerce/digital-product-files/49.jpg','{\"filename\":\"49.jpg\",\"url\":\"ecommerce\\/digital-product-files\\/49.jpg\",\"mime_type\":\"image\\/jpeg\",\"size\":9730,\"modified\":\"2024-05-23 06:57:17\",\"name\":\"49\",\"extension\":\"jpg\"}','2024-05-22 23:57:17','2024-05-22 23:57:17'),(69,174,'ecommerce/digital-product-files/49-1.jpg','{\"filename\":\"49-1.jpg\",\"url\":\"ecommerce\\/digital-product-files\\/49-1.jpg\",\"mime_type\":\"image\\/jpeg\",\"size\":9730,\"modified\":\"2024-05-23 06:57:17\",\"name\":\"49-1\",\"extension\":\"jpg\"}','2024-05-22 23:57:17','2024-05-22 23:57:17'),(70,174,'ecommerce/digital-product-files/49-2.jpg','{\"filename\":\"49-2.jpg\",\"url\":\"ecommerce\\/digital-product-files\\/49-2.jpg\",\"mime_type\":\"image\\/jpeg\",\"size\":9730,\"modified\":\"2024-05-23 06:57:17\",\"name\":\"49-2\",\"extension\":\"jpg\"}','2024-05-22 23:57:17','2024-05-22 23:57:17'),(71,175,'ecommerce/digital-product-files/49.jpg','{\"filename\":\"49.jpg\",\"url\":\"ecommerce\\/digital-product-files\\/49.jpg\",\"mime_type\":\"image\\/jpeg\",\"size\":9730,\"modified\":\"2024-05-23 06:57:17\",\"name\":\"49\",\"extension\":\"jpg\"}','2024-05-22 23:57:17','2024-05-22 23:57:17'),(72,175,'ecommerce/digital-product-files/49-1.jpg','{\"filename\":\"49-1.jpg\",\"url\":\"ecommerce\\/digital-product-files\\/49-1.jpg\",\"mime_type\":\"image\\/jpeg\",\"size\":9730,\"modified\":\"2024-05-23 06:57:17\",\"name\":\"49-1\",\"extension\":\"jpg\"}','2024-05-22 23:57:17','2024-05-22 23:57:17'),(73,175,'ecommerce/digital-product-files/49-2.jpg','{\"filename\":\"49-2.jpg\",\"url\":\"ecommerce\\/digital-product-files\\/49-2.jpg\",\"mime_type\":\"image\\/jpeg\",\"size\":9730,\"modified\":\"2024-05-23 06:57:17\",\"name\":\"49-2\",\"extension\":\"jpg\"}','2024-05-22 23:57:17','2024-05-22 23:57:17'),(74,183,'ecommerce/digital-product-files/53.jpg','{\"filename\":\"53.jpg\",\"url\":\"ecommerce\\/digital-product-files\\/53.jpg\",\"mime_type\":\"image\\/jpeg\",\"size\":9730,\"modified\":\"2024-05-23 06:57:18\",\"name\":\"53\",\"extension\":\"jpg\"}','2024-05-22 23:57:18','2024-05-22 23:57:18'),(75,183,'ecommerce/digital-product-files/53-1.jpg','{\"filename\":\"53-1.jpg\",\"url\":\"ecommerce\\/digital-product-files\\/53-1.jpg\",\"mime_type\":\"image\\/jpeg\",\"size\":9730,\"modified\":\"2024-05-23 06:57:18\",\"name\":\"53-1\",\"extension\":\"jpg\"}','2024-05-22 23:57:18','2024-05-22 23:57:18'),(76,184,'ecommerce/digital-product-files/53.jpg','{\"filename\":\"53.jpg\",\"url\":\"ecommerce\\/digital-product-files\\/53.jpg\",\"mime_type\":\"image\\/jpeg\",\"size\":9730,\"modified\":\"2024-05-23 06:57:18\",\"name\":\"53\",\"extension\":\"jpg\"}','2024-05-22 23:57:18','2024-05-22 23:57:18'),(77,184,'ecommerce/digital-product-files/53-1.jpg','{\"filename\":\"53-1.jpg\",\"url\":\"ecommerce\\/digital-product-files\\/53-1.jpg\",\"mime_type\":\"image\\/jpeg\",\"size\":9730,\"modified\":\"2024-05-23 06:57:18\",\"name\":\"53-1\",\"extension\":\"jpg\"}','2024-05-22 23:57:18','2024-05-22 23:57:18'),(78,185,'ecommerce/digital-product-files/53.jpg','{\"filename\":\"53.jpg\",\"url\":\"ecommerce\\/digital-product-files\\/53.jpg\",\"mime_type\":\"image\\/jpeg\",\"size\":9730,\"modified\":\"2024-05-23 06:57:18\",\"name\":\"53\",\"extension\":\"jpg\"}','2024-05-22 23:57:18','2024-05-22 23:57:18'),(79,185,'ecommerce/digital-product-files/53-1.jpg','{\"filename\":\"53-1.jpg\",\"url\":\"ecommerce\\/digital-product-files\\/53-1.jpg\",\"mime_type\":\"image\\/jpeg\",\"size\":9730,\"modified\":\"2024-05-23 06:57:18\",\"name\":\"53-1\",\"extension\":\"jpg\"}','2024-05-22 23:57:18','2024-05-22 23:57:18'),(80,193,'ecommerce/digital-product-files/57.jpg','{\"filename\":\"57.jpg\",\"url\":\"ecommerce\\/digital-product-files\\/57.jpg\",\"mime_type\":\"image\\/jpeg\",\"size\":9730,\"modified\":\"2024-05-23 06:57:18\",\"name\":\"57\",\"extension\":\"jpg\"}','2024-05-22 23:57:18','2024-05-22 23:57:18'),(81,193,'ecommerce/digital-product-files/57-1.jpg','{\"filename\":\"57-1.jpg\",\"url\":\"ecommerce\\/digital-product-files\\/57-1.jpg\",\"mime_type\":\"image\\/jpeg\",\"size\":9730,\"modified\":\"2024-05-23 06:57:18\",\"name\":\"57-1\",\"extension\":\"jpg\"}','2024-05-22 23:57:18','2024-05-22 23:57:18'),(82,202,'ecommerce/digital-product-files/61.jpg','{\"filename\":\"61.jpg\",\"url\":\"ecommerce\\/digital-product-files\\/61.jpg\",\"mime_type\":\"image\\/jpeg\",\"size\":9730,\"modified\":\"2024-05-23 06:57:18\",\"name\":\"61\",\"extension\":\"jpg\"}','2024-05-22 23:57:18','2024-05-22 23:57:18'),(83,202,'ecommerce/digital-product-files/61-1.jpg','{\"filename\":\"61-1.jpg\",\"url\":\"ecommerce\\/digital-product-files\\/61-1.jpg\",\"mime_type\":\"image\\/jpeg\",\"size\":9730,\"modified\":\"2024-05-23 06:57:18\",\"name\":\"61-1\",\"extension\":\"jpg\"}','2024-05-22 23:57:18','2024-05-22 23:57:18'),(84,203,'ecommerce/digital-product-files/61.jpg','{\"filename\":\"61.jpg\",\"url\":\"ecommerce\\/digital-product-files\\/61.jpg\",\"mime_type\":\"image\\/jpeg\",\"size\":9730,\"modified\":\"2024-05-23 06:57:18\",\"name\":\"61\",\"extension\":\"jpg\"}','2024-05-22 23:57:18','2024-05-22 23:57:18'),(85,203,'ecommerce/digital-product-files/61-1.jpg','{\"filename\":\"61-1.jpg\",\"url\":\"ecommerce\\/digital-product-files\\/61-1.jpg\",\"mime_type\":\"image\\/jpeg\",\"size\":9730,\"modified\":\"2024-05-23 06:57:18\",\"name\":\"61-1\",\"extension\":\"jpg\"}','2024-05-22 23:57:18','2024-05-22 23:57:18'),(86,204,'ecommerce/digital-product-files/61.jpg','{\"filename\":\"61.jpg\",\"url\":\"ecommerce\\/digital-product-files\\/61.jpg\",\"mime_type\":\"image\\/jpeg\",\"size\":9730,\"modified\":\"2024-05-23 06:57:18\",\"name\":\"61\",\"extension\":\"jpg\"}','2024-05-22 23:57:18','2024-05-22 23:57:18'),(87,204,'ecommerce/digital-product-files/61-1.jpg','{\"filename\":\"61-1.jpg\",\"url\":\"ecommerce\\/digital-product-files\\/61-1.jpg\",\"mime_type\":\"image\\/jpeg\",\"size\":9730,\"modified\":\"2024-05-23 06:57:18\",\"name\":\"61-1\",\"extension\":\"jpg\"}','2024-05-22 23:57:18','2024-05-22 23:57:18'),(88,205,'ecommerce/digital-product-files/61.jpg','{\"filename\":\"61.jpg\",\"url\":\"ecommerce\\/digital-product-files\\/61.jpg\",\"mime_type\":\"image\\/jpeg\",\"size\":9730,\"modified\":\"2024-05-23 06:57:18\",\"name\":\"61\",\"extension\":\"jpg\"}','2024-05-22 23:57:18','2024-05-22 23:57:18'),(89,205,'ecommerce/digital-product-files/61-1.jpg','{\"filename\":\"61-1.jpg\",\"url\":\"ecommerce\\/digital-product-files\\/61-1.jpg\",\"mime_type\":\"image\\/jpeg\",\"size\":9730,\"modified\":\"2024-05-23 06:57:18\",\"name\":\"61-1\",\"extension\":\"jpg\"}','2024-05-22 23:57:18','2024-05-22 23:57:18'),(90,214,'ecommerce/digital-product-files/65.jpg','{\"filename\":\"65.jpg\",\"url\":\"ecommerce\\/digital-product-files\\/65.jpg\",\"mime_type\":\"image\\/jpeg\",\"size\":9730,\"modified\":\"2024-05-23 06:57:18\",\"name\":\"65\",\"extension\":\"jpg\"}','2024-05-22 23:57:18','2024-05-22 23:57:18'),(91,214,'ecommerce/digital-product-files/65-1.jpg','{\"filename\":\"65-1.jpg\",\"url\":\"ecommerce\\/digital-product-files\\/65-1.jpg\",\"mime_type\":\"image\\/jpeg\",\"size\":9730,\"modified\":\"2024-05-23 06:57:18\",\"name\":\"65-1\",\"extension\":\"jpg\"}','2024-05-22 23:57:18','2024-05-22 23:57:18'),(92,214,'ecommerce/digital-product-files/65-2.jpg','{\"filename\":\"65-2.jpg\",\"url\":\"ecommerce\\/digital-product-files\\/65-2.jpg\",\"mime_type\":\"image\\/jpeg\",\"size\":9730,\"modified\":\"2024-05-23 06:57:18\",\"name\":\"65-2\",\"extension\":\"jpg\"}','2024-05-22 23:57:18','2024-05-22 23:57:18'),(93,215,'ecommerce/digital-product-files/65.jpg','{\"filename\":\"65.jpg\",\"url\":\"ecommerce\\/digital-product-files\\/65.jpg\",\"mime_type\":\"image\\/jpeg\",\"size\":9730,\"modified\":\"2024-05-23 06:57:18\",\"name\":\"65\",\"extension\":\"jpg\"}','2024-05-22 23:57:18','2024-05-22 23:57:18'),(94,215,'ecommerce/digital-product-files/65-1.jpg','{\"filename\":\"65-1.jpg\",\"url\":\"ecommerce\\/digital-product-files\\/65-1.jpg\",\"mime_type\":\"image\\/jpeg\",\"size\":9730,\"modified\":\"2024-05-23 06:57:18\",\"name\":\"65-1\",\"extension\":\"jpg\"}','2024-05-22 23:57:18','2024-05-22 23:57:18'),(95,215,'ecommerce/digital-product-files/65-2.jpg','{\"filename\":\"65-2.jpg\",\"url\":\"ecommerce\\/digital-product-files\\/65-2.jpg\",\"mime_type\":\"image\\/jpeg\",\"size\":9730,\"modified\":\"2024-05-23 06:57:18\",\"name\":\"65-2\",\"extension\":\"jpg\"}','2024-05-22 23:57:18','2024-05-22 23:57:18');

--
-- Table structure for table `ec_product_label_products`
--

CREATE TABLE `ec_product_label_products` (
  `product_label_id` bigint unsigned NOT NULL,
  `product_id` bigint unsigned NOT NULL,
  PRIMARY KEY (`product_label_id`,`product_id`),
  KEY `ec_product_label_products_product_label_id_index` (`product_label_id`),
  KEY `ec_product_label_products_product_id_index` (`product_id`)
) ENGINE=InnoDB DEFAULT CHARSET=utf8mb4 COLLATE=utf8mb4_unicode_ci;

--
-- Dumping data for table `ec_product_label_products`
--

INSERT INTO `ec_product_label_products` VALUES (1,6),(1,12),(1,18),(1,24),(1,27),(1,30),(1,33),(1,45),(1,54),(1,63),(2,3),(2,42),(2,51),(2,60),(3,9),(3,15),(3,21),(3,36),(3,39),(3,48),(3,57);

--
-- Table structure for table `ec_product_labels`
--

CREATE TABLE `ec_product_labels` (
  `id` bigint unsigned NOT NULL AUTO_INCREMENT,
  `name` varchar(191) COLLATE utf8mb4_unicode_ci NOT NULL,
  `color` varchar(120) COLLATE utf8mb4_unicode_ci DEFAULT NULL,
  `status` varchar(60) COLLATE utf8mb4_unicode_ci NOT NULL DEFAULT 'published',
  `created_at` timestamp NULL DEFAULT NULL,
  `updated_at` timestamp NULL DEFAULT NULL,
  PRIMARY KEY (`id`)
) ENGINE=InnoDB AUTO_INCREMENT=4 DEFAULT CHARSET=utf8mb4 COLLATE=utf8mb4_unicode_ci;

--
-- Dumping data for table `ec_product_labels`
--

INSERT INTO `ec_product_labels` VALUES (1,'Hot','#d71e2d','published','2024-05-22 23:56:59','2024-05-22 23:56:59'),(2,'New','#02856e','published','2024-05-22 23:56:59','2024-05-22 23:56:59'),(3,'Sale','#fe9931','published','2024-05-22 23:56:59','2024-05-22 23:56:59');

--
-- Table structure for table `ec_product_labels_translations`
--

CREATE TABLE `ec_product_labels_translations` (
  `lang_code` varchar(191) COLLATE utf8mb4_unicode_ci NOT NULL,
  `ec_product_labels_id` bigint unsigned NOT NULL,
  `name` varchar(191) COLLATE utf8mb4_unicode_ci DEFAULT NULL,
  `description` varchar(400) COLLATE utf8mb4_unicode_ci DEFAULT NULL,
  PRIMARY KEY (`lang_code`,`ec_product_labels_id`)
) ENGINE=InnoDB DEFAULT CHARSET=utf8mb4 COLLATE=utf8mb4_unicode_ci;

--
-- Dumping data for table `ec_product_labels_translations`
--


--
-- Table structure for table `ec_product_related_relations`
--

CREATE TABLE `ec_product_related_relations` (
  `from_product_id` bigint unsigned NOT NULL,
  `to_product_id` bigint unsigned NOT NULL,
  PRIMARY KEY (`from_product_id`,`to_product_id`),
  KEY `ec_product_related_relations_from_product_id_index` (`from_product_id`),
  KEY `ec_product_related_relations_to_product_id_index` (`to_product_id`)
) ENGINE=InnoDB DEFAULT CHARSET=utf8mb4 COLLATE=utf8mb4_unicode_ci;

--
-- Dumping data for table `ec_product_related_relations`
--


--
-- Table structure for table `ec_product_tag_product`
--

CREATE TABLE `ec_product_tag_product` (
  `product_id` bigint unsigned NOT NULL,
  `tag_id` bigint unsigned NOT NULL,
  PRIMARY KEY (`product_id`,`tag_id`),
  KEY `ec_product_tag_product_product_id_index` (`product_id`),
  KEY `ec_product_tag_product_tag_id_index` (`tag_id`)
) ENGINE=InnoDB DEFAULT CHARSET=utf8mb4 COLLATE=utf8mb4_unicode_ci;

--
-- Dumping data for table `ec_product_tag_product`
--

INSERT INTO `ec_product_tag_product` VALUES (1,1),(1,2),(1,4),(2,4),(2,5),(2,6),(3,3),(3,4),(3,6),(4,2),(4,4),(5,2),(5,6),(6,3),(6,5),(7,2),(7,3),(7,5),(8,1),(9,2),(9,3),(9,6),(10,1),(10,5),(11,5),(12,4),(12,6),(13,1),(13,2),(14,1),(14,4),(15,1),(15,6),(16,1),(16,3),(17,4),(17,5),(18,1),(18,4),(18,5),(19,2),(19,5),(20,1),(20,2),(20,4),(21,4),(21,5),(22,2),(22,3),(23,2),(23,3),(23,5),(24,4),(24,5),(24,6),(25,2),(25,3),(25,6),(26,3),(26,4),(26,5),(27,1),(27,2),(27,3),(28,1),(28,4),(28,6),(29,4),(29,5),(30,1),(30,2),(30,4),(31,4),(31,6),(32,2),(32,6),(33,3),(33,5),(33,6),(34,1),(34,2),(34,3),(35,1),(35,2),(35,4),(36,3),(36,6),(37,1),(37,2),(37,5),(38,1),(38,2),(38,3),(39,4),(39,5),(39,6),(40,2),(40,5),(40,6),(41,1),(41,6),(42,1),(42,4),(43,1),(43,3),(44,1),(44,4),(45,1),(45,4),(45,5),(46,5),(46,6),(47,2),(47,3),(47,4),(48,1),(48,3),(49,1),(49,3),(49,4),(50,1),(50,2),(51,5),(52,3),(52,6),(53,1),(53,5),(53,6),(54,3),(54,4),(55,2),(55,4),(56,1),(56,3),(56,6),(57,2),(57,4),(57,6),(58,6),(59,2),(59,4),(59,6),(60,2),(60,5),(61,1),(61,4),(62,1),(62,2),(62,6),(63,2),(63,3),(63,6),(64,1),(64,5),(65,3),(65,4),(65,6);

--
-- Table structure for table `ec_product_tags`
--

CREATE TABLE `ec_product_tags` (
  `id` bigint unsigned NOT NULL AUTO_INCREMENT,
  `name` varchar(120) COLLATE utf8mb4_unicode_ci NOT NULL,
  `description` varchar(400) COLLATE utf8mb4_unicode_ci DEFAULT NULL,
  `status` varchar(60) COLLATE utf8mb4_unicode_ci NOT NULL DEFAULT 'published',
  `created_at` timestamp NULL DEFAULT NULL,
  `updated_at` timestamp NULL DEFAULT NULL,
  PRIMARY KEY (`id`)
) ENGINE=InnoDB AUTO_INCREMENT=7 DEFAULT CHARSET=utf8mb4 COLLATE=utf8mb4_unicode_ci;

--
-- Dumping data for table `ec_product_tags`
--

INSERT INTO `ec_product_tags` VALUES (1,'Electronic',NULL,'published','2024-05-22 23:57:19','2024-05-22 23:57:19'),(2,'Mobile',NULL,'published','2024-05-22 23:57:19','2024-05-22 23:57:19'),(3,'Iphone',NULL,'published','2024-05-22 23:57:19','2024-05-22 23:57:19'),(4,'Printer',NULL,'published','2024-05-22 23:57:19','2024-05-22 23:57:19'),(5,'Office',NULL,'published','2024-05-22 23:57:19','2024-05-22 23:57:19'),(6,'IT',NULL,'published','2024-05-22 23:57:19','2024-05-22 23:57:19');

--
-- Table structure for table `ec_product_tags_translations`
--

CREATE TABLE `ec_product_tags_translations` (
  `lang_code` varchar(191) COLLATE utf8mb4_unicode_ci NOT NULL,
  `ec_product_tags_id` bigint unsigned NOT NULL,
  `name` varchar(191) COLLATE utf8mb4_unicode_ci DEFAULT NULL,
  PRIMARY KEY (`lang_code`,`ec_product_tags_id`)
) ENGINE=InnoDB DEFAULT CHARSET=utf8mb4 COLLATE=utf8mb4_unicode_ci;

--
-- Dumping data for table `ec_product_tags_translations`
--


--
-- Table structure for table `ec_product_up_sale_relations`
--

CREATE TABLE `ec_product_up_sale_relations` (
  `from_product_id` bigint unsigned NOT NULL,
  `to_product_id` bigint unsigned NOT NULL,
  PRIMARY KEY (`from_product_id`,`to_product_id`),
  KEY `ec_product_up_sale_relations_from_product_id_index` (`from_product_id`),
  KEY `ec_product_up_sale_relations_to_product_id_index` (`to_product_id`)
) ENGINE=InnoDB DEFAULT CHARSET=utf8mb4 COLLATE=utf8mb4_unicode_ci;

--
-- Dumping data for table `ec_product_up_sale_relations`
--


--
-- Table structure for table `ec_product_variation_items`
--

CREATE TABLE `ec_product_variation_items` (
  `id` bigint unsigned NOT NULL AUTO_INCREMENT,
  `attribute_id` bigint unsigned NOT NULL,
  `variation_id` bigint unsigned NOT NULL,
  PRIMARY KEY (`id`),
  UNIQUE KEY `ec_product_variation_items_attribute_id_variation_id_unique` (`attribute_id`,`variation_id`),
  KEY `attribute_variation_index` (`attribute_id`,`variation_id`)
) ENGINE=InnoDB AUTO_INCREMENT=301 DEFAULT CHARSET=utf8mb4 COLLATE=utf8mb4_unicode_ci;

--
-- Dumping data for table `ec_product_variation_items`
--

INSERT INTO `ec_product_variation_items` VALUES (5,1,3),(39,1,20),(43,1,22),(49,1,25),(55,1,28),(61,1,31),(63,1,32),(73,1,37),(89,1,45),(95,1,48),(105,1,53),(9,2,5),(19,2,10),(29,2,15),(31,2,16),(33,2,17),(37,2,19),(57,2,29),(65,2,33),(71,2,36),(79,2,40),(81,2,41),(91,2,46),(97,2,49),(101,2,51),(25,3,13),(41,3,21),(69,3,35),(77,3,39),(103,3,52),(3,4,2),(11,4,6),(13,4,7),(21,4,11),(23,4,12),(45,4,23),(47,4,24),(87,4,44),(93,4,47),(1,5,1),(7,5,4),(15,5,8),(17,5,9),(27,5,14),(35,5,18),(51,5,26),(53,5,27),(59,5,30),(67,5,34),(75,5,38),(83,5,42),(85,5,43),(99,5,50),(107,5,54),(2,6,1),(16,6,8),(38,6,19),(46,6,23),(50,6,25),(70,6,35),(90,6,45),(94,6,47),(106,6,53),(14,7,7),(20,7,10),(30,7,15),(34,7,17),(58,7,29),(64,7,32),(66,7,33),(72,7,36),(88,7,44),(12,8,6),(26,8,13),(28,8,14),(36,8,18),(42,8,21),(48,8,24),(56,8,28),(78,8,39),(80,8,40),(84,8,42),(4,9,2),(10,9,5),(60,9,30),(74,9,37),(76,9,38),(92,9,46),(6,10,3),(8,10,4),(18,10,9),(22,10,11),(24,10,12),(32,10,16),(40,10,20),(44,10,22),(52,10,26),(54,10,27),(62,10,31),(68,10,34),(82,10,41),(86,10,43),(96,10,48),(98,10,49),(100,10,50),(102,10,51),(104,10,52),(108,10,54),(119,11,60),(121,11,61),(125,11,63),(141,11,71),(143,11,72),(153,11,77),(155,11,78),(219,11,110),(221,11,111),(245,11,123),(247,11,124),(277,11,139),(283,11,142),(287,11,144),(291,11,146),(297,11,149),(123,12,62),(135,12,68),(149,12,75),(157,12,79),(161,12,81),(163,12,82),(215,12,108),(237,12,119),(241,12,121),(243,12,122),(251,12,126),(253,12,127),(271,12,136),(273,12,137),(275,12,138),(289,12,145),(113,13,57),(115,13,58),(117,13,59),(127,13,64),(133,13,67),(169,13,85),(177,13,89),(181,13,91),(185,13,93),(187,13,94),(191,13,96),(197,13,99),(201,13,101),(203,13,102),(205,13,103),(209,13,105),(211,13,106),(225,13,113),(229,13,115),(231,13,116),(265,13,133),(269,13,135),(293,13,147),(109,14,55),(111,14,56),(129,14,65),(137,14,69),(145,14,73),(147,14,74),(165,14,83),(167,14,84),(189,14,95),(193,14,97),(223,14,112),(233,14,117),(235,14,118),(239,14,120),(249,14,125),(263,14,132),(267,14,134),(279,14,140),(281,14,141),(285,14,143),(299,14,150),(131,15,66),(139,15,70),(151,15,76),(159,15,80),(171,15,86),(173,15,87),(175,15,88),(179,15,90),(183,15,92),(195,15,98),(199,15,100),(207,15,104),(213,15,107),(217,15,109),(227,15,114),(255,15,128),(257,15,129),(259,15,130),(261,15,131),(295,15,148),(110,16,55),(112,16,56),(114,16,57),(116,16,58),(118,16,59),(124,16,62),(126,16,63),(128,16,64),(140,16,70),(142,16,71),(152,16,76),(156,16,78),(158,16,79),(162,16,81),(186,16,93),(192,16,96),(200,16,100),(204,16,102),(218,16,109),(234,16,117),(248,16,124),(262,16,131),(284,16,142),(290,16,145),(292,16,146),(294,16,147),(154,17,77),(160,17,80),(166,17,83),(168,17,84),(178,17,89),(180,17,90),(206,17,103),(216,17,108),(222,17,111),(238,17,119),(254,17,127),(256,17,128),(280,17,140),(296,17,148),(122,18,61),(136,18,68),(144,18,72),(170,18,85),(182,18,91),(190,18,95),(196,18,98),(198,18,99),(210,18,105),(212,18,106),(258,18,129),(260,18,130),(266,18,133),(268,18,134),(270,18,135),(272,18,136),(288,18,144),(130,19,65),(132,19,66),(138,19,69),(146,19,73),(148,19,74),(176,19,88),(202,19,101),(208,19,104),(214,19,107),(220,19,110),(226,19,113),(228,19,114),(242,19,121),(246,19,123),(250,19,125),(252,19,126),(264,19,132),(286,19,143),(300,19,150),(120,20,60),(134,20,67),(150,20,75),(164,20,82),(172,20,86),(174,20,87),(184,20,92),(188,20,94),(194,20,97),(224,20,112),(230,20,115),(232,20,116),(236,20,118),(240,20,120),(244,20,122),(274,20,137),(276,20,138),(278,20,139),(282,20,141),(298,20,149);

--
-- Table structure for table `ec_product_variations`
--

CREATE TABLE `ec_product_variations` (
  `id` bigint unsigned NOT NULL AUTO_INCREMENT,
  `product_id` bigint unsigned DEFAULT NULL,
  `configurable_product_id` bigint unsigned NOT NULL,
  `is_default` tinyint NOT NULL DEFAULT '0',
  PRIMARY KEY (`id`),
  UNIQUE KEY `ec_product_variations_product_id_configurable_product_id_unique` (`product_id`,`configurable_product_id`),
  KEY `configurable_product_index` (`product_id`,`configurable_product_id`)
) ENGINE=InnoDB AUTO_INCREMENT=151 DEFAULT CHARSET=utf8mb4 COLLATE=utf8mb4_unicode_ci;

--
-- Dumping data for table `ec_product_variations`
--

INSERT INTO `ec_product_variations` VALUES (1,66,1,1),(2,67,1,0),(3,68,1,0),(4,69,2,1),(5,70,3,1),(6,71,3,0),(7,72,4,1),(8,73,4,0),(9,74,5,1),(10,75,6,1),(11,76,6,0),(12,77,6,0),(13,78,7,1),(14,79,7,0),(15,80,8,1),(16,81,8,0),(17,82,9,1),(18,83,9,0),(19,84,9,0),(20,85,9,0),(21,86,10,1),(22,87,10,0),(23,88,10,0),(24,89,11,1),(25,90,11,0),(26,91,11,0),(27,92,12,1),(28,93,12,0),(29,94,12,0),(30,95,12,0),(31,96,13,1),(32,97,14,1),(33,98,14,0),(34,99,15,1),(35,100,15,0),(36,101,16,1),(37,102,16,0),(38,103,16,0),(39,104,17,1),(40,105,17,0),(41,106,18,1),(42,107,18,0),(43,108,19,1),(44,109,20,1),(45,110,20,0),(46,111,20,0),(47,112,21,1),(48,113,21,0),(49,114,22,1),(50,115,22,0),(51,116,23,1),(52,117,23,0),(53,118,23,0),(54,119,23,0),(55,120,24,1),(56,121,24,0),(57,122,25,1),(58,123,25,0),(59,124,26,1),(60,125,27,1),(61,126,27,0),(62,127,28,1),(63,128,29,1),(64,129,30,1),(65,130,31,1),(66,131,31,0),(67,132,32,1),(68,133,32,0),(69,134,32,0),(70,135,32,0),(71,136,33,1),(72,137,33,0),(73,138,34,1),(74,139,34,0),(75,140,35,1),(76,141,35,0),(77,142,35,0),(78,143,36,1),(79,144,36,0),(80,145,37,1),(81,146,38,1),(82,147,38,0),(83,148,39,1),(84,149,39,0),(85,150,39,0),(86,151,39,0),(87,152,40,1),(88,153,40,0),(89,154,40,0),(90,155,41,1),(91,156,41,0),(92,157,41,0),(93,158,42,1),(94,159,42,0),(95,160,42,0),(96,161,42,0),(97,162,43,1),(98,163,43,0),(99,164,44,1),(100,165,44,0),(101,166,45,1),(102,167,46,1),(103,168,46,0),(104,169,46,0),(105,170,47,1),(106,171,48,1),(107,172,48,0),(108,173,49,1),(109,174,49,0),(110,175,49,0),(111,176,50,1),(112,177,51,1),(113,178,51,0),(114,179,52,1),(115,180,52,0),(116,181,52,0),(117,182,52,0),(118,183,53,1),(119,184,53,0),(120,185,53,0),(121,186,54,1),(122,187,54,0),(123,188,55,1),(124,189,55,0),(125,190,55,0),(126,191,55,0),(127,192,56,1),(128,193,57,1),(129,194,58,1),(130,195,58,0),(131,196,58,0),(132,197,58,0),(133,198,59,1),(134,199,59,0),(135,200,60,1),(136,201,60,0),(137,202,61,1),(138,203,61,0),(139,204,61,0),(140,205,61,0),(141,206,62,1),(142,207,62,0),(143,208,63,1),(144,209,63,0),(145,210,63,0),(146,211,64,1),(147,212,64,0),(148,213,64,0),(149,214,65,1),(150,215,65,0);

--
-- Table structure for table `ec_product_views`
--

CREATE TABLE `ec_product_views` (
  `id` bigint unsigned NOT NULL AUTO_INCREMENT,
  `product_id` bigint unsigned NOT NULL,
  `views` int NOT NULL DEFAULT '1',
  `date` date NOT NULL DEFAULT '2024-05-23',
  PRIMARY KEY (`id`),
  UNIQUE KEY `ec_product_views_product_id_date_unique` (`product_id`,`date`),
  KEY `ec_product_views_product_id_index` (`product_id`)
) ENGINE=InnoDB DEFAULT CHARSET=utf8mb4 COLLATE=utf8mb4_unicode_ci;

--
-- Dumping data for table `ec_product_views`
--


--
-- Table structure for table `ec_product_with_attribute_set`
--

CREATE TABLE `ec_product_with_attribute_set` (
  `attribute_set_id` bigint unsigned NOT NULL,
  `product_id` bigint unsigned NOT NULL,
  `order` tinyint unsigned NOT NULL DEFAULT '0',
  PRIMARY KEY (`product_id`,`attribute_set_id`)
) ENGINE=InnoDB DEFAULT CHARSET=utf8mb4 COLLATE=utf8mb4_unicode_ci;

--
-- Dumping data for table `ec_product_with_attribute_set`
--

INSERT INTO `ec_product_with_attribute_set` VALUES (1,1,0),(2,1,0),(1,2,0),(2,2,0),(1,3,0),(2,3,0),(1,4,0),(2,4,0),(1,5,0),(2,5,0),(1,6,0),(2,6,0),(1,7,0),(2,7,0),(1,8,0),(2,8,0),(1,9,0),(2,9,0),(1,10,0),(2,10,0),(1,11,0),(2,11,0),(1,12,0),(2,12,0),(1,13,0),(2,13,0),(1,14,0),(2,14,0),(1,15,0),(2,15,0),(1,16,0),(2,16,0),(1,17,0),(2,17,0),(1,18,0),(2,18,0),(1,19,0),(2,19,0),(1,20,0),(2,20,0),(1,21,0),(2,21,0),(1,22,0),(2,22,0),(1,23,0),(2,23,0),(3,24,0),(4,24,0),(3,25,0),(4,25,0),(3,26,0),(4,26,0),(3,27,0),(4,27,0),(3,28,0),(4,28,0),(3,29,0),(4,29,0),(3,30,0),(4,30,0),(3,31,0),(4,31,0),(3,32,0),(4,32,0),(3,33,0),(4,33,0),(3,34,0),(4,34,0),(3,35,0),(4,35,0),(3,36,0),(4,36,0),(3,37,0),(4,37,0),(3,38,0),(4,38,0),(3,39,0),(4,39,0),(3,40,0),(4,40,0),(3,41,0),(4,41,0),(3,42,0),(4,42,0),(3,43,0),(4,43,0),(3,44,0),(4,44,0),(3,45,0),(4,45,0),(3,46,0),(4,46,0),(3,47,0),(4,47,0),(3,48,0),(4,48,0),(3,49,0),(4,49,0),(3,50,0),(4,50,0),(3,51,0),(4,51,0),(3,52,0),(4,52,0),(3,53,0),(4,53,0),(3,54,0),(4,54,0),(3,55,0),(4,55,0),(3,56,0),(4,56,0),(3,57,0),(4,57,0),(3,58,0),(4,58,0),(3,59,0),(4,59,0),(3,60,0),(4,60,0),(3,61,0),(4,61,0),(3,62,0),(4,62,0),(3,63,0),(4,63,0),(3,64,0),(4,64,0),(3,65,0),(4,65,0);

--
-- Table structure for table `ec_products`
--

CREATE TABLE `ec_products` (
  `id` bigint unsigned NOT NULL AUTO_INCREMENT,
  `name` varchar(191) COLLATE utf8mb4_unicode_ci NOT NULL,
  `description` text COLLATE utf8mb4_unicode_ci,
  `content` longtext COLLATE utf8mb4_unicode_ci,
  `status` varchar(60) COLLATE utf8mb4_unicode_ci NOT NULL DEFAULT 'published',
  `images` text COLLATE utf8mb4_unicode_ci,
  `sku` varchar(191) COLLATE utf8mb4_unicode_ci DEFAULT NULL,
  `order` int unsigned NOT NULL DEFAULT '0',
  `quantity` int unsigned DEFAULT NULL,
  `allow_checkout_when_out_of_stock` tinyint unsigned NOT NULL DEFAULT '0',
  `with_storehouse_management` tinyint unsigned NOT NULL DEFAULT '0',
  `is_featured` tinyint unsigned NOT NULL DEFAULT '0',
  `brand_id` bigint unsigned DEFAULT NULL,
  `is_variation` tinyint NOT NULL DEFAULT '0',
  `sale_type` tinyint NOT NULL DEFAULT '0',
  `price` double unsigned DEFAULT NULL,
  `sale_price` double unsigned DEFAULT NULL,
  `start_date` timestamp NULL DEFAULT NULL,
  `end_date` timestamp NULL DEFAULT NULL,
  `length` double(8,2) DEFAULT NULL,
  `wide` double(8,2) DEFAULT NULL,
  `height` double(8,2) DEFAULT NULL,
  `weight` double(8,2) DEFAULT NULL,
  `tax_id` bigint unsigned DEFAULT NULL,
  `views` bigint NOT NULL DEFAULT '0',
  `created_at` timestamp NULL DEFAULT NULL,
  `updated_at` timestamp NULL DEFAULT NULL,
  `stock_status` varchar(191) COLLATE utf8mb4_unicode_ci DEFAULT 'in_stock',
  `created_by_id` bigint unsigned DEFAULT '0',
  `created_by_type` varchar(191) COLLATE utf8mb4_unicode_ci NOT NULL DEFAULT 'Botble\\ACL\\Models\\User',
  `image` varchar(191) COLLATE utf8mb4_unicode_ci DEFAULT NULL,
  `product_type` varchar(60) COLLATE utf8mb4_unicode_ci DEFAULT 'physical',
  `barcode` varchar(50) COLLATE utf8mb4_unicode_ci DEFAULT NULL,
  `cost_per_item` double DEFAULT NULL,
  `generate_license_code` tinyint(1) NOT NULL DEFAULT '0',
  `minimum_order_quantity` int unsigned DEFAULT '0',
  `maximum_order_quantity` int unsigned DEFAULT '0',
  PRIMARY KEY (`id`),
  KEY `ec_products_brand_id_status_is_variation_created_at_index` (`brand_id`,`status`,`is_variation`,`created_at`),
  KEY `sale_type_index` (`sale_type`),
  KEY `start_date_index` (`start_date`),
  KEY `end_date_index` (`end_date`),
  KEY `sale_price_index` (`sale_price`),
  KEY `is_variation_index` (`is_variation`),
  KEY `ec_products_sku_index` (`sku`)
) ENGINE=InnoDB AUTO_INCREMENT=216 DEFAULT CHARSET=utf8mb4 COLLATE=utf8mb4_unicode_ci;

--
-- Dumping data for table `ec_products`
--

INSERT INTO `ec_products` VALUES (1,'Dual Camera 20MP (Digital)','<ul><li> Unrestrained and portable active stereo speaker</li>\n            <li> Free from the confines of wires and chords</li>\n            <li> 20 hours of portable capabilities</li>\n            <li> Double-ended Coil Cord with 3.5mm Stereo Plugs Included</li>\n            <li> 3/4″ Dome Tweeters: 2X and 4″ Woofer: 1X</li></ul>','<p>Short Hooded Coat features a straight body, large pockets with button flaps, ventilation air holes, and a string detail along the hemline. The style is completed with a drawstring hood, featuring Rains’ signature built-in cap. Made from waterproof, matte PU, this lightweight unisex rain jacket is an ode to nostalgia through its classic silhouette and utilitarian design details.</p>\n                                <p>- Casual unisex fit</p>\n\n                                <p>- 64% polyester, 36% polyurethane</p>\n\n                                <p>- Water column pressure: 4000 mm</p>\n\n                                <p>- Model is 187cm tall and wearing a size S / M</p>\n\n                                <p>- Unisex fit</p>\n\n                                <p>- Drawstring hood with built-in cap</p>\n\n                                <p>- Front placket with snap buttons</p>\n\n                                <p>- Ventilation under armpit</p>\n\n                                <p>- Adjustable cuffs</p>\n\n                                <p>- Double welted front pockets</p>\n\n                                <p>- Adjustable elastic string at hempen</p>\n\n                                <p>- Ultrasonically welded seams</p>\n\n                                <p>This is a unisex item, please check our clothing &amp; footwear sizing guide for specific Rains jacket sizing information. RAINS comes from the rainy nation of Denmark at the edge of the European continent, close to the ocean and with prevailing westerly winds; all factors that contribute to an average of 121 rain days each year. Arising from these rainy weather conditions comes the attitude that a quick rain shower may be beautiful, as well as moody- but first and foremost requires the right outfit. Rains focus on the whole experience of going outside on rainy days, issuing an invitation to explore even in the most mercurial weather.</p><div>[get-in-touch title=\"Beautiful Pictures For All\" description=\"You don’t need to be a photographer to know a great photo when you see one. And you don’t need to be a photographer to take a great photo—you just need the D3500. It s as easy to use as a point-and-shoot, but it takes beautiful DSLR photos and videos that get noticed. It feels outstanding in your hands, sturdy and balanced with controls where you want them\" image=\"general/banner-product-1.png\" button_primary_label=\"View collections\" button_primary_url=\"products\" button_secondary_label=\"Learn more\" button_secondary_url=\"/products\"][/get-in-touch]</div><div>[about-product title=\"Easy. Portable. Amazing\" description=\"Take more memorable images. The photos you take with the D3500 capture more than the moment—they capture the feeling of the moment, a feeling that can be shared immediately with your friends and family and then relived for a lifetime.\" image=\"general/product-feature.png\" quantity=\"6\" title_1=\"Less thinking. More shooting\" title_2=\"Picture after amazing picture\" title_3=\"The day tripper\" title_4=\"Newbies welcome\" title_5=\"Colors that pop in any light\" title_6=\"Fast, accurate focusing\"][/about-product]</div><div>[intro-video title=\"Your camera’s bridge to your world\" subtitle=\"The D3500 Two Lens Kit includes two matched lenses to help you cover all the angles. The AF-P DX NIKKOR 18-55mm f/3.5-5.6G VR lens is great for portraits, landscapes, videos and other wide perspective shots. The AF-P DX NIKKOR 70-300mm f/4.5-6.3G ED is a versatile telephoto zoom lens that’s great for sports, concerts, nature and more.\" image=\"general/intro-video-product.png\" tag=\"Business\" youtube_video_url=\"https://www.youtube.com/watch?v=HZ3XumHDDwA\" icon_image=\"icons/bg-plan.png\"][/intro-video]</div><div>[site-statistics title=\"See why we are trusted the world over\" quantity=\"4\" title_1=\"Social followers\" data_1=\"367\" unit_1=\"K\" title_2=\"Happy Clients\" data_2=\"19\" unit_2=\"K+\" title_3=\"Project Done\" data_3=\"604\" unit_3=\"K+\" title_4=\"Global branch\" data_4=\"96\"][/site-statistics]</div>','published','[\"products\\/1.jpg\"]','SW-133-A0',0,13,0,1,1,1,0,0,80.25,NULL,NULL,NULL,11.00,20.00,18.00,554.00,NULL,20414,'2024-05-22 23:57:13','2024-05-22 23:57:15','in_stock',0,'Botble\\ACL\\Models\\User',NULL,'digital',NULL,NULL,0,0,0),(2,'Smart Watches','<ul><li> Unrestrained and portable active stereo speaker</li>\n            <li> Free from the confines of wires and chords</li>\n            <li> 20 hours of portable capabilities</li>\n            <li> Double-ended Coil Cord with 3.5mm Stereo Plugs Included</li>\n            <li> 3/4″ Dome Tweeters: 2X and 4″ Woofer: 1X</li></ul>','<p>Short Hooded Coat features a straight body, large pockets with button flaps, ventilation air holes, and a string detail along the hemline. The style is completed with a drawstring hood, featuring Rains’ signature built-in cap. Made from waterproof, matte PU, this lightweight unisex rain jacket is an ode to nostalgia through its classic silhouette and utilitarian design details.</p>\n                                <p>- Casual unisex fit</p>\n\n                                <p>- 64% polyester, 36% polyurethane</p>\n\n                                <p>- Water column pressure: 4000 mm</p>\n\n                                <p>- Model is 187cm tall and wearing a size S / M</p>\n\n                                <p>- Unisex fit</p>\n\n                                <p>- Drawstring hood with built-in cap</p>\n\n                                <p>- Front placket with snap buttons</p>\n\n                                <p>- Ventilation under armpit</p>\n\n                                <p>- Adjustable cuffs</p>\n\n                                <p>- Double welted front pockets</p>\n\n                                <p>- Adjustable elastic string at hempen</p>\n\n                                <p>- Ultrasonically welded seams</p>\n\n                                <p>This is a unisex item, please check our clothing &amp; footwear sizing guide for specific Rains jacket sizing information. RAINS comes from the rainy nation of Denmark at the edge of the European continent, close to the ocean and with prevailing westerly winds; all factors that contribute to an average of 121 rain days each year. Arising from these rainy weather conditions comes the attitude that a quick rain shower may be beautiful, as well as moody- but first and foremost requires the right outfit. Rains focus on the whole experience of going outside on rainy days, issuing an invitation to explore even in the most mercurial weather.</p><div>[get-in-touch title=\"Beautiful Pictures For All\" description=\"You don’t need to be a photographer to know a great photo when you see one. And you don’t need to be a photographer to take a great photo—you just need the D3500. It s as easy to use as a point-and-shoot, but it takes beautiful DSLR photos and videos that get noticed. It feels outstanding in your hands, sturdy and balanced with controls where you want them\" image=\"general/banner-product-1.png\" button_primary_label=\"View collections\" button_primary_url=\"products\" button_secondary_label=\"Learn more\" button_secondary_url=\"/products\"][/get-in-touch]</div><div>[about-product title=\"Easy. Portable. Amazing\" description=\"Take more memorable images. The photos you take with the D3500 capture more than the moment—they capture the feeling of the moment, a feeling that can be shared immediately with your friends and family and then relived for a lifetime.\" image=\"general/product-feature.png\" quantity=\"6\" title_1=\"Less thinking. More shooting\" title_2=\"Picture after amazing picture\" title_3=\"The day tripper\" title_4=\"Newbies welcome\" title_5=\"Colors that pop in any light\" title_6=\"Fast, accurate focusing\"][/about-product]</div><div>[intro-video title=\"Your camera’s bridge to your world\" subtitle=\"The D3500 Two Lens Kit includes two matched lenses to help you cover all the angles. The AF-P DX NIKKOR 18-55mm f/3.5-5.6G VR lens is great for portraits, landscapes, videos and other wide perspective shots. The AF-P DX NIKKOR 70-300mm f/4.5-6.3G ED is a versatile telephoto zoom lens that’s great for sports, concerts, nature and more.\" image=\"general/intro-video-product.png\" tag=\"Business\" youtube_video_url=\"https://www.youtube.com/watch?v=HZ3XumHDDwA\" icon_image=\"icons/bg-plan.png\"][/intro-video]</div><div>[site-statistics title=\"See why we are trusted the world over\" quantity=\"4\" title_1=\"Social followers\" data_1=\"367\" unit_1=\"K\" title_2=\"Happy Clients\" data_2=\"19\" unit_2=\"K+\" title_3=\"Project Done\" data_3=\"604\" unit_3=\"K+\" title_4=\"Global branch\" data_4=\"96\"][/site-statistics]</div>','published','[\"products\\/2.jpg\",\"products\\/2-1.jpg\",\"products\\/2-2.jpg\",\"products\\/2-3.jpg\"]','SW-136-A0',0,10,0,1,1,5,0,0,40.5,NULL,NULL,NULL,11.00,15.00,17.00,644.00,NULL,76645,'2024-05-22 23:57:13','2024-05-22 23:57:15','in_stock',0,'Botble\\ACL\\Models\\User',NULL,'physical',NULL,NULL,0,0,0),(3,'Beat Headphone','<ul><li> Unrestrained and portable active stereo speaker</li>\n            <li> Free from the confines of wires and chords</li>\n            <li> 20 hours of portable capabilities</li>\n            <li> Double-ended Coil Cord with 3.5mm Stereo Plugs Included</li>\n            <li> 3/4″ Dome Tweeters: 2X and 4″ Woofer: 1X</li></ul>','<p>Short Hooded Coat features a straight body, large pockets with button flaps, ventilation air holes, and a string detail along the hemline. The style is completed with a drawstring hood, featuring Rains’ signature built-in cap. Made from waterproof, matte PU, this lightweight unisex rain jacket is an ode to nostalgia through its classic silhouette and utilitarian design details.</p>\n                                <p>- Casual unisex fit</p>\n\n                                <p>- 64% polyester, 36% polyurethane</p>\n\n                                <p>- Water column pressure: 4000 mm</p>\n\n                                <p>- Model is 187cm tall and wearing a size S / M</p>\n\n                                <p>- Unisex fit</p>\n\n                                <p>- Drawstring hood with built-in cap</p>\n\n                                <p>- Front placket with snap buttons</p>\n\n                                <p>- Ventilation under armpit</p>\n\n                                <p>- Adjustable cuffs</p>\n\n                                <p>- Double welted front pockets</p>\n\n                                <p>- Adjustable elastic string at hempen</p>\n\n                                <p>- Ultrasonically welded seams</p>\n\n                                <p>This is a unisex item, please check our clothing &amp; footwear sizing guide for specific Rains jacket sizing information. RAINS comes from the rainy nation of Denmark at the edge of the European continent, close to the ocean and with prevailing westerly winds; all factors that contribute to an average of 121 rain days each year. Arising from these rainy weather conditions comes the attitude that a quick rain shower may be beautiful, as well as moody- but first and foremost requires the right outfit. Rains focus on the whole experience of going outside on rainy days, issuing an invitation to explore even in the most mercurial weather.</p><div>[get-in-touch title=\"Beautiful Pictures For All\" description=\"You don’t need to be a photographer to know a great photo when you see one. And you don’t need to be a photographer to take a great photo—you just need the D3500. It s as easy to use as a point-and-shoot, but it takes beautiful DSLR photos and videos that get noticed. It feels outstanding in your hands, sturdy and balanced with controls where you want them\" image=\"general/banner-product-1.png\" button_primary_label=\"View collections\" button_primary_url=\"products\" button_secondary_label=\"Learn more\" button_secondary_url=\"/products\"][/get-in-touch]</div><div>[about-product title=\"Easy. Portable. Amazing\" description=\"Take more memorable images. The photos you take with the D3500 capture more than the moment—they capture the feeling of the moment, a feeling that can be shared immediately with your friends and family and then relived for a lifetime.\" image=\"general/product-feature.png\" quantity=\"6\" title_1=\"Less thinking. More shooting\" title_2=\"Picture after amazing picture\" title_3=\"The day tripper\" title_4=\"Newbies welcome\" title_5=\"Colors that pop in any light\" title_6=\"Fast, accurate focusing\"][/about-product]</div><div>[intro-video title=\"Your camera’s bridge to your world\" subtitle=\"The D3500 Two Lens Kit includes two matched lenses to help you cover all the angles. The AF-P DX NIKKOR 18-55mm f/3.5-5.6G VR lens is great for portraits, landscapes, videos and other wide perspective shots. The AF-P DX NIKKOR 70-300mm f/4.5-6.3G ED is a versatile telephoto zoom lens that’s great for sports, concerts, nature and more.\" image=\"general/intro-video-product.png\" tag=\"Business\" youtube_video_url=\"https://www.youtube.com/watch?v=HZ3XumHDDwA\" icon_image=\"icons/bg-plan.png\"][/intro-video]</div><div>[site-statistics title=\"See why we are trusted the world over\" quantity=\"4\" title_1=\"Social followers\" data_1=\"367\" unit_1=\"K\" title_2=\"Happy Clients\" data_2=\"19\" unit_2=\"K+\" title_3=\"Project Done\" data_3=\"604\" unit_3=\"K+\" title_4=\"Global branch\" data_4=\"96\"][/site-statistics]</div>','published','[\"products\\/3.jpg\"]','SW-144-A0',0,11,0,1,1,4,0,0,20,NULL,NULL,NULL,12.00,11.00,20.00,526.00,NULL,57396,'2024-05-22 23:57:13','2024-05-22 23:57:15','in_stock',0,'Botble\\ACL\\Models\\User',NULL,'physical',NULL,NULL,0,0,0),(4,'Red &amp; Black Headphone','<ul><li> Unrestrained and portable active stereo speaker</li>\n            <li> Free from the confines of wires and chords</li>\n            <li> 20 hours of portable capabilities</li>\n            <li> Double-ended Coil Cord with 3.5mm Stereo Plugs Included</li>\n            <li> 3/4″ Dome Tweeters: 2X and 4″ Woofer: 1X</li></ul>','<p>Short Hooded Coat features a straight body, large pockets with button flaps, ventilation air holes, and a string detail along the hemline. The style is completed with a drawstring hood, featuring Rains’ signature built-in cap. Made from waterproof, matte PU, this lightweight unisex rain jacket is an ode to nostalgia through its classic silhouette and utilitarian design details.</p>\n                                <p>- Casual unisex fit</p>\n\n                                <p>- 64% polyester, 36% polyurethane</p>\n\n                                <p>- Water column pressure: 4000 mm</p>\n\n                                <p>- Model is 187cm tall and wearing a size S / M</p>\n\n                                <p>- Unisex fit</p>\n\n                                <p>- Drawstring hood with built-in cap</p>\n\n                                <p>- Front placket with snap buttons</p>\n\n                                <p>- Ventilation under armpit</p>\n\n                                <p>- Adjustable cuffs</p>\n\n                                <p>- Double welted front pockets</p>\n\n                                <p>- Adjustable elastic string at hempen</p>\n\n                                <p>- Ultrasonically welded seams</p>\n\n                                <p>This is a unisex item, please check our clothing &amp; footwear sizing guide for specific Rains jacket sizing information. RAINS comes from the rainy nation of Denmark at the edge of the European continent, close to the ocean and with prevailing westerly winds; all factors that contribute to an average of 121 rain days each year. Arising from these rainy weather conditions comes the attitude that a quick rain shower may be beautiful, as well as moody- but first and foremost requires the right outfit. Rains focus on the whole experience of going outside on rainy days, issuing an invitation to explore even in the most mercurial weather.</p><div>[get-in-touch title=\"Beautiful Pictures For All\" description=\"You don’t need to be a photographer to know a great photo when you see one. And you don’t need to be a photographer to take a great photo—you just need the D3500. It s as easy to use as a point-and-shoot, but it takes beautiful DSLR photos and videos that get noticed. It feels outstanding in your hands, sturdy and balanced with controls where you want them\" image=\"general/banner-product-1.png\" button_primary_label=\"View collections\" button_primary_url=\"products\" button_secondary_label=\"Learn more\" button_secondary_url=\"/products\"][/get-in-touch]</div><div>[about-product title=\"Easy. Portable. Amazing\" description=\"Take more memorable images. The photos you take with the D3500 capture more than the moment—they capture the feeling of the moment, a feeling that can be shared immediately with your friends and family and then relived for a lifetime.\" image=\"general/product-feature.png\" quantity=\"6\" title_1=\"Less thinking. More shooting\" title_2=\"Picture after amazing picture\" title_3=\"The day tripper\" title_4=\"Newbies welcome\" title_5=\"Colors that pop in any light\" title_6=\"Fast, accurate focusing\"][/about-product]</div><div>[intro-video title=\"Your camera’s bridge to your world\" subtitle=\"The D3500 Two Lens Kit includes two matched lenses to help you cover all the angles. The AF-P DX NIKKOR 18-55mm f/3.5-5.6G VR lens is great for portraits, landscapes, videos and other wide perspective shots. The AF-P DX NIKKOR 70-300mm f/4.5-6.3G ED is a versatile telephoto zoom lens that’s great for sports, concerts, nature and more.\" image=\"general/intro-video-product.png\" tag=\"Business\" youtube_video_url=\"https://www.youtube.com/watch?v=HZ3XumHDDwA\" icon_image=\"icons/bg-plan.png\"][/intro-video]</div><div>[site-statistics title=\"See why we are trusted the world over\" quantity=\"4\" title_1=\"Social followers\" data_1=\"367\" unit_1=\"K\" title_2=\"Happy Clients\" data_2=\"19\" unit_2=\"K+\" title_3=\"Project Done\" data_3=\"604\" unit_3=\"K+\" title_4=\"Global branch\" data_4=\"96\"][/site-statistics]</div>','published','[\"products\\/4.jpg\",\"products\\/4-1.jpg\",\"products\\/4-2.jpg\",\"products\\/4-3.jpg\"]','SW-160-A0',0,10,0,1,1,4,0,0,520,390,NULL,NULL,13.00,18.00,10.00,605.00,NULL,114980,'2024-05-22 23:57:13','2024-05-22 23:57:15','in_stock',0,'Botble\\ACL\\Models\\User',NULL,'physical',NULL,NULL,0,0,0),(5,'Smart Watch External (Digital)','<ul><li> Unrestrained and portable active stereo speaker</li>\n            <li> Free from the confines of wires and chords</li>\n            <li> 20 hours of portable capabilities</li>\n            <li> Double-ended Coil Cord with 3.5mm Stereo Plugs Included</li>\n            <li> 3/4″ Dome Tweeters: 2X and 4″ Woofer: 1X</li></ul>','<p>Short Hooded Coat features a straight body, large pockets with button flaps, ventilation air holes, and a string detail along the hemline. The style is completed with a drawstring hood, featuring Rains’ signature built-in cap. Made from waterproof, matte PU, this lightweight unisex rain jacket is an ode to nostalgia through its classic silhouette and utilitarian design details.</p>\n                                <p>- Casual unisex fit</p>\n\n                                <p>- 64% polyester, 36% polyurethane</p>\n\n                                <p>- Water column pressure: 4000 mm</p>\n\n                                <p>- Model is 187cm tall and wearing a size S / M</p>\n\n                                <p>- Unisex fit</p>\n\n                                <p>- Drawstring hood with built-in cap</p>\n\n                                <p>- Front placket with snap buttons</p>\n\n                                <p>- Ventilation under armpit</p>\n\n                                <p>- Adjustable cuffs</p>\n\n                                <p>- Double welted front pockets</p>\n\n                                <p>- Adjustable elastic string at hempen</p>\n\n                                <p>- Ultrasonically welded seams</p>\n\n                                <p>This is a unisex item, please check our clothing &amp; footwear sizing guide for specific Rains jacket sizing information. RAINS comes from the rainy nation of Denmark at the edge of the European continent, close to the ocean and with prevailing westerly winds; all factors that contribute to an average of 121 rain days each year. Arising from these rainy weather conditions comes the attitude that a quick rain shower may be beautiful, as well as moody- but first and foremost requires the right outfit. Rains focus on the whole experience of going outside on rainy days, issuing an invitation to explore even in the most mercurial weather.</p><div>[get-in-touch title=\"Beautiful Pictures For All\" description=\"You don’t need to be a photographer to know a great photo when you see one. And you don’t need to be a photographer to take a great photo—you just need the D3500. It s as easy to use as a point-and-shoot, but it takes beautiful DSLR photos and videos that get noticed. It feels outstanding in your hands, sturdy and balanced with controls where you want them\" image=\"general/banner-product-1.png\" button_primary_label=\"View collections\" button_primary_url=\"products\" button_secondary_label=\"Learn more\" button_secondary_url=\"/products\"][/get-in-touch]</div><div>[about-product title=\"Easy. Portable. Amazing\" description=\"Take more memorable images. The photos you take with the D3500 capture more than the moment—they capture the feeling of the moment, a feeling that can be shared immediately with your friends and family and then relived for a lifetime.\" image=\"general/product-feature.png\" quantity=\"6\" title_1=\"Less thinking. More shooting\" title_2=\"Picture after amazing picture\" title_3=\"The day tripper\" title_4=\"Newbies welcome\" title_5=\"Colors that pop in any light\" title_6=\"Fast, accurate focusing\"][/about-product]</div><div>[intro-video title=\"Your camera’s bridge to your world\" subtitle=\"The D3500 Two Lens Kit includes two matched lenses to help you cover all the angles. The AF-P DX NIKKOR 18-55mm f/3.5-5.6G VR lens is great for portraits, landscapes, videos and other wide perspective shots. The AF-P DX NIKKOR 70-300mm f/4.5-6.3G ED is a versatile telephoto zoom lens that’s great for sports, concerts, nature and more.\" image=\"general/intro-video-product.png\" tag=\"Business\" youtube_video_url=\"https://www.youtube.com/watch?v=HZ3XumHDDwA\" icon_image=\"icons/bg-plan.png\"][/intro-video]</div><div>[site-statistics title=\"See why we are trusted the world over\" quantity=\"4\" title_1=\"Social followers\" data_1=\"367\" unit_1=\"K\" title_2=\"Happy Clients\" data_2=\"19\" unit_2=\"K+\" title_3=\"Project Done\" data_3=\"604\" unit_3=\"K+\" title_4=\"Global branch\" data_4=\"96\"][/site-statistics]</div>','published','[\"products\\/5.jpg\",\"products\\/5-1.jpg\",\"products\\/5-2.jpg\",\"products\\/5-3.jpg\"]','SW-200-A0',0,12,0,1,1,4,0,0,753,NULL,NULL,NULL,10.00,19.00,16.00,667.00,NULL,164196,'2024-05-22 23:57:13','2024-05-22 23:57:15','in_stock',0,'Botble\\ACL\\Models\\User',NULL,'digital',NULL,NULL,0,0,0),(6,'Nikon HD camera','<ul><li> Unrestrained and portable active stereo speaker</li>\n            <li> Free from the confines of wires and chords</li>\n            <li> 20 hours of portable capabilities</li>\n            <li> Double-ended Coil Cord with 3.5mm Stereo Plugs Included</li>\n            <li> 3/4″ Dome Tweeters: 2X and 4″ Woofer: 1X</li></ul>','<p>Short Hooded Coat features a straight body, large pockets with button flaps, ventilation air holes, and a string detail along the hemline. The style is completed with a drawstring hood, featuring Rains’ signature built-in cap. Made from waterproof, matte PU, this lightweight unisex rain jacket is an ode to nostalgia through its classic silhouette and utilitarian design details.</p>\n                                <p>- Casual unisex fit</p>\n\n                                <p>- 64% polyester, 36% polyurethane</p>\n\n                                <p>- Water column pressure: 4000 mm</p>\n\n                                <p>- Model is 187cm tall and wearing a size S / M</p>\n\n                                <p>- Unisex fit</p>\n\n                                <p>- Drawstring hood with built-in cap</p>\n\n                                <p>- Front placket with snap buttons</p>\n\n                                <p>- Ventilation under armpit</p>\n\n                                <p>- Adjustable cuffs</p>\n\n                                <p>- Double welted front pockets</p>\n\n                                <p>- Adjustable elastic string at hempen</p>\n\n                                <p>- Ultrasonically welded seams</p>\n\n                                <p>This is a unisex item, please check our clothing &amp; footwear sizing guide for specific Rains jacket sizing information. RAINS comes from the rainy nation of Denmark at the edge of the European continent, close to the ocean and with prevailing westerly winds; all factors that contribute to an average of 121 rain days each year. Arising from these rainy weather conditions comes the attitude that a quick rain shower may be beautiful, as well as moody- but first and foremost requires the right outfit. Rains focus on the whole experience of going outside on rainy days, issuing an invitation to explore even in the most mercurial weather.</p><div>[get-in-touch title=\"Beautiful Pictures For All\" description=\"You don’t need to be a photographer to know a great photo when you see one. And you don’t need to be a photographer to take a great photo—you just need the D3500. It s as easy to use as a point-and-shoot, but it takes beautiful DSLR photos and videos that get noticed. It feels outstanding in your hands, sturdy and balanced with controls where you want them\" image=\"general/banner-product-1.png\" button_primary_label=\"View collections\" button_primary_url=\"products\" button_secondary_label=\"Learn more\" button_secondary_url=\"/products\"][/get-in-touch]</div><div>[about-product title=\"Easy. Portable. Amazing\" description=\"Take more memorable images. The photos you take with the D3500 capture more than the moment—they capture the feeling of the moment, a feeling that can be shared immediately with your friends and family and then relived for a lifetime.\" image=\"general/product-feature.png\" quantity=\"6\" title_1=\"Less thinking. More shooting\" title_2=\"Picture after amazing picture\" title_3=\"The day tripper\" title_4=\"Newbies welcome\" title_5=\"Colors that pop in any light\" title_6=\"Fast, accurate focusing\"][/about-product]</div><div>[intro-video title=\"Your camera’s bridge to your world\" subtitle=\"The D3500 Two Lens Kit includes two matched lenses to help you cover all the angles. The AF-P DX NIKKOR 18-55mm f/3.5-5.6G VR lens is great for portraits, landscapes, videos and other wide perspective shots. The AF-P DX NIKKOR 70-300mm f/4.5-6.3G ED is a versatile telephoto zoom lens that’s great for sports, concerts, nature and more.\" image=\"general/intro-video-product.png\" tag=\"Business\" youtube_video_url=\"https://www.youtube.com/watch?v=HZ3XumHDDwA\" icon_image=\"icons/bg-plan.png\"][/intro-video]</div><div>[site-statistics title=\"See why we are trusted the world over\" quantity=\"4\" title_1=\"Social followers\" data_1=\"367\" unit_1=\"K\" title_2=\"Happy Clients\" data_2=\"19\" unit_2=\"K+\" title_3=\"Project Done\" data_3=\"604\" unit_3=\"K+\" title_4=\"Global branch\" data_4=\"96\"][/site-statistics]</div>','published','[\"products\\/6.jpg\"]','SW-100-A0',0,13,0,1,1,2,0,0,441,NULL,NULL,NULL,18.00,18.00,20.00,654.00,NULL,131769,'2024-05-22 23:57:13','2024-05-22 23:57:15','in_stock',0,'Botble\\ACL\\Models\\User',NULL,'physical',NULL,NULL,0,0,0),(7,'Audio Equipment','<ul><li> Unrestrained and portable active stereo speaker</li>\n            <li> Free from the confines of wires and chords</li>\n            <li> 20 hours of portable capabilities</li>\n            <li> Double-ended Coil Cord with 3.5mm Stereo Plugs Included</li>\n            <li> 3/4″ Dome Tweeters: 2X and 4″ Woofer: 1X</li></ul>','<p>Short Hooded Coat features a straight body, large pockets with button flaps, ventilation air holes, and a string detail along the hemline. The style is completed with a drawstring hood, featuring Rains’ signature built-in cap. Made from waterproof, matte PU, this lightweight unisex rain jacket is an ode to nostalgia through its classic silhouette and utilitarian design details.</p>\n                                <p>- Casual unisex fit</p>\n\n                                <p>- 64% polyester, 36% polyurethane</p>\n\n                                <p>- Water column pressure: 4000 mm</p>\n\n                                <p>- Model is 187cm tall and wearing a size S / M</p>\n\n                                <p>- Unisex fit</p>\n\n                                <p>- Drawstring hood with built-in cap</p>\n\n                                <p>- Front placket with snap buttons</p>\n\n                                <p>- Ventilation under armpit</p>\n\n                                <p>- Adjustable cuffs</p>\n\n                                <p>- Double welted front pockets</p>\n\n                                <p>- Adjustable elastic string at hempen</p>\n\n                                <p>- Ultrasonically welded seams</p>\n\n                                <p>This is a unisex item, please check our clothing &amp; footwear sizing guide for specific Rains jacket sizing information. RAINS comes from the rainy nation of Denmark at the edge of the European continent, close to the ocean and with prevailing westerly winds; all factors that contribute to an average of 121 rain days each year. Arising from these rainy weather conditions comes the attitude that a quick rain shower may be beautiful, as well as moody- but first and foremost requires the right outfit. Rains focus on the whole experience of going outside on rainy days, issuing an invitation to explore even in the most mercurial weather.</p><div>[get-in-touch title=\"Beautiful Pictures For All\" description=\"You don’t need to be a photographer to know a great photo when you see one. And you don’t need to be a photographer to take a great photo—you just need the D3500. It s as easy to use as a point-and-shoot, but it takes beautiful DSLR photos and videos that get noticed. It feels outstanding in your hands, sturdy and balanced with controls where you want them\" image=\"general/banner-product-1.png\" button_primary_label=\"View collections\" button_primary_url=\"products\" button_secondary_label=\"Learn more\" button_secondary_url=\"/products\"][/get-in-touch]</div><div>[about-product title=\"Easy. Portable. Amazing\" description=\"Take more memorable images. The photos you take with the D3500 capture more than the moment—they capture the feeling of the moment, a feeling that can be shared immediately with your friends and family and then relived for a lifetime.\" image=\"general/product-feature.png\" quantity=\"6\" title_1=\"Less thinking. More shooting\" title_2=\"Picture after amazing picture\" title_3=\"The day tripper\" title_4=\"Newbies welcome\" title_5=\"Colors that pop in any light\" title_6=\"Fast, accurate focusing\"][/about-product]</div><div>[intro-video title=\"Your camera’s bridge to your world\" subtitle=\"The D3500 Two Lens Kit includes two matched lenses to help you cover all the angles. The AF-P DX NIKKOR 18-55mm f/3.5-5.6G VR lens is great for portraits, landscapes, videos and other wide perspective shots. The AF-P DX NIKKOR 70-300mm f/4.5-6.3G ED is a versatile telephoto zoom lens that’s great for sports, concerts, nature and more.\" image=\"general/intro-video-product.png\" tag=\"Business\" youtube_video_url=\"https://www.youtube.com/watch?v=HZ3XumHDDwA\" icon_image=\"icons/bg-plan.png\"][/intro-video]</div><div>[site-statistics title=\"See why we are trusted the world over\" quantity=\"4\" title_1=\"Social followers\" data_1=\"367\" unit_1=\"K\" title_2=\"Happy Clients\" data_2=\"19\" unit_2=\"K+\" title_3=\"Project Done\" data_3=\"604\" unit_3=\"K+\" title_4=\"Global branch\" data_4=\"96\"][/site-statistics]</div>','published','[\"products\\/7.jpg\"]','SW-109-A0',0,18,0,1,1,4,0,0,552,NULL,NULL,NULL,14.00,15.00,14.00,743.00,NULL,31505,'2024-05-22 23:57:13','2024-05-22 23:57:15','in_stock',0,'Botble\\ACL\\Models\\User',NULL,'physical',NULL,NULL,0,0,0),(8,'Smart Televisions','<ul><li> Unrestrained and portable active stereo speaker</li>\n            <li> Free from the confines of wires and chords</li>\n            <li> 20 hours of portable capabilities</li>\n            <li> Double-ended Coil Cord with 3.5mm Stereo Plugs Included</li>\n            <li> 3/4″ Dome Tweeters: 2X and 4″ Woofer: 1X</li></ul>','<p>Short Hooded Coat features a straight body, large pockets with button flaps, ventilation air holes, and a string detail along the hemline. The style is completed with a drawstring hood, featuring Rains’ signature built-in cap. Made from waterproof, matte PU, this lightweight unisex rain jacket is an ode to nostalgia through its classic silhouette and utilitarian design details.</p>\n                                <p>- Casual unisex fit</p>\n\n                                <p>- 64% polyester, 36% polyurethane</p>\n\n                                <p>- Water column pressure: 4000 mm</p>\n\n                                <p>- Model is 187cm tall and wearing a size S / M</p>\n\n                                <p>- Unisex fit</p>\n\n                                <p>- Drawstring hood with built-in cap</p>\n\n                                <p>- Front placket with snap buttons</p>\n\n                                <p>- Ventilation under armpit</p>\n\n                                <p>- Adjustable cuffs</p>\n\n                                <p>- Double welted front pockets</p>\n\n                                <p>- Adjustable elastic string at hempen</p>\n\n                                <p>- Ultrasonically welded seams</p>\n\n                                <p>This is a unisex item, please check our clothing &amp; footwear sizing guide for specific Rains jacket sizing information. RAINS comes from the rainy nation of Denmark at the edge of the European continent, close to the ocean and with prevailing westerly winds; all factors that contribute to an average of 121 rain days each year. Arising from these rainy weather conditions comes the attitude that a quick rain shower may be beautiful, as well as moody- but first and foremost requires the right outfit. Rains focus on the whole experience of going outside on rainy days, issuing an invitation to explore even in the most mercurial weather.</p><div>[get-in-touch title=\"Beautiful Pictures For All\" description=\"You don’t need to be a photographer to know a great photo when you see one. And you don’t need to be a photographer to take a great photo—you just need the D3500. It s as easy to use as a point-and-shoot, but it takes beautiful DSLR photos and videos that get noticed. It feels outstanding in your hands, sturdy and balanced with controls where you want them\" image=\"general/banner-product-1.png\" button_primary_label=\"View collections\" button_primary_url=\"products\" button_secondary_label=\"Learn more\" button_secondary_url=\"/products\"][/get-in-touch]</div><div>[about-product title=\"Easy. Portable. Amazing\" description=\"Take more memorable images. The photos you take with the D3500 capture more than the moment—they capture the feeling of the moment, a feeling that can be shared immediately with your friends and family and then relived for a lifetime.\" image=\"general/product-feature.png\" quantity=\"6\" title_1=\"Less thinking. More shooting\" title_2=\"Picture after amazing picture\" title_3=\"The day tripper\" title_4=\"Newbies welcome\" title_5=\"Colors that pop in any light\" title_6=\"Fast, accurate focusing\"][/about-product]</div><div>[intro-video title=\"Your camera’s bridge to your world\" subtitle=\"The D3500 Two Lens Kit includes two matched lenses to help you cover all the angles. The AF-P DX NIKKOR 18-55mm f/3.5-5.6G VR lens is great for portraits, landscapes, videos and other wide perspective shots. The AF-P DX NIKKOR 70-300mm f/4.5-6.3G ED is a versatile telephoto zoom lens that’s great for sports, concerts, nature and more.\" image=\"general/intro-video-product.png\" tag=\"Business\" youtube_video_url=\"https://www.youtube.com/watch?v=HZ3XumHDDwA\" icon_image=\"icons/bg-plan.png\"][/intro-video]</div><div>[site-statistics title=\"See why we are trusted the world over\" quantity=\"4\" title_1=\"Social followers\" data_1=\"367\" unit_1=\"K\" title_2=\"Happy Clients\" data_2=\"19\" unit_2=\"K+\" title_3=\"Project Done\" data_3=\"604\" unit_3=\"K+\" title_4=\"Global branch\" data_4=\"96\"][/site-statistics]</div>','published','[\"products\\/8.jpg\",\"products\\/8-1.jpg\",\"products\\/8-2.jpg\",\"products\\/8-3.jpg\"]','SW-163-A0',0,16,0,1,1,4,0,0,1255,941.25,NULL,NULL,19.00,16.00,10.00,794.00,NULL,22974,'2024-05-22 23:57:13','2024-05-22 23:57:15','in_stock',0,'Botble\\ACL\\Models\\User',NULL,'physical',NULL,NULL,0,0,0),(9,'Samsung Smart Phone (Digital)','<ul><li> Unrestrained and portable active stereo speaker</li>\n            <li> Free from the confines of wires and chords</li>\n            <li> 20 hours of portable capabilities</li>\n            <li> Double-ended Coil Cord with 3.5mm Stereo Plugs Included</li>\n            <li> 3/4″ Dome Tweeters: 2X and 4″ Woofer: 1X</li></ul>','<p>Short Hooded Coat features a straight body, large pockets with button flaps, ventilation air holes, and a string detail along the hemline. The style is completed with a drawstring hood, featuring Rains’ signature built-in cap. Made from waterproof, matte PU, this lightweight unisex rain jacket is an ode to nostalgia through its classic silhouette and utilitarian design details.</p>\n                                <p>- Casual unisex fit</p>\n\n                                <p>- 64% polyester, 36% polyurethane</p>\n\n                                <p>- Water column pressure: 4000 mm</p>\n\n                                <p>- Model is 187cm tall and wearing a size S / M</p>\n\n                                <p>- Unisex fit</p>\n\n                                <p>- Drawstring hood with built-in cap</p>\n\n                                <p>- Front placket with snap buttons</p>\n\n                                <p>- Ventilation under armpit</p>\n\n                                <p>- Adjustable cuffs</p>\n\n                                <p>- Double welted front pockets</p>\n\n                                <p>- Adjustable elastic string at hempen</p>\n\n                                <p>- Ultrasonically welded seams</p>\n\n                                <p>This is a unisex item, please check our clothing &amp; footwear sizing guide for specific Rains jacket sizing information. RAINS comes from the rainy nation of Denmark at the edge of the European continent, close to the ocean and with prevailing westerly winds; all factors that contribute to an average of 121 rain days each year. Arising from these rainy weather conditions comes the attitude that a quick rain shower may be beautiful, as well as moody- but first and foremost requires the right outfit. Rains focus on the whole experience of going outside on rainy days, issuing an invitation to explore even in the most mercurial weather.</p><div>[get-in-touch title=\"Beautiful Pictures For All\" description=\"You don’t need to be a photographer to know a great photo when you see one. And you don’t need to be a photographer to take a great photo—you just need the D3500. It s as easy to use as a point-and-shoot, but it takes beautiful DSLR photos and videos that get noticed. It feels outstanding in your hands, sturdy and balanced with controls where you want them\" image=\"general/banner-product-1.png\" button_primary_label=\"View collections\" button_primary_url=\"products\" button_secondary_label=\"Learn more\" button_secondary_url=\"/products\"][/get-in-touch]</div><div>[about-product title=\"Easy. Portable. Amazing\" description=\"Take more memorable images. The photos you take with the D3500 capture more than the moment—they capture the feeling of the moment, a feeling that can be shared immediately with your friends and family and then relived for a lifetime.\" image=\"general/product-feature.png\" quantity=\"6\" title_1=\"Less thinking. More shooting\" title_2=\"Picture after amazing picture\" title_3=\"The day tripper\" title_4=\"Newbies welcome\" title_5=\"Colors that pop in any light\" title_6=\"Fast, accurate focusing\"][/about-product]</div><div>[intro-video title=\"Your camera’s bridge to your world\" subtitle=\"The D3500 Two Lens Kit includes two matched lenses to help you cover all the angles. The AF-P DX NIKKOR 18-55mm f/3.5-5.6G VR lens is great for portraits, landscapes, videos and other wide perspective shots. The AF-P DX NIKKOR 70-300mm f/4.5-6.3G ED is a versatile telephoto zoom lens that’s great for sports, concerts, nature and more.\" image=\"general/intro-video-product.png\" tag=\"Business\" youtube_video_url=\"https://www.youtube.com/watch?v=HZ3XumHDDwA\" icon_image=\"icons/bg-plan.png\"][/intro-video]</div><div>[site-statistics title=\"See why we are trusted the world over\" quantity=\"4\" title_1=\"Social followers\" data_1=\"367\" unit_1=\"K\" title_2=\"Happy Clients\" data_2=\"19\" unit_2=\"K+\" title_3=\"Project Done\" data_3=\"604\" unit_3=\"K+\" title_4=\"Global branch\" data_4=\"96\"][/site-statistics]</div>','published','[\"products\\/9.jpg\",\"products\\/9-1.jpg\",\"products\\/9-2.jpg\"]','SW-195-A0',0,11,0,1,1,1,0,0,504,NULL,NULL,NULL,15.00,11.00,14.00,784.00,NULL,14980,'2024-05-22 23:57:13','2024-05-22 23:57:15','in_stock',0,'Botble\\ACL\\Models\\User',NULL,'digital',NULL,NULL,0,0,0),(10,'Herschel Leather Duffle Bag In Brown Color','<ul><li> Unrestrained and portable active stereo speaker</li>\n            <li> Free from the confines of wires and chords</li>\n            <li> 20 hours of portable capabilities</li>\n            <li> Double-ended Coil Cord with 3.5mm Stereo Plugs Included</li>\n            <li> 3/4″ Dome Tweeters: 2X and 4″ Woofer: 1X</li></ul>','<p>Short Hooded Coat features a straight body, large pockets with button flaps, ventilation air holes, and a string detail along the hemline. The style is completed with a drawstring hood, featuring Rains’ signature built-in cap. Made from waterproof, matte PU, this lightweight unisex rain jacket is an ode to nostalgia through its classic silhouette and utilitarian design details.</p>\n                                <p>- Casual unisex fit</p>\n\n                                <p>- 64% polyester, 36% polyurethane</p>\n\n                                <p>- Water column pressure: 4000 mm</p>\n\n                                <p>- Model is 187cm tall and wearing a size S / M</p>\n\n                                <p>- Unisex fit</p>\n\n                                <p>- Drawstring hood with built-in cap</p>\n\n                                <p>- Front placket with snap buttons</p>\n\n                                <p>- Ventilation under armpit</p>\n\n                                <p>- Adjustable cuffs</p>\n\n                                <p>- Double welted front pockets</p>\n\n                                <p>- Adjustable elastic string at hempen</p>\n\n                                <p>- Ultrasonically welded seams</p>\n\n                                <p>This is a unisex item, please check our clothing &amp; footwear sizing guide for specific Rains jacket sizing information. RAINS comes from the rainy nation of Denmark at the edge of the European continent, close to the ocean and with prevailing westerly winds; all factors that contribute to an average of 121 rain days each year. Arising from these rainy weather conditions comes the attitude that a quick rain shower may be beautiful, as well as moody- but first and foremost requires the right outfit. Rains focus on the whole experience of going outside on rainy days, issuing an invitation to explore even in the most mercurial weather.</p><div>[get-in-touch title=\"Beautiful Pictures For All\" description=\"You don’t need to be a photographer to know a great photo when you see one. And you don’t need to be a photographer to take a great photo—you just need the D3500. It s as easy to use as a point-and-shoot, but it takes beautiful DSLR photos and videos that get noticed. It feels outstanding in your hands, sturdy and balanced with controls where you want them\" image=\"general/banner-product-1.png\" button_primary_label=\"View collections\" button_primary_url=\"products\" button_secondary_label=\"Learn more\" button_secondary_url=\"/products\"][/get-in-touch]</div><div>[about-product title=\"Easy. Portable. Amazing\" description=\"Take more memorable images. The photos you take with the D3500 capture more than the moment—they capture the feeling of the moment, a feeling that can be shared immediately with your friends and family and then relived for a lifetime.\" image=\"general/product-feature.png\" quantity=\"6\" title_1=\"Less thinking. More shooting\" title_2=\"Picture after amazing picture\" title_3=\"The day tripper\" title_4=\"Newbies welcome\" title_5=\"Colors that pop in any light\" title_6=\"Fast, accurate focusing\"][/about-product]</div><div>[intro-video title=\"Your camera’s bridge to your world\" subtitle=\"The D3500 Two Lens Kit includes two matched lenses to help you cover all the angles. The AF-P DX NIKKOR 18-55mm f/3.5-5.6G VR lens is great for portraits, landscapes, videos and other wide perspective shots. The AF-P DX NIKKOR 70-300mm f/4.5-6.3G ED is a versatile telephoto zoom lens that’s great for sports, concerts, nature and more.\" image=\"general/intro-video-product.png\" tag=\"Business\" youtube_video_url=\"https://www.youtube.com/watch?v=HZ3XumHDDwA\" icon_image=\"icons/bg-plan.png\"][/intro-video]</div><div>[site-statistics title=\"See why we are trusted the world over\" quantity=\"4\" title_1=\"Social followers\" data_1=\"367\" unit_1=\"K\" title_2=\"Happy Clients\" data_2=\"19\" unit_2=\"K+\" title_3=\"Project Done\" data_3=\"604\" unit_3=\"K+\" title_4=\"Global branch\" data_4=\"96\"][/site-statistics]</div>','published','[\"products\\/10.jpg\",\"products\\/10-1.jpg\",\"products\\/10-2.jpg\"]','SW-169-A0',0,19,0,1,0,1,0,0,1187,NULL,NULL,NULL,11.00,14.00,20.00,614.00,NULL,133243,'2024-05-22 23:57:13','2024-05-22 23:57:15','in_stock',0,'Botble\\ACL\\Models\\User',NULL,'physical',NULL,NULL,0,0,0),(11,'Xbox One Wireless Controller Black Color','<ul><li> Unrestrained and portable active stereo speaker</li>\n            <li> Free from the confines of wires and chords</li>\n            <li> 20 hours of portable capabilities</li>\n            <li> Double-ended Coil Cord with 3.5mm Stereo Plugs Included</li>\n            <li> 3/4″ Dome Tweeters: 2X and 4″ Woofer: 1X</li></ul>','<p>Short Hooded Coat features a straight body, large pockets with button flaps, ventilation air holes, and a string detail along the hemline. The style is completed with a drawstring hood, featuring Rains’ signature built-in cap. Made from waterproof, matte PU, this lightweight unisex rain jacket is an ode to nostalgia through its classic silhouette and utilitarian design details.</p>\n                                <p>- Casual unisex fit</p>\n\n                                <p>- 64% polyester, 36% polyurethane</p>\n\n                                <p>- Water column pressure: 4000 mm</p>\n\n                                <p>- Model is 187cm tall and wearing a size S / M</p>\n\n                                <p>- Unisex fit</p>\n\n                                <p>- Drawstring hood with built-in cap</p>\n\n                                <p>- Front placket with snap buttons</p>\n\n                                <p>- Ventilation under armpit</p>\n\n                                <p>- Adjustable cuffs</p>\n\n                                <p>- Double welted front pockets</p>\n\n                                <p>- Adjustable elastic string at hempen</p>\n\n                                <p>- Ultrasonically welded seams</p>\n\n                                <p>This is a unisex item, please check our clothing &amp; footwear sizing guide for specific Rains jacket sizing information. RAINS comes from the rainy nation of Denmark at the edge of the European continent, close to the ocean and with prevailing westerly winds; all factors that contribute to an average of 121 rain days each year. Arising from these rainy weather conditions comes the attitude that a quick rain shower may be beautiful, as well as moody- but first and foremost requires the right outfit. Rains focus on the whole experience of going outside on rainy days, issuing an invitation to explore even in the most mercurial weather.</p><div>[get-in-touch title=\"Beautiful Pictures For All\" description=\"You don’t need to be a photographer to know a great photo when you see one. And you don’t need to be a photographer to take a great photo—you just need the D3500. It s as easy to use as a point-and-shoot, but it takes beautiful DSLR photos and videos that get noticed. It feels outstanding in your hands, sturdy and balanced with controls where you want them\" image=\"general/banner-product-1.png\" button_primary_label=\"View collections\" button_primary_url=\"products\" button_secondary_label=\"Learn more\" button_secondary_url=\"/products\"][/get-in-touch]</div><div>[about-product title=\"Easy. Portable. Amazing\" description=\"Take more memorable images. The photos you take with the D3500 capture more than the moment—they capture the feeling of the moment, a feeling that can be shared immediately with your friends and family and then relived for a lifetime.\" image=\"general/product-feature.png\" quantity=\"6\" title_1=\"Less thinking. More shooting\" title_2=\"Picture after amazing picture\" title_3=\"The day tripper\" title_4=\"Newbies welcome\" title_5=\"Colors that pop in any light\" title_6=\"Fast, accurate focusing\"][/about-product]</div><div>[intro-video title=\"Your camera’s bridge to your world\" subtitle=\"The D3500 Two Lens Kit includes two matched lenses to help you cover all the angles. The AF-P DX NIKKOR 18-55mm f/3.5-5.6G VR lens is great for portraits, landscapes, videos and other wide perspective shots. The AF-P DX NIKKOR 70-300mm f/4.5-6.3G ED is a versatile telephoto zoom lens that’s great for sports, concerts, nature and more.\" image=\"general/intro-video-product.png\" tag=\"Business\" youtube_video_url=\"https://www.youtube.com/watch?v=HZ3XumHDDwA\" icon_image=\"icons/bg-plan.png\"][/intro-video]</div><div>[site-statistics title=\"See why we are trusted the world over\" quantity=\"4\" title_1=\"Social followers\" data_1=\"367\" unit_1=\"K\" title_2=\"Happy Clients\" data_2=\"19\" unit_2=\"K+\" title_3=\"Project Done\" data_3=\"604\" unit_3=\"K+\" title_4=\"Global branch\" data_4=\"96\"][/site-statistics]</div>','published','[\"products\\/11.jpg\",\"products\\/11-1.jpg\",\"products\\/11-2.jpg\",\"products\\/11-3.jpg\"]','SW-115-A0',0,13,0,1,0,3,0,0,1166,NULL,NULL,NULL,15.00,10.00,15.00,805.00,NULL,161813,'2024-05-22 23:57:13','2024-05-22 23:57:15','in_stock',0,'Botble\\ACL\\Models\\User',NULL,'physical',NULL,NULL,0,0,0),(12,'EPSION Plaster Printer','<ul><li> Unrestrained and portable active stereo speaker</li>\n            <li> Free from the confines of wires and chords</li>\n            <li> 20 hours of portable capabilities</li>\n            <li> Double-ended Coil Cord with 3.5mm Stereo Plugs Included</li>\n            <li> 3/4″ Dome Tweeters: 2X and 4″ Woofer: 1X</li></ul>','<p>Short Hooded Coat features a straight body, large pockets with button flaps, ventilation air holes, and a string detail along the hemline. The style is completed with a drawstring hood, featuring Rains’ signature built-in cap. Made from waterproof, matte PU, this lightweight unisex rain jacket is an ode to nostalgia through its classic silhouette and utilitarian design details.</p>\n                                <p>- Casual unisex fit</p>\n\n                                <p>- 64% polyester, 36% polyurethane</p>\n\n                                <p>- Water column pressure: 4000 mm</p>\n\n                                <p>- Model is 187cm tall and wearing a size S / M</p>\n\n                                <p>- Unisex fit</p>\n\n                                <p>- Drawstring hood with built-in cap</p>\n\n                                <p>- Front placket with snap buttons</p>\n\n                                <p>- Ventilation under armpit</p>\n\n                                <p>- Adjustable cuffs</p>\n\n                                <p>- Double welted front pockets</p>\n\n                                <p>- Adjustable elastic string at hempen</p>\n\n                                <p>- Ultrasonically welded seams</p>\n\n                                <p>This is a unisex item, please check our clothing &amp; footwear sizing guide for specific Rains jacket sizing information. RAINS comes from the rainy nation of Denmark at the edge of the European continent, close to the ocean and with prevailing westerly winds; all factors that contribute to an average of 121 rain days each year. Arising from these rainy weather conditions comes the attitude that a quick rain shower may be beautiful, as well as moody- but first and foremost requires the right outfit. Rains focus on the whole experience of going outside on rainy days, issuing an invitation to explore even in the most mercurial weather.</p><div>[get-in-touch title=\"Beautiful Pictures For All\" description=\"You don’t need to be a photographer to know a great photo when you see one. And you don’t need to be a photographer to take a great photo—you just need the D3500. It s as easy to use as a point-and-shoot, but it takes beautiful DSLR photos and videos that get noticed. It feels outstanding in your hands, sturdy and balanced with controls where you want them\" image=\"general/banner-product-1.png\" button_primary_label=\"View collections\" button_primary_url=\"products\" button_secondary_label=\"Learn more\" button_secondary_url=\"/products\"][/get-in-touch]</div><div>[about-product title=\"Easy. Portable. Amazing\" description=\"Take more memorable images. The photos you take with the D3500 capture more than the moment—they capture the feeling of the moment, a feeling that can be shared immediately with your friends and family and then relived for a lifetime.\" image=\"general/product-feature.png\" quantity=\"6\" title_1=\"Less thinking. More shooting\" title_2=\"Picture after amazing picture\" title_3=\"The day tripper\" title_4=\"Newbies welcome\" title_5=\"Colors that pop in any light\" title_6=\"Fast, accurate focusing\"][/about-product]</div><div>[intro-video title=\"Your camera’s bridge to your world\" subtitle=\"The D3500 Two Lens Kit includes two matched lenses to help you cover all the angles. The AF-P DX NIKKOR 18-55mm f/3.5-5.6G VR lens is great for portraits, landscapes, videos and other wide perspective shots. The AF-P DX NIKKOR 70-300mm f/4.5-6.3G ED is a versatile telephoto zoom lens that’s great for sports, concerts, nature and more.\" image=\"general/intro-video-product.png\" tag=\"Business\" youtube_video_url=\"https://www.youtube.com/watch?v=HZ3XumHDDwA\" icon_image=\"icons/bg-plan.png\"][/intro-video]</div><div>[site-statistics title=\"See why we are trusted the world over\" quantity=\"4\" title_1=\"Social followers\" data_1=\"367\" unit_1=\"K\" title_2=\"Happy Clients\" data_2=\"19\" unit_2=\"K+\" title_3=\"Project Done\" data_3=\"604\" unit_3=\"K+\" title_4=\"Global branch\" data_4=\"96\"][/site-statistics]</div>','published','[\"products\\/12.jpg\",\"products\\/12-1.jpg\",\"products\\/12-2.jpg\",\"products\\/12-3.jpg\"]','SW-101-A0',0,14,0,1,0,3,0,0,547,399.31,NULL,NULL,15.00,18.00,16.00,785.00,NULL,117704,'2024-05-22 23:57:13','2024-05-22 23:57:15','in_stock',0,'Botble\\ACL\\Models\\User',NULL,'physical',NULL,NULL,0,0,0),(13,'Sound Intone I65 Earphone White Version (Digital)','<ul><li> Unrestrained and portable active stereo speaker</li>\n            <li> Free from the confines of wires and chords</li>\n            <li> 20 hours of portable capabilities</li>\n            <li> Double-ended Coil Cord with 3.5mm Stereo Plugs Included</li>\n            <li> 3/4″ Dome Tweeters: 2X and 4″ Woofer: 1X</li></ul>','<p>Short Hooded Coat features a straight body, large pockets with button flaps, ventilation air holes, and a string detail along the hemline. The style is completed with a drawstring hood, featuring Rains’ signature built-in cap. Made from waterproof, matte PU, this lightweight unisex rain jacket is an ode to nostalgia through its classic silhouette and utilitarian design details.</p>\n                                <p>- Casual unisex fit</p>\n\n                                <p>- 64% polyester, 36% polyurethane</p>\n\n                                <p>- Water column pressure: 4000 mm</p>\n\n                                <p>- Model is 187cm tall and wearing a size S / M</p>\n\n                                <p>- Unisex fit</p>\n\n                                <p>- Drawstring hood with built-in cap</p>\n\n                                <p>- Front placket with snap buttons</p>\n\n                                <p>- Ventilation under armpit</p>\n\n                                <p>- Adjustable cuffs</p>\n\n                                <p>- Double welted front pockets</p>\n\n                                <p>- Adjustable elastic string at hempen</p>\n\n                                <p>- Ultrasonically welded seams</p>\n\n                                <p>This is a unisex item, please check our clothing &amp; footwear sizing guide for specific Rains jacket sizing information. RAINS comes from the rainy nation of Denmark at the edge of the European continent, close to the ocean and with prevailing westerly winds; all factors that contribute to an average of 121 rain days each year. Arising from these rainy weather conditions comes the attitude that a quick rain shower may be beautiful, as well as moody- but first and foremost requires the right outfit. Rains focus on the whole experience of going outside on rainy days, issuing an invitation to explore even in the most mercurial weather.</p><div>[get-in-touch title=\"Beautiful Pictures For All\" description=\"You don’t need to be a photographer to know a great photo when you see one. And you don’t need to be a photographer to take a great photo—you just need the D3500. It s as easy to use as a point-and-shoot, but it takes beautiful DSLR photos and videos that get noticed. It feels outstanding in your hands, sturdy and balanced with controls where you want them\" image=\"general/banner-product-1.png\" button_primary_label=\"View collections\" button_primary_url=\"products\" button_secondary_label=\"Learn more\" button_secondary_url=\"/products\"][/get-in-touch]</div><div>[about-product title=\"Easy. Portable. Amazing\" description=\"Take more memorable images. The photos you take with the D3500 capture more than the moment—they capture the feeling of the moment, a feeling that can be shared immediately with your friends and family and then relived for a lifetime.\" image=\"general/product-feature.png\" quantity=\"6\" title_1=\"Less thinking. More shooting\" title_2=\"Picture after amazing picture\" title_3=\"The day tripper\" title_4=\"Newbies welcome\" title_5=\"Colors that pop in any light\" title_6=\"Fast, accurate focusing\"][/about-product]</div><div>[intro-video title=\"Your camera’s bridge to your world\" subtitle=\"The D3500 Two Lens Kit includes two matched lenses to help you cover all the angles. The AF-P DX NIKKOR 18-55mm f/3.5-5.6G VR lens is great for portraits, landscapes, videos and other wide perspective shots. The AF-P DX NIKKOR 70-300mm f/4.5-6.3G ED is a versatile telephoto zoom lens that’s great for sports, concerts, nature and more.\" image=\"general/intro-video-product.png\" tag=\"Business\" youtube_video_url=\"https://www.youtube.com/watch?v=HZ3XumHDDwA\" icon_image=\"icons/bg-plan.png\"][/intro-video]</div><div>[site-statistics title=\"See why we are trusted the world over\" quantity=\"4\" title_1=\"Social followers\" data_1=\"367\" unit_1=\"K\" title_2=\"Happy Clients\" data_2=\"19\" unit_2=\"K+\" title_3=\"Project Done\" data_3=\"604\" unit_3=\"K+\" title_4=\"Global branch\" data_4=\"96\"][/site-statistics]</div>','published','[\"products\\/13.jpg\",\"products\\/13-1.jpg\"]','SW-116-A0',0,18,0,1,0,2,0,0,524,NULL,NULL,NULL,19.00,14.00,20.00,710.00,NULL,102645,'2024-05-22 23:57:13','2024-05-22 23:57:15','in_stock',0,'Botble\\ACL\\Models\\User',NULL,'digital',NULL,NULL,0,0,0),(14,'B&amp;O Play Mini Bluetooth Speaker','<ul><li> Unrestrained and portable active stereo speaker</li>\n            <li> Free from the confines of wires and chords</li>\n            <li> 20 hours of portable capabilities</li>\n            <li> Double-ended Coil Cord with 3.5mm Stereo Plugs Included</li>\n            <li> 3/4″ Dome Tweeters: 2X and 4″ Woofer: 1X</li></ul>','<p>Short Hooded Coat features a straight body, large pockets with button flaps, ventilation air holes, and a string detail along the hemline. The style is completed with a drawstring hood, featuring Rains’ signature built-in cap. Made from waterproof, matte PU, this lightweight unisex rain jacket is an ode to nostalgia through its classic silhouette and utilitarian design details.</p>\n                                <p>- Casual unisex fit</p>\n\n                                <p>- 64% polyester, 36% polyurethane</p>\n\n                                <p>- Water column pressure: 4000 mm</p>\n\n                                <p>- Model is 187cm tall and wearing a size S / M</p>\n\n                                <p>- Unisex fit</p>\n\n                                <p>- Drawstring hood with built-in cap</p>\n\n                                <p>- Front placket with snap buttons</p>\n\n                                <p>- Ventilation under armpit</p>\n\n                                <p>- Adjustable cuffs</p>\n\n                                <p>- Double welted front pockets</p>\n\n                                <p>- Adjustable elastic string at hempen</p>\n\n                                <p>- Ultrasonically welded seams</p>\n\n                                <p>This is a unisex item, please check our clothing &amp; footwear sizing guide for specific Rains jacket sizing information. RAINS comes from the rainy nation of Denmark at the edge of the European continent, close to the ocean and with prevailing westerly winds; all factors that contribute to an average of 121 rain days each year. Arising from these rainy weather conditions comes the attitude that a quick rain shower may be beautiful, as well as moody- but first and foremost requires the right outfit. Rains focus on the whole experience of going outside on rainy days, issuing an invitation to explore even in the most mercurial weather.</p><div>[get-in-touch title=\"Beautiful Pictures For All\" description=\"You don’t need to be a photographer to know a great photo when you see one. And you don’t need to be a photographer to take a great photo—you just need the D3500. It s as easy to use as a point-and-shoot, but it takes beautiful DSLR photos and videos that get noticed. It feels outstanding in your hands, sturdy and balanced with controls where you want them\" image=\"general/banner-product-1.png\" button_primary_label=\"View collections\" button_primary_url=\"products\" button_secondary_label=\"Learn more\" button_secondary_url=\"/products\"][/get-in-touch]</div><div>[about-product title=\"Easy. Portable. Amazing\" description=\"Take more memorable images. The photos you take with the D3500 capture more than the moment—they capture the feeling of the moment, a feeling that can be shared immediately with your friends and family and then relived for a lifetime.\" image=\"general/product-feature.png\" quantity=\"6\" title_1=\"Less thinking. More shooting\" title_2=\"Picture after amazing picture\" title_3=\"The day tripper\" title_4=\"Newbies welcome\" title_5=\"Colors that pop in any light\" title_6=\"Fast, accurate focusing\"][/about-product]</div><div>[intro-video title=\"Your camera’s bridge to your world\" subtitle=\"The D3500 Two Lens Kit includes two matched lenses to help you cover all the angles. The AF-P DX NIKKOR 18-55mm f/3.5-5.6G VR lens is great for portraits, landscapes, videos and other wide perspective shots. The AF-P DX NIKKOR 70-300mm f/4.5-6.3G ED is a versatile telephoto zoom lens that’s great for sports, concerts, nature and more.\" image=\"general/intro-video-product.png\" tag=\"Business\" youtube_video_url=\"https://www.youtube.com/watch?v=HZ3XumHDDwA\" icon_image=\"icons/bg-plan.png\"][/intro-video]</div><div>[site-statistics title=\"See why we are trusted the world over\" quantity=\"4\" title_1=\"Social followers\" data_1=\"367\" unit_1=\"K\" title_2=\"Happy Clients\" data_2=\"19\" unit_2=\"K+\" title_3=\"Project Done\" data_3=\"604\" unit_3=\"K+\" title_4=\"Global branch\" data_4=\"96\"][/site-statistics]</div>','published','[\"products\\/14.jpg\"]','SW-137-A0',0,19,0,1,0,1,0,0,585,NULL,NULL,NULL,15.00,12.00,15.00,645.00,NULL,60557,'2024-05-22 23:57:13','2024-05-22 23:57:15','in_stock',0,'Botble\\ACL\\Models\\User',NULL,'physical',NULL,NULL,0,0,0),(15,'Apple MacBook Air Retina 13.3-Inch Laptop','<ul><li> Unrestrained and portable active stereo speaker</li>\n            <li> Free from the confines of wires and chords</li>\n            <li> 20 hours of portable capabilities</li>\n            <li> Double-ended Coil Cord with 3.5mm Stereo Plugs Included</li>\n            <li> 3/4″ Dome Tweeters: 2X and 4″ Woofer: 1X</li></ul>','<p>Short Hooded Coat features a straight body, large pockets with button flaps, ventilation air holes, and a string detail along the hemline. The style is completed with a drawstring hood, featuring Rains’ signature built-in cap. Made from waterproof, matte PU, this lightweight unisex rain jacket is an ode to nostalgia through its classic silhouette and utilitarian design details.</p>\n                                <p>- Casual unisex fit</p>\n\n                                <p>- 64% polyester, 36% polyurethane</p>\n\n                                <p>- Water column pressure: 4000 mm</p>\n\n                                <p>- Model is 187cm tall and wearing a size S / M</p>\n\n                                <p>- Unisex fit</p>\n\n                                <p>- Drawstring hood with built-in cap</p>\n\n                                <p>- Front placket with snap buttons</p>\n\n                                <p>- Ventilation under armpit</p>\n\n                                <p>- Adjustable cuffs</p>\n\n                                <p>- Double welted front pockets</p>\n\n                                <p>- Adjustable elastic string at hempen</p>\n\n                                <p>- Ultrasonically welded seams</p>\n\n                                <p>This is a unisex item, please check our clothing &amp; footwear sizing guide for specific Rains jacket sizing information. RAINS comes from the rainy nation of Denmark at the edge of the European continent, close to the ocean and with prevailing westerly winds; all factors that contribute to an average of 121 rain days each year. Arising from these rainy weather conditions comes the attitude that a quick rain shower may be beautiful, as well as moody- but first and foremost requires the right outfit. Rains focus on the whole experience of going outside on rainy days, issuing an invitation to explore even in the most mercurial weather.</p><div>[get-in-touch title=\"Beautiful Pictures For All\" description=\"You don’t need to be a photographer to know a great photo when you see one. And you don’t need to be a photographer to take a great photo—you just need the D3500. It s as easy to use as a point-and-shoot, but it takes beautiful DSLR photos and videos that get noticed. It feels outstanding in your hands, sturdy and balanced with controls where you want them\" image=\"general/banner-product-1.png\" button_primary_label=\"View collections\" button_primary_url=\"products\" button_secondary_label=\"Learn more\" button_secondary_url=\"/products\"][/get-in-touch]</div><div>[about-product title=\"Easy. Portable. Amazing\" description=\"Take more memorable images. The photos you take with the D3500 capture more than the moment—they capture the feeling of the moment, a feeling that can be shared immediately with your friends and family and then relived for a lifetime.\" image=\"general/product-feature.png\" quantity=\"6\" title_1=\"Less thinking. More shooting\" title_2=\"Picture after amazing picture\" title_3=\"The day tripper\" title_4=\"Newbies welcome\" title_5=\"Colors that pop in any light\" title_6=\"Fast, accurate focusing\"][/about-product]</div><div>[intro-video title=\"Your camera’s bridge to your world\" subtitle=\"The D3500 Two Lens Kit includes two matched lenses to help you cover all the angles. The AF-P DX NIKKOR 18-55mm f/3.5-5.6G VR lens is great for portraits, landscapes, videos and other wide perspective shots. The AF-P DX NIKKOR 70-300mm f/4.5-6.3G ED is a versatile telephoto zoom lens that’s great for sports, concerts, nature and more.\" image=\"general/intro-video-product.png\" tag=\"Business\" youtube_video_url=\"https://www.youtube.com/watch?v=HZ3XumHDDwA\" icon_image=\"icons/bg-plan.png\"][/intro-video]</div><div>[site-statistics title=\"See why we are trusted the world over\" quantity=\"4\" title_1=\"Social followers\" data_1=\"367\" unit_1=\"K\" title_2=\"Happy Clients\" data_2=\"19\" unit_2=\"K+\" title_3=\"Project Done\" data_3=\"604\" unit_3=\"K+\" title_4=\"Global branch\" data_4=\"96\"][/site-statistics]</div>','published','[\"products\\/15.jpg\",\"products\\/15-1.jpg\"]','SW-174-A0',0,19,0,1,0,5,0,0,564,NULL,NULL,NULL,10.00,13.00,13.00,531.00,NULL,199182,'2024-05-22 23:57:13','2024-05-22 23:57:16','in_stock',0,'Botble\\ACL\\Models\\User',NULL,'physical',NULL,NULL,0,0,0),(16,'Apple MacBook Air Retina 12-Inch Laptop','<ul><li> Unrestrained and portable active stereo speaker</li>\n            <li> Free from the confines of wires and chords</li>\n            <li> 20 hours of portable capabilities</li>\n            <li> Double-ended Coil Cord with 3.5mm Stereo Plugs Included</li>\n            <li> 3/4″ Dome Tweeters: 2X and 4″ Woofer: 1X</li></ul>','<p>Short Hooded Coat features a straight body, large pockets with button flaps, ventilation air holes, and a string detail along the hemline. The style is completed with a drawstring hood, featuring Rains’ signature built-in cap. Made from waterproof, matte PU, this lightweight unisex rain jacket is an ode to nostalgia through its classic silhouette and utilitarian design details.</p>\n                                <p>- Casual unisex fit</p>\n\n                                <p>- 64% polyester, 36% polyurethane</p>\n\n                                <p>- Water column pressure: 4000 mm</p>\n\n                                <p>- Model is 187cm tall and wearing a size S / M</p>\n\n                                <p>- Unisex fit</p>\n\n                                <p>- Drawstring hood with built-in cap</p>\n\n                                <p>- Front placket with snap buttons</p>\n\n                                <p>- Ventilation under armpit</p>\n\n                                <p>- Adjustable cuffs</p>\n\n                                <p>- Double welted front pockets</p>\n\n                                <p>- Adjustable elastic string at hempen</p>\n\n                                <p>- Ultrasonically welded seams</p>\n\n                                <p>This is a unisex item, please check our clothing &amp; footwear sizing guide for specific Rains jacket sizing information. RAINS comes from the rainy nation of Denmark at the edge of the European continent, close to the ocean and with prevailing westerly winds; all factors that contribute to an average of 121 rain days each year. Arising from these rainy weather conditions comes the attitude that a quick rain shower may be beautiful, as well as moody- but first and foremost requires the right outfit. Rains focus on the whole experience of going outside on rainy days, issuing an invitation to explore even in the most mercurial weather.</p><div>[get-in-touch title=\"Beautiful Pictures For All\" description=\"You don’t need to be a photographer to know a great photo when you see one. And you don’t need to be a photographer to take a great photo—you just need the D3500. It s as easy to use as a point-and-shoot, but it takes beautiful DSLR photos and videos that get noticed. It feels outstanding in your hands, sturdy and balanced with controls where you want them\" image=\"general/banner-product-1.png\" button_primary_label=\"View collections\" button_primary_url=\"products\" button_secondary_label=\"Learn more\" button_secondary_url=\"/products\"][/get-in-touch]</div><div>[about-product title=\"Easy. Portable. Amazing\" description=\"Take more memorable images. The photos you take with the D3500 capture more than the moment—they capture the feeling of the moment, a feeling that can be shared immediately with your friends and family and then relived for a lifetime.\" image=\"general/product-feature.png\" quantity=\"6\" title_1=\"Less thinking. More shooting\" title_2=\"Picture after amazing picture\" title_3=\"The day tripper\" title_4=\"Newbies welcome\" title_5=\"Colors that pop in any light\" title_6=\"Fast, accurate focusing\"][/about-product]</div><div>[intro-video title=\"Your camera’s bridge to your world\" subtitle=\"The D3500 Two Lens Kit includes two matched lenses to help you cover all the angles. The AF-P DX NIKKOR 18-55mm f/3.5-5.6G VR lens is great for portraits, landscapes, videos and other wide perspective shots. The AF-P DX NIKKOR 70-300mm f/4.5-6.3G ED is a versatile telephoto zoom lens that’s great for sports, concerts, nature and more.\" image=\"general/intro-video-product.png\" tag=\"Business\" youtube_video_url=\"https://www.youtube.com/watch?v=HZ3XumHDDwA\" icon_image=\"icons/bg-plan.png\"][/intro-video]</div><div>[site-statistics title=\"See why we are trusted the world over\" quantity=\"4\" title_1=\"Social followers\" data_1=\"367\" unit_1=\"K\" title_2=\"Happy Clients\" data_2=\"19\" unit_2=\"K+\" title_3=\"Project Done\" data_3=\"604\" unit_3=\"K+\" title_4=\"Global branch\" data_4=\"96\"][/site-statistics]</div>','published','[\"products\\/16.jpg\"]','SW-176-A0',0,11,0,1,0,5,0,0,505,419.15,NULL,NULL,11.00,18.00,20.00,618.00,NULL,145791,'2024-05-22 23:57:13','2024-05-22 23:57:16','in_stock',0,'Botble\\ACL\\Models\\User',NULL,'physical',NULL,NULL,0,0,0),(17,'Samsung Gear VR Virtual Reality Headset (Digital)','<ul><li> Unrestrained and portable active stereo speaker</li>\n            <li> Free from the confines of wires and chords</li>\n            <li> 20 hours of portable capabilities</li>\n            <li> Double-ended Coil Cord with 3.5mm Stereo Plugs Included</li>\n            <li> 3/4″ Dome Tweeters: 2X and 4″ Woofer: 1X</li></ul>','<p>Short Hooded Coat features a straight body, large pockets with button flaps, ventilation air holes, and a string detail along the hemline. The style is completed with a drawstring hood, featuring Rains’ signature built-in cap. Made from waterproof, matte PU, this lightweight unisex rain jacket is an ode to nostalgia through its classic silhouette and utilitarian design details.</p>\n                                <p>- Casual unisex fit</p>\n\n                                <p>- 64% polyester, 36% polyurethane</p>\n\n                                <p>- Water column pressure: 4000 mm</p>\n\n                                <p>- Model is 187cm tall and wearing a size S / M</p>\n\n                                <p>- Unisex fit</p>\n\n                                <p>- Drawstring hood with built-in cap</p>\n\n                                <p>- Front placket with snap buttons</p>\n\n                                <p>- Ventilation under armpit</p>\n\n                                <p>- Adjustable cuffs</p>\n\n                                <p>- Double welted front pockets</p>\n\n                                <p>- Adjustable elastic string at hempen</p>\n\n                                <p>- Ultrasonically welded seams</p>\n\n                                <p>This is a unisex item, please check our clothing &amp; footwear sizing guide for specific Rains jacket sizing information. RAINS comes from the rainy nation of Denmark at the edge of the European continent, close to the ocean and with prevailing westerly winds; all factors that contribute to an average of 121 rain days each year. Arising from these rainy weather conditions comes the attitude that a quick rain shower may be beautiful, as well as moody- but first and foremost requires the right outfit. Rains focus on the whole experience of going outside on rainy days, issuing an invitation to explore even in the most mercurial weather.</p><div>[get-in-touch title=\"Beautiful Pictures For All\" description=\"You don’t need to be a photographer to know a great photo when you see one. And you don’t need to be a photographer to take a great photo—you just need the D3500. It s as easy to use as a point-and-shoot, but it takes beautiful DSLR photos and videos that get noticed. It feels outstanding in your hands, sturdy and balanced with controls where you want them\" image=\"general/banner-product-1.png\" button_primary_label=\"View collections\" button_primary_url=\"products\" button_secondary_label=\"Learn more\" button_secondary_url=\"/products\"][/get-in-touch]</div><div>[about-product title=\"Easy. Portable. Amazing\" description=\"Take more memorable images. The photos you take with the D3500 capture more than the moment—they capture the feeling of the moment, a feeling that can be shared immediately with your friends and family and then relived for a lifetime.\" image=\"general/product-feature.png\" quantity=\"6\" title_1=\"Less thinking. More shooting\" title_2=\"Picture after amazing picture\" title_3=\"The day tripper\" title_4=\"Newbies welcome\" title_5=\"Colors that pop in any light\" title_6=\"Fast, accurate focusing\"][/about-product]</div><div>[intro-video title=\"Your camera’s bridge to your world\" subtitle=\"The D3500 Two Lens Kit includes two matched lenses to help you cover all the angles. The AF-P DX NIKKOR 18-55mm f/3.5-5.6G VR lens is great for portraits, landscapes, videos and other wide perspective shots. The AF-P DX NIKKOR 70-300mm f/4.5-6.3G ED is a versatile telephoto zoom lens that’s great for sports, concerts, nature and more.\" image=\"general/intro-video-product.png\" tag=\"Business\" youtube_video_url=\"https://www.youtube.com/watch?v=HZ3XumHDDwA\" icon_image=\"icons/bg-plan.png\"][/intro-video]</div><div>[site-statistics title=\"See why we are trusted the world over\" quantity=\"4\" title_1=\"Social followers\" data_1=\"367\" unit_1=\"K\" title_2=\"Happy Clients\" data_2=\"19\" unit_2=\"K+\" title_3=\"Project Done\" data_3=\"604\" unit_3=\"K+\" title_4=\"Global branch\" data_4=\"96\"][/site-statistics]</div>','published','[\"products\\/17.jpg\",\"products\\/17-1.jpg\",\"products\\/17-2.jpg\",\"products\\/17-3.jpg\"]','SW-127-A0',0,16,0,1,0,2,0,0,553,NULL,NULL,NULL,11.00,13.00,15.00,608.00,NULL,142047,'2024-05-22 23:57:13','2024-05-22 23:57:16','in_stock',0,'Botble\\ACL\\Models\\User',NULL,'digital',NULL,NULL,0,0,0),(18,'Aveeno Moisturizing Body Shower 450ml','<ul><li> Unrestrained and portable active stereo speaker</li>\n            <li> Free from the confines of wires and chords</li>\n            <li> 20 hours of portable capabilities</li>\n            <li> Double-ended Coil Cord with 3.5mm Stereo Plugs Included</li>\n            <li> 3/4″ Dome Tweeters: 2X and 4″ Woofer: 1X</li></ul>','<p>Short Hooded Coat features a straight body, large pockets with button flaps, ventilation air holes, and a string detail along the hemline. The style is completed with a drawstring hood, featuring Rains’ signature built-in cap. Made from waterproof, matte PU, this lightweight unisex rain jacket is an ode to nostalgia through its classic silhouette and utilitarian design details.</p>\n                                <p>- Casual unisex fit</p>\n\n                                <p>- 64% polyester, 36% polyurethane</p>\n\n                                <p>- Water column pressure: 4000 mm</p>\n\n                                <p>- Model is 187cm tall and wearing a size S / M</p>\n\n                                <p>- Unisex fit</p>\n\n                                <p>- Drawstring hood with built-in cap</p>\n\n                                <p>- Front placket with snap buttons</p>\n\n                                <p>- Ventilation under armpit</p>\n\n                                <p>- Adjustable cuffs</p>\n\n                                <p>- Double welted front pockets</p>\n\n                                <p>- Adjustable elastic string at hempen</p>\n\n                                <p>- Ultrasonically welded seams</p>\n\n                                <p>This is a unisex item, please check our clothing &amp; footwear sizing guide for specific Rains jacket sizing information. RAINS comes from the rainy nation of Denmark at the edge of the European continent, close to the ocean and with prevailing westerly winds; all factors that contribute to an average of 121 rain days each year. Arising from these rainy weather conditions comes the attitude that a quick rain shower may be beautiful, as well as moody- but first and foremost requires the right outfit. Rains focus on the whole experience of going outside on rainy days, issuing an invitation to explore even in the most mercurial weather.</p><div>[get-in-touch title=\"Beautiful Pictures For All\" description=\"You don’t need to be a photographer to know a great photo when you see one. And you don’t need to be a photographer to take a great photo—you just need the D3500. It s as easy to use as a point-and-shoot, but it takes beautiful DSLR photos and videos that get noticed. It feels outstanding in your hands, sturdy and balanced with controls where you want them\" image=\"general/banner-product-1.png\" button_primary_label=\"View collections\" button_primary_url=\"products\" button_secondary_label=\"Learn more\" button_secondary_url=\"/products\"][/get-in-touch]</div><div>[about-product title=\"Easy. Portable. Amazing\" description=\"Take more memorable images. The photos you take with the D3500 capture more than the moment—they capture the feeling of the moment, a feeling that can be shared immediately with your friends and family and then relived for a lifetime.\" image=\"general/product-feature.png\" quantity=\"6\" title_1=\"Less thinking. More shooting\" title_2=\"Picture after amazing picture\" title_3=\"The day tripper\" title_4=\"Newbies welcome\" title_5=\"Colors that pop in any light\" title_6=\"Fast, accurate focusing\"][/about-product]</div><div>[intro-video title=\"Your camera’s bridge to your world\" subtitle=\"The D3500 Two Lens Kit includes two matched lenses to help you cover all the angles. The AF-P DX NIKKOR 18-55mm f/3.5-5.6G VR lens is great for portraits, landscapes, videos and other wide perspective shots. The AF-P DX NIKKOR 70-300mm f/4.5-6.3G ED is a versatile telephoto zoom lens that’s great for sports, concerts, nature and more.\" image=\"general/intro-video-product.png\" tag=\"Business\" youtube_video_url=\"https://www.youtube.com/watch?v=HZ3XumHDDwA\" icon_image=\"icons/bg-plan.png\"][/intro-video]</div><div>[site-statistics title=\"See why we are trusted the world over\" quantity=\"4\" title_1=\"Social followers\" data_1=\"367\" unit_1=\"K\" title_2=\"Happy Clients\" data_2=\"19\" unit_2=\"K+\" title_3=\"Project Done\" data_3=\"604\" unit_3=\"K+\" title_4=\"Global branch\" data_4=\"96\"][/site-statistics]</div>','published','[\"products\\/18.jpg\",\"products\\/18-1.jpg\",\"products\\/18-2.jpg\",\"products\\/18-3.jpg\"]','SW-159-A0',0,11,0,1,0,1,0,0,1294,NULL,NULL,NULL,18.00,13.00,17.00,864.00,NULL,74815,'2024-05-22 23:57:13','2024-05-22 23:57:16','in_stock',0,'Botble\\ACL\\Models\\User',NULL,'physical',NULL,NULL,0,0,0),(19,'NYX Beauty Couton Pallete Makeup 12','<ul><li> Unrestrained and portable active stereo speaker</li>\n            <li> Free from the confines of wires and chords</li>\n            <li> 20 hours of portable capabilities</li>\n            <li> Double-ended Coil Cord with 3.5mm Stereo Plugs Included</li>\n            <li> 3/4″ Dome Tweeters: 2X and 4″ Woofer: 1X</li></ul>','<p>Short Hooded Coat features a straight body, large pockets with button flaps, ventilation air holes, and a string detail along the hemline. The style is completed with a drawstring hood, featuring Rains’ signature built-in cap. Made from waterproof, matte PU, this lightweight unisex rain jacket is an ode to nostalgia through its classic silhouette and utilitarian design details.</p>\n                                <p>- Casual unisex fit</p>\n\n                                <p>- 64% polyester, 36% polyurethane</p>\n\n                                <p>- Water column pressure: 4000 mm</p>\n\n                                <p>- Model is 187cm tall and wearing a size S / M</p>\n\n                                <p>- Unisex fit</p>\n\n                                <p>- Drawstring hood with built-in cap</p>\n\n                                <p>- Front placket with snap buttons</p>\n\n                                <p>- Ventilation under armpit</p>\n\n                                <p>- Adjustable cuffs</p>\n\n                                <p>- Double welted front pockets</p>\n\n                                <p>- Adjustable elastic string at hempen</p>\n\n                                <p>- Ultrasonically welded seams</p>\n\n                                <p>This is a unisex item, please check our clothing &amp; footwear sizing guide for specific Rains jacket sizing information. RAINS comes from the rainy nation of Denmark at the edge of the European continent, close to the ocean and with prevailing westerly winds; all factors that contribute to an average of 121 rain days each year. Arising from these rainy weather conditions comes the attitude that a quick rain shower may be beautiful, as well as moody- but first and foremost requires the right outfit. Rains focus on the whole experience of going outside on rainy days, issuing an invitation to explore even in the most mercurial weather.</p><div>[get-in-touch title=\"Beautiful Pictures For All\" description=\"You don’t need to be a photographer to know a great photo when you see one. And you don’t need to be a photographer to take a great photo—you just need the D3500. It s as easy to use as a point-and-shoot, but it takes beautiful DSLR photos and videos that get noticed. It feels outstanding in your hands, sturdy and balanced with controls where you want them\" image=\"general/banner-product-1.png\" button_primary_label=\"View collections\" button_primary_url=\"products\" button_secondary_label=\"Learn more\" button_secondary_url=\"/products\"][/get-in-touch]</div><div>[about-product title=\"Easy. Portable. Amazing\" description=\"Take more memorable images. The photos you take with the D3500 capture more than the moment—they capture the feeling of the moment, a feeling that can be shared immediately with your friends and family and then relived for a lifetime.\" image=\"general/product-feature.png\" quantity=\"6\" title_1=\"Less thinking. More shooting\" title_2=\"Picture after amazing picture\" title_3=\"The day tripper\" title_4=\"Newbies welcome\" title_5=\"Colors that pop in any light\" title_6=\"Fast, accurate focusing\"][/about-product]</div><div>[intro-video title=\"Your camera’s bridge to your world\" subtitle=\"The D3500 Two Lens Kit includes two matched lenses to help you cover all the angles. The AF-P DX NIKKOR 18-55mm f/3.5-5.6G VR lens is great for portraits, landscapes, videos and other wide perspective shots. The AF-P DX NIKKOR 70-300mm f/4.5-6.3G ED is a versatile telephoto zoom lens that’s great for sports, concerts, nature and more.\" image=\"general/intro-video-product.png\" tag=\"Business\" youtube_video_url=\"https://www.youtube.com/watch?v=HZ3XumHDDwA\" icon_image=\"icons/bg-plan.png\"][/intro-video]</div><div>[site-statistics title=\"See why we are trusted the world over\" quantity=\"4\" title_1=\"Social followers\" data_1=\"367\" unit_1=\"K\" title_2=\"Happy Clients\" data_2=\"19\" unit_2=\"K+\" title_3=\"Project Done\" data_3=\"604\" unit_3=\"K+\" title_4=\"Global branch\" data_4=\"96\"][/site-statistics]</div>','published','[\"products\\/19.jpg\",\"products\\/19-1.jpg\",\"products\\/19-2.jpg\",\"products\\/19-3.jpg\"]','SW-194-A0',0,15,0,1,0,2,0,0,1190,NULL,NULL,NULL,12.00,13.00,14.00,773.00,NULL,164325,'2024-05-22 23:57:14','2024-05-22 23:57:16','in_stock',0,'Botble\\ACL\\Models\\User',NULL,'physical',NULL,NULL,0,0,0),(20,'NYX Beauty Couton Pallete Makeup 12','<ul><li> Unrestrained and portable active stereo speaker</li>\n            <li> Free from the confines of wires and chords</li>\n            <li> 20 hours of portable capabilities</li>\n            <li> Double-ended Coil Cord with 3.5mm Stereo Plugs Included</li>\n            <li> 3/4″ Dome Tweeters: 2X and 4″ Woofer: 1X</li></ul>','<p>Short Hooded Coat features a straight body, large pockets with button flaps, ventilation air holes, and a string detail along the hemline. The style is completed with a drawstring hood, featuring Rains’ signature built-in cap. Made from waterproof, matte PU, this lightweight unisex rain jacket is an ode to nostalgia through its classic silhouette and utilitarian design details.</p>\n                                <p>- Casual unisex fit</p>\n\n                                <p>- 64% polyester, 36% polyurethane</p>\n\n                                <p>- Water column pressure: 4000 mm</p>\n\n                                <p>- Model is 187cm tall and wearing a size S / M</p>\n\n                                <p>- Unisex fit</p>\n\n                                <p>- Drawstring hood with built-in cap</p>\n\n                                <p>- Front placket with snap buttons</p>\n\n                                <p>- Ventilation under armpit</p>\n\n                                <p>- Adjustable cuffs</p>\n\n                                <p>- Double welted front pockets</p>\n\n                                <p>- Adjustable elastic string at hempen</p>\n\n                                <p>- Ultrasonically welded seams</p>\n\n                                <p>This is a unisex item, please check our clothing &amp; footwear sizing guide for specific Rains jacket sizing information. RAINS comes from the rainy nation of Denmark at the edge of the European continent, close to the ocean and with prevailing westerly winds; all factors that contribute to an average of 121 rain days each year. Arising from these rainy weather conditions comes the attitude that a quick rain shower may be beautiful, as well as moody- but first and foremost requires the right outfit. Rains focus on the whole experience of going outside on rainy days, issuing an invitation to explore even in the most mercurial weather.</p><div>[get-in-touch title=\"Beautiful Pictures For All\" description=\"You don’t need to be a photographer to know a great photo when you see one. And you don’t need to be a photographer to take a great photo—you just need the D3500. It s as easy to use as a point-and-shoot, but it takes beautiful DSLR photos and videos that get noticed. It feels outstanding in your hands, sturdy and balanced with controls where you want them\" image=\"general/banner-product-1.png\" button_primary_label=\"View collections\" button_primary_url=\"products\" button_secondary_label=\"Learn more\" button_secondary_url=\"/products\"][/get-in-touch]</div><div>[about-product title=\"Easy. Portable. Amazing\" description=\"Take more memorable images. The photos you take with the D3500 capture more than the moment—they capture the feeling of the moment, a feeling that can be shared immediately with your friends and family and then relived for a lifetime.\" image=\"general/product-feature.png\" quantity=\"6\" title_1=\"Less thinking. More shooting\" title_2=\"Picture after amazing picture\" title_3=\"The day tripper\" title_4=\"Newbies welcome\" title_5=\"Colors that pop in any light\" title_6=\"Fast, accurate focusing\"][/about-product]</div><div>[intro-video title=\"Your camera’s bridge to your world\" subtitle=\"The D3500 Two Lens Kit includes two matched lenses to help you cover all the angles. The AF-P DX NIKKOR 18-55mm f/3.5-5.6G VR lens is great for portraits, landscapes, videos and other wide perspective shots. The AF-P DX NIKKOR 70-300mm f/4.5-6.3G ED is a versatile telephoto zoom lens that’s great for sports, concerts, nature and more.\" image=\"general/intro-video-product.png\" tag=\"Business\" youtube_video_url=\"https://www.youtube.com/watch?v=HZ3XumHDDwA\" icon_image=\"icons/bg-plan.png\"][/intro-video]</div><div>[site-statistics title=\"See why we are trusted the world over\" quantity=\"4\" title_1=\"Social followers\" data_1=\"367\" unit_1=\"K\" title_2=\"Happy Clients\" data_2=\"19\" unit_2=\"K+\" title_3=\"Project Done\" data_3=\"604\" unit_3=\"K+\" title_4=\"Global branch\" data_4=\"96\"][/site-statistics]</div>','published','[\"products\\/20.jpg\",\"products\\/20-1.jpg\",\"products\\/20-2.jpg\",\"products\\/20-3.jpg\"]','SW-150-A0',0,12,0,1,0,5,0,0,893,776.91,NULL,NULL,14.00,18.00,15.00,569.00,NULL,101071,'2024-05-22 23:57:14','2024-05-22 23:57:16','in_stock',0,'Botble\\ACL\\Models\\User',NULL,'physical',NULL,NULL,0,0,0),(21,'MVMTH Classical Leather Watch In Black (Digital)','<ul><li> Unrestrained and portable active stereo speaker</li>\n            <li> Free from the confines of wires and chords</li>\n            <li> 20 hours of portable capabilities</li>\n            <li> Double-ended Coil Cord with 3.5mm Stereo Plugs Included</li>\n            <li> 3/4″ Dome Tweeters: 2X and 4″ Woofer: 1X</li></ul>','<p>Short Hooded Coat features a straight body, large pockets with button flaps, ventilation air holes, and a string detail along the hemline. The style is completed with a drawstring hood, featuring Rains’ signature built-in cap. Made from waterproof, matte PU, this lightweight unisex rain jacket is an ode to nostalgia through its classic silhouette and utilitarian design details.</p>\n                                <p>- Casual unisex fit</p>\n\n                                <p>- 64% polyester, 36% polyurethane</p>\n\n                                <p>- Water column pressure: 4000 mm</p>\n\n                                <p>- Model is 187cm tall and wearing a size S / M</p>\n\n                                <p>- Unisex fit</p>\n\n                                <p>- Drawstring hood with built-in cap</p>\n\n                                <p>- Front placket with snap buttons</p>\n\n                                <p>- Ventilation under armpit</p>\n\n                                <p>- Adjustable cuffs</p>\n\n                                <p>- Double welted front pockets</p>\n\n                                <p>- Adjustable elastic string at hempen</p>\n\n                                <p>- Ultrasonically welded seams</p>\n\n                                <p>This is a unisex item, please check our clothing &amp; footwear sizing guide for specific Rains jacket sizing information. RAINS comes from the rainy nation of Denmark at the edge of the European continent, close to the ocean and with prevailing westerly winds; all factors that contribute to an average of 121 rain days each year. Arising from these rainy weather conditions comes the attitude that a quick rain shower may be beautiful, as well as moody- but first and foremost requires the right outfit. Rains focus on the whole experience of going outside on rainy days, issuing an invitation to explore even in the most mercurial weather.</p><div>[get-in-touch title=\"Beautiful Pictures For All\" description=\"You don’t need to be a photographer to know a great photo when you see one. And you don’t need to be a photographer to take a great photo—you just need the D3500. It s as easy to use as a point-and-shoot, but it takes beautiful DSLR photos and videos that get noticed. It feels outstanding in your hands, sturdy and balanced with controls where you want them\" image=\"general/banner-product-1.png\" button_primary_label=\"View collections\" button_primary_url=\"products\" button_secondary_label=\"Learn more\" button_secondary_url=\"/products\"][/get-in-touch]</div><div>[about-product title=\"Easy. Portable. Amazing\" description=\"Take more memorable images. The photos you take with the D3500 capture more than the moment—they capture the feeling of the moment, a feeling that can be shared immediately with your friends and family and then relived for a lifetime.\" image=\"general/product-feature.png\" quantity=\"6\" title_1=\"Less thinking. More shooting\" title_2=\"Picture after amazing picture\" title_3=\"The day tripper\" title_4=\"Newbies welcome\" title_5=\"Colors that pop in any light\" title_6=\"Fast, accurate focusing\"][/about-product]</div><div>[intro-video title=\"Your camera’s bridge to your world\" subtitle=\"The D3500 Two Lens Kit includes two matched lenses to help you cover all the angles. The AF-P DX NIKKOR 18-55mm f/3.5-5.6G VR lens is great for portraits, landscapes, videos and other wide perspective shots. The AF-P DX NIKKOR 70-300mm f/4.5-6.3G ED is a versatile telephoto zoom lens that’s great for sports, concerts, nature and more.\" image=\"general/intro-video-product.png\" tag=\"Business\" youtube_video_url=\"https://www.youtube.com/watch?v=HZ3XumHDDwA\" icon_image=\"icons/bg-plan.png\"][/intro-video]</div><div>[site-statistics title=\"See why we are trusted the world over\" quantity=\"4\" title_1=\"Social followers\" data_1=\"367\" unit_1=\"K\" title_2=\"Happy Clients\" data_2=\"19\" unit_2=\"K+\" title_3=\"Project Done\" data_3=\"604\" unit_3=\"K+\" title_4=\"Global branch\" data_4=\"96\"][/site-statistics]</div>','published','[\"products\\/21.jpg\",\"products\\/21-1.jpg\",\"products\\/21-2.jpg\"]','SW-172-A0',0,20,0,1,0,4,0,0,929,NULL,NULL,NULL,20.00,20.00,16.00,625.00,NULL,136972,'2024-05-22 23:57:14','2024-05-22 23:57:16','in_stock',0,'Botble\\ACL\\Models\\User',NULL,'digital',NULL,NULL,0,0,0),(22,'Baxter Care Hair Kit For Bearded Mens','<ul><li> Unrestrained and portable active stereo speaker</li>\n            <li> Free from the confines of wires and chords</li>\n            <li> 20 hours of portable capabilities</li>\n            <li> Double-ended Coil Cord with 3.5mm Stereo Plugs Included</li>\n            <li> 3/4″ Dome Tweeters: 2X and 4″ Woofer: 1X</li></ul>','<p>Short Hooded Coat features a straight body, large pockets with button flaps, ventilation air holes, and a string detail along the hemline. The style is completed with a drawstring hood, featuring Rains’ signature built-in cap. Made from waterproof, matte PU, this lightweight unisex rain jacket is an ode to nostalgia through its classic silhouette and utilitarian design details.</p>\n                                <p>- Casual unisex fit</p>\n\n                                <p>- 64% polyester, 36% polyurethane</p>\n\n                                <p>- Water column pressure: 4000 mm</p>\n\n                                <p>- Model is 187cm tall and wearing a size S / M</p>\n\n                                <p>- Unisex fit</p>\n\n                                <p>- Drawstring hood with built-in cap</p>\n\n                                <p>- Front placket with snap buttons</p>\n\n                                <p>- Ventilation under armpit</p>\n\n                                <p>- Adjustable cuffs</p>\n\n                                <p>- Double welted front pockets</p>\n\n                                <p>- Adjustable elastic string at hempen</p>\n\n                                <p>- Ultrasonically welded seams</p>\n\n                                <p>This is a unisex item, please check our clothing &amp; footwear sizing guide for specific Rains jacket sizing information. RAINS comes from the rainy nation of Denmark at the edge of the European continent, close to the ocean and with prevailing westerly winds; all factors that contribute to an average of 121 rain days each year. Arising from these rainy weather conditions comes the attitude that a quick rain shower may be beautiful, as well as moody- but first and foremost requires the right outfit. Rains focus on the whole experience of going outside on rainy days, issuing an invitation to explore even in the most mercurial weather.</p><div>[get-in-touch title=\"Beautiful Pictures For All\" description=\"You don’t need to be a photographer to know a great photo when you see one. And you don’t need to be a photographer to take a great photo—you just need the D3500. It s as easy to use as a point-and-shoot, but it takes beautiful DSLR photos and videos that get noticed. It feels outstanding in your hands, sturdy and balanced with controls where you want them\" image=\"general/banner-product-1.png\" button_primary_label=\"View collections\" button_primary_url=\"products\" button_secondary_label=\"Learn more\" button_secondary_url=\"/products\"][/get-in-touch]</div><div>[about-product title=\"Easy. Portable. Amazing\" description=\"Take more memorable images. The photos you take with the D3500 capture more than the moment—they capture the feeling of the moment, a feeling that can be shared immediately with your friends and family and then relived for a lifetime.\" image=\"general/product-feature.png\" quantity=\"6\" title_1=\"Less thinking. More shooting\" title_2=\"Picture after amazing picture\" title_3=\"The day tripper\" title_4=\"Newbies welcome\" title_5=\"Colors that pop in any light\" title_6=\"Fast, accurate focusing\"][/about-product]</div><div>[intro-video title=\"Your camera’s bridge to your world\" subtitle=\"The D3500 Two Lens Kit includes two matched lenses to help you cover all the angles. The AF-P DX NIKKOR 18-55mm f/3.5-5.6G VR lens is great for portraits, landscapes, videos and other wide perspective shots. The AF-P DX NIKKOR 70-300mm f/4.5-6.3G ED is a versatile telephoto zoom lens that’s great for sports, concerts, nature and more.\" image=\"general/intro-video-product.png\" tag=\"Business\" youtube_video_url=\"https://www.youtube.com/watch?v=HZ3XumHDDwA\" icon_image=\"icons/bg-plan.png\"][/intro-video]</div><div>[site-statistics title=\"See why we are trusted the world over\" quantity=\"4\" title_1=\"Social followers\" data_1=\"367\" unit_1=\"K\" title_2=\"Happy Clients\" data_2=\"19\" unit_2=\"K+\" title_3=\"Project Done\" data_3=\"604\" unit_3=\"K+\" title_4=\"Global branch\" data_4=\"96\"][/site-statistics]</div>','published','[\"products\\/22.jpg\",\"products\\/22-1.jpg\",\"products\\/22-2.jpg\",\"products\\/22-3.jpg\"]','SW-125-A0',0,15,0,1,0,5,0,0,406,NULL,NULL,NULL,11.00,16.00,14.00,541.00,NULL,6934,'2024-05-22 23:57:14','2024-05-22 23:57:16','in_stock',0,'Botble\\ACL\\Models\\User',NULL,'physical',NULL,NULL,0,0,0),(23,'Ciate Palemore Lipstick Bold Red Color','<ul><li> Unrestrained and portable active stereo speaker</li>\n            <li> Free from the confines of wires and chords</li>\n            <li> 20 hours of portable capabilities</li>\n            <li> Double-ended Coil Cord with 3.5mm Stereo Plugs Included</li>\n            <li> 3/4″ Dome Tweeters: 2X and 4″ Woofer: 1X</li></ul>','<p>Short Hooded Coat features a straight body, large pockets with button flaps, ventilation air holes, and a string detail along the hemline. The style is completed with a drawstring hood, featuring Rains’ signature built-in cap. Made from waterproof, matte PU, this lightweight unisex rain jacket is an ode to nostalgia through its classic silhouette and utilitarian design details.</p>\n                                <p>- Casual unisex fit</p>\n\n                                <p>- 64% polyester, 36% polyurethane</p>\n\n                                <p>- Water column pressure: 4000 mm</p>\n\n                                <p>- Model is 187cm tall and wearing a size S / M</p>\n\n                                <p>- Unisex fit</p>\n\n                                <p>- Drawstring hood with built-in cap</p>\n\n                                <p>- Front placket with snap buttons</p>\n\n                                <p>- Ventilation under armpit</p>\n\n                                <p>- Adjustable cuffs</p>\n\n                                <p>- Double welted front pockets</p>\n\n                                <p>- Adjustable elastic string at hempen</p>\n\n                                <p>- Ultrasonically welded seams</p>\n\n                                <p>This is a unisex item, please check our clothing &amp; footwear sizing guide for specific Rains jacket sizing information. RAINS comes from the rainy nation of Denmark at the edge of the European continent, close to the ocean and with prevailing westerly winds; all factors that contribute to an average of 121 rain days each year. Arising from these rainy weather conditions comes the attitude that a quick rain shower may be beautiful, as well as moody- but first and foremost requires the right outfit. Rains focus on the whole experience of going outside on rainy days, issuing an invitation to explore even in the most mercurial weather.</p><div>[get-in-touch title=\"Beautiful Pictures For All\" description=\"You don’t need to be a photographer to know a great photo when you see one. And you don’t need to be a photographer to take a great photo—you just need the D3500. It s as easy to use as a point-and-shoot, but it takes beautiful DSLR photos and videos that get noticed. It feels outstanding in your hands, sturdy and balanced with controls where you want them\" image=\"general/banner-product-1.png\" button_primary_label=\"View collections\" button_primary_url=\"products\" button_secondary_label=\"Learn more\" button_secondary_url=\"/products\"][/get-in-touch]</div><div>[about-product title=\"Easy. Portable. Amazing\" description=\"Take more memorable images. The photos you take with the D3500 capture more than the moment—they capture the feeling of the moment, a feeling that can be shared immediately with your friends and family and then relived for a lifetime.\" image=\"general/product-feature.png\" quantity=\"6\" title_1=\"Less thinking. More shooting\" title_2=\"Picture after amazing picture\" title_3=\"The day tripper\" title_4=\"Newbies welcome\" title_5=\"Colors that pop in any light\" title_6=\"Fast, accurate focusing\"][/about-product]</div><div>[intro-video title=\"Your camera’s bridge to your world\" subtitle=\"The D3500 Two Lens Kit includes two matched lenses to help you cover all the angles. The AF-P DX NIKKOR 18-55mm f/3.5-5.6G VR lens is great for portraits, landscapes, videos and other wide perspective shots. The AF-P DX NIKKOR 70-300mm f/4.5-6.3G ED is a versatile telephoto zoom lens that’s great for sports, concerts, nature and more.\" image=\"general/intro-video-product.png\" tag=\"Business\" youtube_video_url=\"https://www.youtube.com/watch?v=HZ3XumHDDwA\" icon_image=\"icons/bg-plan.png\"][/intro-video]</div><div>[site-statistics title=\"See why we are trusted the world over\" quantity=\"4\" title_1=\"Social followers\" data_1=\"367\" unit_1=\"K\" title_2=\"Happy Clients\" data_2=\"19\" unit_2=\"K+\" title_3=\"Project Done\" data_3=\"604\" unit_3=\"K+\" title_4=\"Global branch\" data_4=\"96\"][/site-statistics]</div>','published','[\"products\\/23.jpg\",\"products\\/23-1.jpg\",\"products\\/23-2.jpg\",\"products\\/23-3.jpg\"]','SW-124-A0',0,14,0,1,0,3,0,0,1026,NULL,NULL,NULL,20.00,18.00,16.00,736.00,NULL,29067,'2024-05-22 23:57:14','2024-05-22 23:57:16','in_stock',0,'Botble\\ACL\\Models\\User',NULL,'physical',NULL,NULL,0,0,0),(24,'Vimto Squash Remix Apple 1.5 Litres','<ul><li> Unrestrained and portable active stereo speaker</li>\n            <li> Free from the confines of wires and chords</li>\n            <li> 20 hours of portable capabilities</li>\n            <li> Double-ended Coil Cord with 3.5mm Stereo Plugs Included</li>\n            <li> 3/4″ Dome Tweeters: 2X and 4″ Woofer: 1X</li></ul>','<p>Short Hooded Coat features a straight body, large pockets with button flaps, ventilation air holes, and a string detail along the hemline. The style is completed with a drawstring hood, featuring Rains’ signature built-in cap. Made from waterproof, matte PU, this lightweight unisex rain jacket is an ode to nostalgia through its classic silhouette and utilitarian design details.</p>\n                                <p>- Casual unisex fit</p>\n\n                                <p>- 64% polyester, 36% polyurethane</p>\n\n                                <p>- Water column pressure: 4000 mm</p>\n\n                                <p>- Model is 187cm tall and wearing a size S / M</p>\n\n                                <p>- Unisex fit</p>\n\n                                <p>- Drawstring hood with built-in cap</p>\n\n                                <p>- Front placket with snap buttons</p>\n\n                                <p>- Ventilation under armpit</p>\n\n                                <p>- Adjustable cuffs</p>\n\n                                <p>- Double welted front pockets</p>\n\n                                <p>- Adjustable elastic string at hempen</p>\n\n                                <p>- Ultrasonically welded seams</p>\n\n                                <p>This is a unisex item, please check our clothing &amp; footwear sizing guide for specific Rains jacket sizing information. RAINS comes from the rainy nation of Denmark at the edge of the European continent, close to the ocean and with prevailing westerly winds; all factors that contribute to an average of 121 rain days each year. Arising from these rainy weather conditions comes the attitude that a quick rain shower may be beautiful, as well as moody- but first and foremost requires the right outfit. Rains focus on the whole experience of going outside on rainy days, issuing an invitation to explore even in the most mercurial weather.</p><div>[get-in-touch title=\"Beautiful Pictures For All\" description=\"You don’t need to be a photographer to know a great photo when you see one. And you don’t need to be a photographer to take a great photo—you just need the D3500. It s as easy to use as a point-and-shoot, but it takes beautiful DSLR photos and videos that get noticed. It feels outstanding in your hands, sturdy and balanced with controls where you want them\" image=\"general/banner-product-1.png\" button_primary_label=\"View collections\" button_primary_url=\"products\" button_secondary_label=\"Learn more\" button_secondary_url=\"/products\"][/get-in-touch]</div><div>[about-product title=\"Easy. Portable. Amazing\" description=\"Take more memorable images. The photos you take with the D3500 capture more than the moment—they capture the feeling of the moment, a feeling that can be shared immediately with your friends and family and then relived for a lifetime.\" image=\"general/product-feature.png\" quantity=\"6\" title_1=\"Less thinking. More shooting\" title_2=\"Picture after amazing picture\" title_3=\"The day tripper\" title_4=\"Newbies welcome\" title_5=\"Colors that pop in any light\" title_6=\"Fast, accurate focusing\"][/about-product]</div><div>[intro-video title=\"Your camera’s bridge to your world\" subtitle=\"The D3500 Two Lens Kit includes two matched lenses to help you cover all the angles. The AF-P DX NIKKOR 18-55mm f/3.5-5.6G VR lens is great for portraits, landscapes, videos and other wide perspective shots. The AF-P DX NIKKOR 70-300mm f/4.5-6.3G ED is a versatile telephoto zoom lens that’s great for sports, concerts, nature and more.\" image=\"general/intro-video-product.png\" tag=\"Business\" youtube_video_url=\"https://www.youtube.com/watch?v=HZ3XumHDDwA\" icon_image=\"icons/bg-plan.png\"][/intro-video]</div><div>[site-statistics title=\"See why we are trusted the world over\" quantity=\"4\" title_1=\"Social followers\" data_1=\"367\" unit_1=\"K\" title_2=\"Happy Clients\" data_2=\"19\" unit_2=\"K+\" title_3=\"Project Done\" data_3=\"604\" unit_3=\"K+\" title_4=\"Global branch\" data_4=\"96\"][/site-statistics]</div>','published','[\"products\\/24.jpg\",\"products\\/24-1.jpg\",\"products\\/24-2.jpg\"]','SW-116-A0',0,11,0,1,0,4,0,0,1195,884.3,NULL,NULL,18.00,16.00,18.00,699.00,NULL,157068,'2024-05-22 23:57:14','2024-05-22 23:57:16','in_stock',0,'Botble\\ACL\\Models\\User',NULL,'physical',NULL,NULL,0,0,0),(25,'Crock Pot Slow Cooker (Digital)','<ul><li> Unrestrained and portable active stereo speaker</li>\n            <li> Free from the confines of wires and chords</li>\n            <li> 20 hours of portable capabilities</li>\n            <li> Double-ended Coil Cord with 3.5mm Stereo Plugs Included</li>\n            <li> 3/4″ Dome Tweeters: 2X and 4″ Woofer: 1X</li></ul>','<p>Short Hooded Coat features a straight body, large pockets with button flaps, ventilation air holes, and a string detail along the hemline. The style is completed with a drawstring hood, featuring Rains’ signature built-in cap. Made from waterproof, matte PU, this lightweight unisex rain jacket is an ode to nostalgia through its classic silhouette and utilitarian design details.</p>\n                                <p>- Casual unisex fit</p>\n\n                                <p>- 64% polyester, 36% polyurethane</p>\n\n                                <p>- Water column pressure: 4000 mm</p>\n\n                                <p>- Model is 187cm tall and wearing a size S / M</p>\n\n                                <p>- Unisex fit</p>\n\n                                <p>- Drawstring hood with built-in cap</p>\n\n                                <p>- Front placket with snap buttons</p>\n\n                                <p>- Ventilation under armpit</p>\n\n                                <p>- Adjustable cuffs</p>\n\n                                <p>- Double welted front pockets</p>\n\n                                <p>- Adjustable elastic string at hempen</p>\n\n                                <p>- Ultrasonically welded seams</p>\n\n                                <p>This is a unisex item, please check our clothing &amp; footwear sizing guide for specific Rains jacket sizing information. RAINS comes from the rainy nation of Denmark at the edge of the European continent, close to the ocean and with prevailing westerly winds; all factors that contribute to an average of 121 rain days each year. Arising from these rainy weather conditions comes the attitude that a quick rain shower may be beautiful, as well as moody- but first and foremost requires the right outfit. Rains focus on the whole experience of going outside on rainy days, issuing an invitation to explore even in the most mercurial weather.</p><div>[get-in-touch title=\"Beautiful Pictures For All\" description=\"You don’t need to be a photographer to know a great photo when you see one. And you don’t need to be a photographer to take a great photo—you just need the D3500. It s as easy to use as a point-and-shoot, but it takes beautiful DSLR photos and videos that get noticed. It feels outstanding in your hands, sturdy and balanced with controls where you want them\" image=\"general/banner-product-1.png\" button_primary_label=\"View collections\" button_primary_url=\"products\" button_secondary_label=\"Learn more\" button_secondary_url=\"/products\"][/get-in-touch]</div><div>[about-product title=\"Easy. Portable. Amazing\" description=\"Take more memorable images. The photos you take with the D3500 capture more than the moment—they capture the feeling of the moment, a feeling that can be shared immediately with your friends and family and then relived for a lifetime.\" image=\"general/product-feature.png\" quantity=\"6\" title_1=\"Less thinking. More shooting\" title_2=\"Picture after amazing picture\" title_3=\"The day tripper\" title_4=\"Newbies welcome\" title_5=\"Colors that pop in any light\" title_6=\"Fast, accurate focusing\"][/about-product]</div><div>[intro-video title=\"Your camera’s bridge to your world\" subtitle=\"The D3500 Two Lens Kit includes two matched lenses to help you cover all the angles. The AF-P DX NIKKOR 18-55mm f/3.5-5.6G VR lens is great for portraits, landscapes, videos and other wide perspective shots. The AF-P DX NIKKOR 70-300mm f/4.5-6.3G ED is a versatile telephoto zoom lens that’s great for sports, concerts, nature and more.\" image=\"general/intro-video-product.png\" tag=\"Business\" youtube_video_url=\"https://www.youtube.com/watch?v=HZ3XumHDDwA\" icon_image=\"icons/bg-plan.png\"][/intro-video]</div><div>[site-statistics title=\"See why we are trusted the world over\" quantity=\"4\" title_1=\"Social followers\" data_1=\"367\" unit_1=\"K\" title_2=\"Happy Clients\" data_2=\"19\" unit_2=\"K+\" title_3=\"Project Done\" data_3=\"604\" unit_3=\"K+\" title_4=\"Global branch\" data_4=\"96\"][/site-statistics]</div>','published','[\"products\\/25.jpg\",\"products\\/25-1.jpg\",\"products\\/25-2.jpg\"]','SW-165-A0',0,13,0,1,0,2,0,0,1256,NULL,NULL,NULL,19.00,19.00,12.00,729.00,NULL,158474,'2024-05-22 23:57:14','2024-05-22 23:57:16','in_stock',0,'Botble\\ACL\\Models\\User',NULL,'digital',NULL,NULL,0,0,0),(26,'Taylors of Harrogate Yorkshire Coffee','<ul><li> Unrestrained and portable active stereo speaker</li>\n            <li> Free from the confines of wires and chords</li>\n            <li> 20 hours of portable capabilities</li>\n            <li> Double-ended Coil Cord with 3.5mm Stereo Plugs Included</li>\n            <li> 3/4″ Dome Tweeters: 2X and 4″ Woofer: 1X</li></ul>','<p>Short Hooded Coat features a straight body, large pockets with button flaps, ventilation air holes, and a string detail along the hemline. The style is completed with a drawstring hood, featuring Rains’ signature built-in cap. Made from waterproof, matte PU, this lightweight unisex rain jacket is an ode to nostalgia through its classic silhouette and utilitarian design details.</p>\n                                <p>- Casual unisex fit</p>\n\n                                <p>- 64% polyester, 36% polyurethane</p>\n\n                                <p>- Water column pressure: 4000 mm</p>\n\n                                <p>- Model is 187cm tall and wearing a size S / M</p>\n\n                                <p>- Unisex fit</p>\n\n                                <p>- Drawstring hood with built-in cap</p>\n\n                                <p>- Front placket with snap buttons</p>\n\n                                <p>- Ventilation under armpit</p>\n\n                                <p>- Adjustable cuffs</p>\n\n                                <p>- Double welted front pockets</p>\n\n                                <p>- Adjustable elastic string at hempen</p>\n\n                                <p>- Ultrasonically welded seams</p>\n\n                                <p>This is a unisex item, please check our clothing &amp; footwear sizing guide for specific Rains jacket sizing information. RAINS comes from the rainy nation of Denmark at the edge of the European continent, close to the ocean and with prevailing westerly winds; all factors that contribute to an average of 121 rain days each year. Arising from these rainy weather conditions comes the attitude that a quick rain shower may be beautiful, as well as moody- but first and foremost requires the right outfit. Rains focus on the whole experience of going outside on rainy days, issuing an invitation to explore even in the most mercurial weather.</p><div>[get-in-touch title=\"Beautiful Pictures For All\" description=\"You don’t need to be a photographer to know a great photo when you see one. And you don’t need to be a photographer to take a great photo—you just need the D3500. It s as easy to use as a point-and-shoot, but it takes beautiful DSLR photos and videos that get noticed. It feels outstanding in your hands, sturdy and balanced with controls where you want them\" image=\"general/banner-product-1.png\" button_primary_label=\"View collections\" button_primary_url=\"products\" button_secondary_label=\"Learn more\" button_secondary_url=\"/products\"][/get-in-touch]</div><div>[about-product title=\"Easy. Portable. Amazing\" description=\"Take more memorable images. The photos you take with the D3500 capture more than the moment—they capture the feeling of the moment, a feeling that can be shared immediately with your friends and family and then relived for a lifetime.\" image=\"general/product-feature.png\" quantity=\"6\" title_1=\"Less thinking. More shooting\" title_2=\"Picture after amazing picture\" title_3=\"The day tripper\" title_4=\"Newbies welcome\" title_5=\"Colors that pop in any light\" title_6=\"Fast, accurate focusing\"][/about-product]</div><div>[intro-video title=\"Your camera’s bridge to your world\" subtitle=\"The D3500 Two Lens Kit includes two matched lenses to help you cover all the angles. The AF-P DX NIKKOR 18-55mm f/3.5-5.6G VR lens is great for portraits, landscapes, videos and other wide perspective shots. The AF-P DX NIKKOR 70-300mm f/4.5-6.3G ED is a versatile telephoto zoom lens that’s great for sports, concerts, nature and more.\" image=\"general/intro-video-product.png\" tag=\"Business\" youtube_video_url=\"https://www.youtube.com/watch?v=HZ3XumHDDwA\" icon_image=\"icons/bg-plan.png\"][/intro-video]</div><div>[site-statistics title=\"See why we are trusted the world over\" quantity=\"4\" title_1=\"Social followers\" data_1=\"367\" unit_1=\"K\" title_2=\"Happy Clients\" data_2=\"19\" unit_2=\"K+\" title_3=\"Project Done\" data_3=\"604\" unit_3=\"K+\" title_4=\"Global branch\" data_4=\"96\"][/site-statistics]</div>','published','[\"products\\/26.jpg\",\"products\\/26-1.jpg\"]','SW-127-A0',0,20,0,1,0,5,0,0,1162,NULL,NULL,NULL,18.00,13.00,14.00,545.00,NULL,155416,'2024-05-22 23:57:14','2024-05-22 23:57:16','in_stock',0,'Botble\\ACL\\Models\\User',NULL,'physical',NULL,NULL,0,0,0),(27,'Soft Mochi &amp; Galeto Ice Cream','<ul><li> Unrestrained and portable active stereo speaker</li>\n            <li> Free from the confines of wires and chords</li>\n            <li> 20 hours of portable capabilities</li>\n            <li> Double-ended Coil Cord with 3.5mm Stereo Plugs Included</li>\n            <li> 3/4″ Dome Tweeters: 2X and 4″ Woofer: 1X</li></ul>','<p>Short Hooded Coat features a straight body, large pockets with button flaps, ventilation air holes, and a string detail along the hemline. The style is completed with a drawstring hood, featuring Rains’ signature built-in cap. Made from waterproof, matte PU, this lightweight unisex rain jacket is an ode to nostalgia through its classic silhouette and utilitarian design details.</p>\n                                <p>- Casual unisex fit</p>\n\n                                <p>- 64% polyester, 36% polyurethane</p>\n\n                                <p>- Water column pressure: 4000 mm</p>\n\n                                <p>- Model is 187cm tall and wearing a size S / M</p>\n\n                                <p>- Unisex fit</p>\n\n                                <p>- Drawstring hood with built-in cap</p>\n\n                                <p>- Front placket with snap buttons</p>\n\n                                <p>- Ventilation under armpit</p>\n\n                                <p>- Adjustable cuffs</p>\n\n                                <p>- Double welted front pockets</p>\n\n                                <p>- Adjustable elastic string at hempen</p>\n\n                                <p>- Ultrasonically welded seams</p>\n\n                                <p>This is a unisex item, please check our clothing &amp; footwear sizing guide for specific Rains jacket sizing information. RAINS comes from the rainy nation of Denmark at the edge of the European continent, close to the ocean and with prevailing westerly winds; all factors that contribute to an average of 121 rain days each year. Arising from these rainy weather conditions comes the attitude that a quick rain shower may be beautiful, as well as moody- but first and foremost requires the right outfit. Rains focus on the whole experience of going outside on rainy days, issuing an invitation to explore even in the most mercurial weather.</p><div>[get-in-touch title=\"Beautiful Pictures For All\" description=\"You don’t need to be a photographer to know a great photo when you see one. And you don’t need to be a photographer to take a great photo—you just need the D3500. It s as easy to use as a point-and-shoot, but it takes beautiful DSLR photos and videos that get noticed. It feels outstanding in your hands, sturdy and balanced with controls where you want them\" image=\"general/banner-product-1.png\" button_primary_label=\"View collections\" button_primary_url=\"products\" button_secondary_label=\"Learn more\" button_secondary_url=\"/products\"][/get-in-touch]</div><div>[about-product title=\"Easy. Portable. Amazing\" description=\"Take more memorable images. The photos you take with the D3500 capture more than the moment—they capture the feeling of the moment, a feeling that can be shared immediately with your friends and family and then relived for a lifetime.\" image=\"general/product-feature.png\" quantity=\"6\" title_1=\"Less thinking. More shooting\" title_2=\"Picture after amazing picture\" title_3=\"The day tripper\" title_4=\"Newbies welcome\" title_5=\"Colors that pop in any light\" title_6=\"Fast, accurate focusing\"][/about-product]</div><div>[intro-video title=\"Your camera’s bridge to your world\" subtitle=\"The D3500 Two Lens Kit includes two matched lenses to help you cover all the angles. The AF-P DX NIKKOR 18-55mm f/3.5-5.6G VR lens is great for portraits, landscapes, videos and other wide perspective shots. The AF-P DX NIKKOR 70-300mm f/4.5-6.3G ED is a versatile telephoto zoom lens that’s great for sports, concerts, nature and more.\" image=\"general/intro-video-product.png\" tag=\"Business\" youtube_video_url=\"https://www.youtube.com/watch?v=HZ3XumHDDwA\" icon_image=\"icons/bg-plan.png\"][/intro-video]</div><div>[site-statistics title=\"See why we are trusted the world over\" quantity=\"4\" title_1=\"Social followers\" data_1=\"367\" unit_1=\"K\" title_2=\"Happy Clients\" data_2=\"19\" unit_2=\"K+\" title_3=\"Project Done\" data_3=\"604\" unit_3=\"K+\" title_4=\"Global branch\" data_4=\"96\"][/site-statistics]</div>','published','[\"products\\/27.jpg\",\"products\\/27-1.jpg\"]','SW-124-A0',0,10,0,1,0,3,0,0,719,NULL,NULL,NULL,18.00,14.00,12.00,546.00,NULL,20095,'2024-05-22 23:57:14','2024-05-22 23:57:16','in_stock',0,'Botble\\ACL\\Models\\User',NULL,'physical',NULL,NULL,0,0,0),(28,'Naked Noodle Egg Noodles Singapore','<ul><li> Unrestrained and portable active stereo speaker</li>\n            <li> Free from the confines of wires and chords</li>\n            <li> 20 hours of portable capabilities</li>\n            <li> Double-ended Coil Cord with 3.5mm Stereo Plugs Included</li>\n            <li> 3/4″ Dome Tweeters: 2X and 4″ Woofer: 1X</li></ul>','<p>Short Hooded Coat features a straight body, large pockets with button flaps, ventilation air holes, and a string detail along the hemline. The style is completed with a drawstring hood, featuring Rains’ signature built-in cap. Made from waterproof, matte PU, this lightweight unisex rain jacket is an ode to nostalgia through its classic silhouette and utilitarian design details.</p>\n                                <p>- Casual unisex fit</p>\n\n                                <p>- 64% polyester, 36% polyurethane</p>\n\n                                <p>- Water column pressure: 4000 mm</p>\n\n                                <p>- Model is 187cm tall and wearing a size S / M</p>\n\n                                <p>- Unisex fit</p>\n\n                                <p>- Drawstring hood with built-in cap</p>\n\n                                <p>- Front placket with snap buttons</p>\n\n                                <p>- Ventilation under armpit</p>\n\n                                <p>- Adjustable cuffs</p>\n\n                                <p>- Double welted front pockets</p>\n\n                                <p>- Adjustable elastic string at hempen</p>\n\n                                <p>- Ultrasonically welded seams</p>\n\n                                <p>This is a unisex item, please check our clothing &amp; footwear sizing guide for specific Rains jacket sizing information. RAINS comes from the rainy nation of Denmark at the edge of the European continent, close to the ocean and with prevailing westerly winds; all factors that contribute to an average of 121 rain days each year. Arising from these rainy weather conditions comes the attitude that a quick rain shower may be beautiful, as well as moody- but first and foremost requires the right outfit. Rains focus on the whole experience of going outside on rainy days, issuing an invitation to explore even in the most mercurial weather.</p><div>[get-in-touch title=\"Beautiful Pictures For All\" description=\"You don’t need to be a photographer to know a great photo when you see one. And you don’t need to be a photographer to take a great photo—you just need the D3500. It s as easy to use as a point-and-shoot, but it takes beautiful DSLR photos and videos that get noticed. It feels outstanding in your hands, sturdy and balanced with controls where you want them\" image=\"general/banner-product-1.png\" button_primary_label=\"View collections\" button_primary_url=\"products\" button_secondary_label=\"Learn more\" button_secondary_url=\"/products\"][/get-in-touch]</div><div>[about-product title=\"Easy. Portable. Amazing\" description=\"Take more memorable images. The photos you take with the D3500 capture more than the moment—they capture the feeling of the moment, a feeling that can be shared immediately with your friends and family and then relived for a lifetime.\" image=\"general/product-feature.png\" quantity=\"6\" title_1=\"Less thinking. More shooting\" title_2=\"Picture after amazing picture\" title_3=\"The day tripper\" title_4=\"Newbies welcome\" title_5=\"Colors that pop in any light\" title_6=\"Fast, accurate focusing\"][/about-product]</div><div>[intro-video title=\"Your camera’s bridge to your world\" subtitle=\"The D3500 Two Lens Kit includes two matched lenses to help you cover all the angles. The AF-P DX NIKKOR 18-55mm f/3.5-5.6G VR lens is great for portraits, landscapes, videos and other wide perspective shots. The AF-P DX NIKKOR 70-300mm f/4.5-6.3G ED is a versatile telephoto zoom lens that’s great for sports, concerts, nature and more.\" image=\"general/intro-video-product.png\" tag=\"Business\" youtube_video_url=\"https://www.youtube.com/watch?v=HZ3XumHDDwA\" icon_image=\"icons/bg-plan.png\"][/intro-video]</div><div>[site-statistics title=\"See why we are trusted the world over\" quantity=\"4\" title_1=\"Social followers\" data_1=\"367\" unit_1=\"K\" title_2=\"Happy Clients\" data_2=\"19\" unit_2=\"K+\" title_3=\"Project Done\" data_3=\"604\" unit_3=\"K+\" title_4=\"Global branch\" data_4=\"96\"][/site-statistics]</div>','published','[\"products\\/28.jpg\",\"products\\/28-1.jpg\",\"products\\/28-2.jpg\"]','SW-200-A0',0,15,0,1,0,5,0,0,931,754.11,NULL,NULL,10.00,10.00,11.00,565.00,NULL,95530,'2024-05-22 23:57:14','2024-05-22 23:57:16','in_stock',0,'Botble\\ACL\\Models\\User',NULL,'physical',NULL,NULL,0,0,0),(29,'Saute Pan Silver (Digital)','<ul><li> Unrestrained and portable active stereo speaker</li>\n            <li> Free from the confines of wires and chords</li>\n            <li> 20 hours of portable capabilities</li>\n            <li> Double-ended Coil Cord with 3.5mm Stereo Plugs Included</li>\n            <li> 3/4″ Dome Tweeters: 2X and 4″ Woofer: 1X</li></ul>','<p>Short Hooded Coat features a straight body, large pockets with button flaps, ventilation air holes, and a string detail along the hemline. The style is completed with a drawstring hood, featuring Rains’ signature built-in cap. Made from waterproof, matte PU, this lightweight unisex rain jacket is an ode to nostalgia through its classic silhouette and utilitarian design details.</p>\n                                <p>- Casual unisex fit</p>\n\n                                <p>- 64% polyester, 36% polyurethane</p>\n\n                                <p>- Water column pressure: 4000 mm</p>\n\n                                <p>- Model is 187cm tall and wearing a size S / M</p>\n\n                                <p>- Unisex fit</p>\n\n                                <p>- Drawstring hood with built-in cap</p>\n\n                                <p>- Front placket with snap buttons</p>\n\n                                <p>- Ventilation under armpit</p>\n\n                                <p>- Adjustable cuffs</p>\n\n                                <p>- Double welted front pockets</p>\n\n                                <p>- Adjustable elastic string at hempen</p>\n\n                                <p>- Ultrasonically welded seams</p>\n\n                                <p>This is a unisex item, please check our clothing &amp; footwear sizing guide for specific Rains jacket sizing information. RAINS comes from the rainy nation of Denmark at the edge of the European continent, close to the ocean and with prevailing westerly winds; all factors that contribute to an average of 121 rain days each year. Arising from these rainy weather conditions comes the attitude that a quick rain shower may be beautiful, as well as moody- but first and foremost requires the right outfit. Rains focus on the whole experience of going outside on rainy days, issuing an invitation to explore even in the most mercurial weather.</p><div>[get-in-touch title=\"Beautiful Pictures For All\" description=\"You don’t need to be a photographer to know a great photo when you see one. And you don’t need to be a photographer to take a great photo—you just need the D3500. It s as easy to use as a point-and-shoot, but it takes beautiful DSLR photos and videos that get noticed. It feels outstanding in your hands, sturdy and balanced with controls where you want them\" image=\"general/banner-product-1.png\" button_primary_label=\"View collections\" button_primary_url=\"products\" button_secondary_label=\"Learn more\" button_secondary_url=\"/products\"][/get-in-touch]</div><div>[about-product title=\"Easy. Portable. Amazing\" description=\"Take more memorable images. The photos you take with the D3500 capture more than the moment—they capture the feeling of the moment, a feeling that can be shared immediately with your friends and family and then relived for a lifetime.\" image=\"general/product-feature.png\" quantity=\"6\" title_1=\"Less thinking. More shooting\" title_2=\"Picture after amazing picture\" title_3=\"The day tripper\" title_4=\"Newbies welcome\" title_5=\"Colors that pop in any light\" title_6=\"Fast, accurate focusing\"][/about-product]</div><div>[intro-video title=\"Your camera’s bridge to your world\" subtitle=\"The D3500 Two Lens Kit includes two matched lenses to help you cover all the angles. The AF-P DX NIKKOR 18-55mm f/3.5-5.6G VR lens is great for portraits, landscapes, videos and other wide perspective shots. The AF-P DX NIKKOR 70-300mm f/4.5-6.3G ED is a versatile telephoto zoom lens that’s great for sports, concerts, nature and more.\" image=\"general/intro-video-product.png\" tag=\"Business\" youtube_video_url=\"https://www.youtube.com/watch?v=HZ3XumHDDwA\" icon_image=\"icons/bg-plan.png\"][/intro-video]</div><div>[site-statistics title=\"See why we are trusted the world over\" quantity=\"4\" title_1=\"Social followers\" data_1=\"367\" unit_1=\"K\" title_2=\"Happy Clients\" data_2=\"19\" unit_2=\"K+\" title_3=\"Project Done\" data_3=\"604\" unit_3=\"K+\" title_4=\"Global branch\" data_4=\"96\"][/site-statistics]</div>','published','[\"products\\/29.jpg\",\"products\\/29-1.jpg\",\"products\\/29-2.jpg\"]','SW-158-A0',0,10,0,1,0,2,0,0,834,NULL,NULL,NULL,16.00,10.00,10.00,839.00,NULL,84429,'2024-05-22 23:57:14','2024-05-22 23:57:16','in_stock',0,'Botble\\ACL\\Models\\User',NULL,'digital',NULL,NULL,0,0,0),(30,'Bar S – Classic Bun Length Franks','<ul><li> Unrestrained and portable active stereo speaker</li>\n            <li> Free from the confines of wires and chords</li>\n            <li> 20 hours of portable capabilities</li>\n            <li> Double-ended Coil Cord with 3.5mm Stereo Plugs Included</li>\n            <li> 3/4″ Dome Tweeters: 2X and 4″ Woofer: 1X</li></ul>','<p>Short Hooded Coat features a straight body, large pockets with button flaps, ventilation air holes, and a string detail along the hemline. The style is completed with a drawstring hood, featuring Rains’ signature built-in cap. Made from waterproof, matte PU, this lightweight unisex rain jacket is an ode to nostalgia through its classic silhouette and utilitarian design details.</p>\n                                <p>- Casual unisex fit</p>\n\n                                <p>- 64% polyester, 36% polyurethane</p>\n\n                                <p>- Water column pressure: 4000 mm</p>\n\n                                <p>- Model is 187cm tall and wearing a size S / M</p>\n\n                                <p>- Unisex fit</p>\n\n                                <p>- Drawstring hood with built-in cap</p>\n\n                                <p>- Front placket with snap buttons</p>\n\n                                <p>- Ventilation under armpit</p>\n\n                                <p>- Adjustable cuffs</p>\n\n                                <p>- Double welted front pockets</p>\n\n                                <p>- Adjustable elastic string at hempen</p>\n\n                                <p>- Ultrasonically welded seams</p>\n\n                                <p>This is a unisex item, please check our clothing &amp; footwear sizing guide for specific Rains jacket sizing information. RAINS comes from the rainy nation of Denmark at the edge of the European continent, close to the ocean and with prevailing westerly winds; all factors that contribute to an average of 121 rain days each year. Arising from these rainy weather conditions comes the attitude that a quick rain shower may be beautiful, as well as moody- but first and foremost requires the right outfit. Rains focus on the whole experience of going outside on rainy days, issuing an invitation to explore even in the most mercurial weather.</p><div>[get-in-touch title=\"Beautiful Pictures For All\" description=\"You don’t need to be a photographer to know a great photo when you see one. And you don’t need to be a photographer to take a great photo—you just need the D3500. It s as easy to use as a point-and-shoot, but it takes beautiful DSLR photos and videos that get noticed. It feels outstanding in your hands, sturdy and balanced with controls where you want them\" image=\"general/banner-product-1.png\" button_primary_label=\"View collections\" button_primary_url=\"products\" button_secondary_label=\"Learn more\" button_secondary_url=\"/products\"][/get-in-touch]</div><div>[about-product title=\"Easy. Portable. Amazing\" description=\"Take more memorable images. The photos you take with the D3500 capture more than the moment—they capture the feeling of the moment, a feeling that can be shared immediately with your friends and family and then relived for a lifetime.\" image=\"general/product-feature.png\" quantity=\"6\" title_1=\"Less thinking. More shooting\" title_2=\"Picture after amazing picture\" title_3=\"The day tripper\" title_4=\"Newbies welcome\" title_5=\"Colors that pop in any light\" title_6=\"Fast, accurate focusing\"][/about-product]</div><div>[intro-video title=\"Your camera’s bridge to your world\" subtitle=\"The D3500 Two Lens Kit includes two matched lenses to help you cover all the angles. The AF-P DX NIKKOR 18-55mm f/3.5-5.6G VR lens is great for portraits, landscapes, videos and other wide perspective shots. The AF-P DX NIKKOR 70-300mm f/4.5-6.3G ED is a versatile telephoto zoom lens that’s great for sports, concerts, nature and more.\" image=\"general/intro-video-product.png\" tag=\"Business\" youtube_video_url=\"https://www.youtube.com/watch?v=HZ3XumHDDwA\" icon_image=\"icons/bg-plan.png\"][/intro-video]</div><div>[site-statistics title=\"See why we are trusted the world over\" quantity=\"4\" title_1=\"Social followers\" data_1=\"367\" unit_1=\"K\" title_2=\"Happy Clients\" data_2=\"19\" unit_2=\"K+\" title_3=\"Project Done\" data_3=\"604\" unit_3=\"K+\" title_4=\"Global branch\" data_4=\"96\"][/site-statistics]</div>','published','[\"products\\/30.jpg\",\"products\\/30-1.jpg\",\"products\\/30-2.jpg\"]','SW-102-A0',0,20,0,1,0,4,0,0,736,NULL,NULL,NULL,10.00,18.00,14.00,885.00,NULL,160493,'2024-05-22 23:57:14','2024-05-22 23:57:16','in_stock',0,'Botble\\ACL\\Models\\User',NULL,'physical',NULL,NULL,0,0,0),(31,'Broccoli Crowns','<ul><li> Unrestrained and portable active stereo speaker</li>\n            <li> Free from the confines of wires and chords</li>\n            <li> 20 hours of portable capabilities</li>\n            <li> Double-ended Coil Cord with 3.5mm Stereo Plugs Included</li>\n            <li> 3/4″ Dome Tweeters: 2X and 4″ Woofer: 1X</li></ul>','<p>Short Hooded Coat features a straight body, large pockets with button flaps, ventilation air holes, and a string detail along the hemline. The style is completed with a drawstring hood, featuring Rains’ signature built-in cap. Made from waterproof, matte PU, this lightweight unisex rain jacket is an ode to nostalgia through its classic silhouette and utilitarian design details.</p>\n                                <p>- Casual unisex fit</p>\n\n                                <p>- 64% polyester, 36% polyurethane</p>\n\n                                <p>- Water column pressure: 4000 mm</p>\n\n                                <p>- Model is 187cm tall and wearing a size S / M</p>\n\n                                <p>- Unisex fit</p>\n\n                                <p>- Drawstring hood with built-in cap</p>\n\n                                <p>- Front placket with snap buttons</p>\n\n                                <p>- Ventilation under armpit</p>\n\n                                <p>- Adjustable cuffs</p>\n\n                                <p>- Double welted front pockets</p>\n\n                                <p>- Adjustable elastic string at hempen</p>\n\n                                <p>- Ultrasonically welded seams</p>\n\n                                <p>This is a unisex item, please check our clothing &amp; footwear sizing guide for specific Rains jacket sizing information. RAINS comes from the rainy nation of Denmark at the edge of the European continent, close to the ocean and with prevailing westerly winds; all factors that contribute to an average of 121 rain days each year. Arising from these rainy weather conditions comes the attitude that a quick rain shower may be beautiful, as well as moody- but first and foremost requires the right outfit. Rains focus on the whole experience of going outside on rainy days, issuing an invitation to explore even in the most mercurial weather.</p><div>[get-in-touch title=\"Beautiful Pictures For All\" description=\"You don’t need to be a photographer to know a great photo when you see one. And you don’t need to be a photographer to take a great photo—you just need the D3500. It s as easy to use as a point-and-shoot, but it takes beautiful DSLR photos and videos that get noticed. It feels outstanding in your hands, sturdy and balanced with controls where you want them\" image=\"general/banner-product-1.png\" button_primary_label=\"View collections\" button_primary_url=\"products\" button_secondary_label=\"Learn more\" button_secondary_url=\"/products\"][/get-in-touch]</div><div>[about-product title=\"Easy. Portable. Amazing\" description=\"Take more memorable images. The photos you take with the D3500 capture more than the moment—they capture the feeling of the moment, a feeling that can be shared immediately with your friends and family and then relived for a lifetime.\" image=\"general/product-feature.png\" quantity=\"6\" title_1=\"Less thinking. More shooting\" title_2=\"Picture after amazing picture\" title_3=\"The day tripper\" title_4=\"Newbies welcome\" title_5=\"Colors that pop in any light\" title_6=\"Fast, accurate focusing\"][/about-product]</div><div>[intro-video title=\"Your camera’s bridge to your world\" subtitle=\"The D3500 Two Lens Kit includes two matched lenses to help you cover all the angles. The AF-P DX NIKKOR 18-55mm f/3.5-5.6G VR lens is great for portraits, landscapes, videos and other wide perspective shots. The AF-P DX NIKKOR 70-300mm f/4.5-6.3G ED is a versatile telephoto zoom lens that’s great for sports, concerts, nature and more.\" image=\"general/intro-video-product.png\" tag=\"Business\" youtube_video_url=\"https://www.youtube.com/watch?v=HZ3XumHDDwA\" icon_image=\"icons/bg-plan.png\"][/intro-video]</div><div>[site-statistics title=\"See why we are trusted the world over\" quantity=\"4\" title_1=\"Social followers\" data_1=\"367\" unit_1=\"K\" title_2=\"Happy Clients\" data_2=\"19\" unit_2=\"K+\" title_3=\"Project Done\" data_3=\"604\" unit_3=\"K+\" title_4=\"Global branch\" data_4=\"96\"][/site-statistics]</div>','published','[\"products\\/31.jpg\",\"products\\/31-1.jpg\"]','SW-117-A0',0,11,0,1,0,1,0,0,815,NULL,NULL,NULL,10.00,11.00,12.00,570.00,NULL,23659,'2024-05-22 23:57:14','2024-05-22 23:57:16','in_stock',0,'Botble\\ACL\\Models\\User',NULL,'physical',NULL,NULL,0,0,0),(32,'Slimming World Vegan Mac Greens','<ul><li> Unrestrained and portable active stereo speaker</li>\n            <li> Free from the confines of wires and chords</li>\n            <li> 20 hours of portable capabilities</li>\n            <li> Double-ended Coil Cord with 3.5mm Stereo Plugs Included</li>\n            <li> 3/4″ Dome Tweeters: 2X and 4″ Woofer: 1X</li></ul>','<p>Short Hooded Coat features a straight body, large pockets with button flaps, ventilation air holes, and a string detail along the hemline. The style is completed with a drawstring hood, featuring Rains’ signature built-in cap. Made from waterproof, matte PU, this lightweight unisex rain jacket is an ode to nostalgia through its classic silhouette and utilitarian design details.</p>\n                                <p>- Casual unisex fit</p>\n\n                                <p>- 64% polyester, 36% polyurethane</p>\n\n                                <p>- Water column pressure: 4000 mm</p>\n\n                                <p>- Model is 187cm tall and wearing a size S / M</p>\n\n                                <p>- Unisex fit</p>\n\n                                <p>- Drawstring hood with built-in cap</p>\n\n                                <p>- Front placket with snap buttons</p>\n\n                                <p>- Ventilation under armpit</p>\n\n                                <p>- Adjustable cuffs</p>\n\n                                <p>- Double welted front pockets</p>\n\n                                <p>- Adjustable elastic string at hempen</p>\n\n                                <p>- Ultrasonically welded seams</p>\n\n                                <p>This is a unisex item, please check our clothing &amp; footwear sizing guide for specific Rains jacket sizing information. RAINS comes from the rainy nation of Denmark at the edge of the European continent, close to the ocean and with prevailing westerly winds; all factors that contribute to an average of 121 rain days each year. Arising from these rainy weather conditions comes the attitude that a quick rain shower may be beautiful, as well as moody- but first and foremost requires the right outfit. Rains focus on the whole experience of going outside on rainy days, issuing an invitation to explore even in the most mercurial weather.</p><div>[get-in-touch title=\"Beautiful Pictures For All\" description=\"You don’t need to be a photographer to know a great photo when you see one. And you don’t need to be a photographer to take a great photo—you just need the D3500. It s as easy to use as a point-and-shoot, but it takes beautiful DSLR photos and videos that get noticed. It feels outstanding in your hands, sturdy and balanced with controls where you want them\" image=\"general/banner-product-1.png\" button_primary_label=\"View collections\" button_primary_url=\"products\" button_secondary_label=\"Learn more\" button_secondary_url=\"/products\"][/get-in-touch]</div><div>[about-product title=\"Easy. Portable. Amazing\" description=\"Take more memorable images. The photos you take with the D3500 capture more than the moment—they capture the feeling of the moment, a feeling that can be shared immediately with your friends and family and then relived for a lifetime.\" image=\"general/product-feature.png\" quantity=\"6\" title_1=\"Less thinking. More shooting\" title_2=\"Picture after amazing picture\" title_3=\"The day tripper\" title_4=\"Newbies welcome\" title_5=\"Colors that pop in any light\" title_6=\"Fast, accurate focusing\"][/about-product]</div><div>[intro-video title=\"Your camera’s bridge to your world\" subtitle=\"The D3500 Two Lens Kit includes two matched lenses to help you cover all the angles. The AF-P DX NIKKOR 18-55mm f/3.5-5.6G VR lens is great for portraits, landscapes, videos and other wide perspective shots. The AF-P DX NIKKOR 70-300mm f/4.5-6.3G ED is a versatile telephoto zoom lens that’s great for sports, concerts, nature and more.\" image=\"general/intro-video-product.png\" tag=\"Business\" youtube_video_url=\"https://www.youtube.com/watch?v=HZ3XumHDDwA\" icon_image=\"icons/bg-plan.png\"][/intro-video]</div><div>[site-statistics title=\"See why we are trusted the world over\" quantity=\"4\" title_1=\"Social followers\" data_1=\"367\" unit_1=\"K\" title_2=\"Happy Clients\" data_2=\"19\" unit_2=\"K+\" title_3=\"Project Done\" data_3=\"604\" unit_3=\"K+\" title_4=\"Global branch\" data_4=\"96\"][/site-statistics]</div>','published','[\"products\\/32.jpg\",\"products\\/32-1.jpg\",\"products\\/32-2.jpg\"]','SW-143-A0',0,16,0,1,0,2,0,0,974,711.02,NULL,NULL,20.00,11.00,13.00,756.00,NULL,178688,'2024-05-22 23:57:14','2024-05-22 23:57:16','in_stock',0,'Botble\\ACL\\Models\\User',NULL,'physical',NULL,NULL,0,0,0),(33,'Häagen-Dazs Salted Caramel (Digital)','<ul><li> Unrestrained and portable active stereo speaker</li>\n            <li> Free from the confines of wires and chords</li>\n            <li> 20 hours of portable capabilities</li>\n            <li> Double-ended Coil Cord with 3.5mm Stereo Plugs Included</li>\n            <li> 3/4″ Dome Tweeters: 2X and 4″ Woofer: 1X</li></ul>','<p>Short Hooded Coat features a straight body, large pockets with button flaps, ventilation air holes, and a string detail along the hemline. The style is completed with a drawstring hood, featuring Rains’ signature built-in cap. Made from waterproof, matte PU, this lightweight unisex rain jacket is an ode to nostalgia through its classic silhouette and utilitarian design details.</p>\n                                <p>- Casual unisex fit</p>\n\n                                <p>- 64% polyester, 36% polyurethane</p>\n\n                                <p>- Water column pressure: 4000 mm</p>\n\n                                <p>- Model is 187cm tall and wearing a size S / M</p>\n\n                                <p>- Unisex fit</p>\n\n                                <p>- Drawstring hood with built-in cap</p>\n\n                                <p>- Front placket with snap buttons</p>\n\n                                <p>- Ventilation under armpit</p>\n\n                                <p>- Adjustable cuffs</p>\n\n                                <p>- Double welted front pockets</p>\n\n                                <p>- Adjustable elastic string at hempen</p>\n\n                                <p>- Ultrasonically welded seams</p>\n\n                                <p>This is a unisex item, please check our clothing &amp; footwear sizing guide for specific Rains jacket sizing information. RAINS comes from the rainy nation of Denmark at the edge of the European continent, close to the ocean and with prevailing westerly winds; all factors that contribute to an average of 121 rain days each year. Arising from these rainy weather conditions comes the attitude that a quick rain shower may be beautiful, as well as moody- but first and foremost requires the right outfit. Rains focus on the whole experience of going outside on rainy days, issuing an invitation to explore even in the most mercurial weather.</p><div>[get-in-touch title=\"Beautiful Pictures For All\" description=\"You don’t need to be a photographer to know a great photo when you see one. And you don’t need to be a photographer to take a great photo—you just need the D3500. It s as easy to use as a point-and-shoot, but it takes beautiful DSLR photos and videos that get noticed. It feels outstanding in your hands, sturdy and balanced with controls where you want them\" image=\"general/banner-product-1.png\" button_primary_label=\"View collections\" button_primary_url=\"products\" button_secondary_label=\"Learn more\" button_secondary_url=\"/products\"][/get-in-touch]</div><div>[about-product title=\"Easy. Portable. Amazing\" description=\"Take more memorable images. The photos you take with the D3500 capture more than the moment—they capture the feeling of the moment, a feeling that can be shared immediately with your friends and family and then relived for a lifetime.\" image=\"general/product-feature.png\" quantity=\"6\" title_1=\"Less thinking. More shooting\" title_2=\"Picture after amazing picture\" title_3=\"The day tripper\" title_4=\"Newbies welcome\" title_5=\"Colors that pop in any light\" title_6=\"Fast, accurate focusing\"][/about-product]</div><div>[intro-video title=\"Your camera’s bridge to your world\" subtitle=\"The D3500 Two Lens Kit includes two matched lenses to help you cover all the angles. The AF-P DX NIKKOR 18-55mm f/3.5-5.6G VR lens is great for portraits, landscapes, videos and other wide perspective shots. The AF-P DX NIKKOR 70-300mm f/4.5-6.3G ED is a versatile telephoto zoom lens that’s great for sports, concerts, nature and more.\" image=\"general/intro-video-product.png\" tag=\"Business\" youtube_video_url=\"https://www.youtube.com/watch?v=HZ3XumHDDwA\" icon_image=\"icons/bg-plan.png\"][/intro-video]</div><div>[site-statistics title=\"See why we are trusted the world over\" quantity=\"4\" title_1=\"Social followers\" data_1=\"367\" unit_1=\"K\" title_2=\"Happy Clients\" data_2=\"19\" unit_2=\"K+\" title_3=\"Project Done\" data_3=\"604\" unit_3=\"K+\" title_4=\"Global branch\" data_4=\"96\"][/site-statistics]</div>','published','[\"products\\/33.jpg\",\"products\\/33-1.jpg\",\"products\\/33-2.jpg\"]','SW-148-A0',0,14,0,1,0,2,0,0,522,NULL,NULL,NULL,17.00,14.00,14.00,618.00,NULL,58854,'2024-05-22 23:57:14','2024-05-22 23:57:16','in_stock',0,'Botble\\ACL\\Models\\User',NULL,'digital',NULL,NULL,0,0,0),(34,'Iceland 3 Solo Exotic Burst','<ul><li> Unrestrained and portable active stereo speaker</li>\n            <li> Free from the confines of wires and chords</li>\n            <li> 20 hours of portable capabilities</li>\n            <li> Double-ended Coil Cord with 3.5mm Stereo Plugs Included</li>\n            <li> 3/4″ Dome Tweeters: 2X and 4″ Woofer: 1X</li></ul>','<p>Short Hooded Coat features a straight body, large pockets with button flaps, ventilation air holes, and a string detail along the hemline. The style is completed with a drawstring hood, featuring Rains’ signature built-in cap. Made from waterproof, matte PU, this lightweight unisex rain jacket is an ode to nostalgia through its classic silhouette and utilitarian design details.</p>\n                                <p>- Casual unisex fit</p>\n\n                                <p>- 64% polyester, 36% polyurethane</p>\n\n                                <p>- Water column pressure: 4000 mm</p>\n\n                                <p>- Model is 187cm tall and wearing a size S / M</p>\n\n                                <p>- Unisex fit</p>\n\n                                <p>- Drawstring hood with built-in cap</p>\n\n                                <p>- Front placket with snap buttons</p>\n\n                                <p>- Ventilation under armpit</p>\n\n                                <p>- Adjustable cuffs</p>\n\n                                <p>- Double welted front pockets</p>\n\n                                <p>- Adjustable elastic string at hempen</p>\n\n                                <p>- Ultrasonically welded seams</p>\n\n                                <p>This is a unisex item, please check our clothing &amp; footwear sizing guide for specific Rains jacket sizing information. RAINS comes from the rainy nation of Denmark at the edge of the European continent, close to the ocean and with prevailing westerly winds; all factors that contribute to an average of 121 rain days each year. Arising from these rainy weather conditions comes the attitude that a quick rain shower may be beautiful, as well as moody- but first and foremost requires the right outfit. Rains focus on the whole experience of going outside on rainy days, issuing an invitation to explore even in the most mercurial weather.</p><div>[get-in-touch title=\"Beautiful Pictures For All\" description=\"You don’t need to be a photographer to know a great photo when you see one. And you don’t need to be a photographer to take a great photo—you just need the D3500. It s as easy to use as a point-and-shoot, but it takes beautiful DSLR photos and videos that get noticed. It feels outstanding in your hands, sturdy and balanced with controls where you want them\" image=\"general/banner-product-1.png\" button_primary_label=\"View collections\" button_primary_url=\"products\" button_secondary_label=\"Learn more\" button_secondary_url=\"/products\"][/get-in-touch]</div><div>[about-product title=\"Easy. Portable. Amazing\" description=\"Take more memorable images. The photos you take with the D3500 capture more than the moment—they capture the feeling of the moment, a feeling that can be shared immediately with your friends and family and then relived for a lifetime.\" image=\"general/product-feature.png\" quantity=\"6\" title_1=\"Less thinking. More shooting\" title_2=\"Picture after amazing picture\" title_3=\"The day tripper\" title_4=\"Newbies welcome\" title_5=\"Colors that pop in any light\" title_6=\"Fast, accurate focusing\"][/about-product]</div><div>[intro-video title=\"Your camera’s bridge to your world\" subtitle=\"The D3500 Two Lens Kit includes two matched lenses to help you cover all the angles. The AF-P DX NIKKOR 18-55mm f/3.5-5.6G VR lens is great for portraits, landscapes, videos and other wide perspective shots. The AF-P DX NIKKOR 70-300mm f/4.5-6.3G ED is a versatile telephoto zoom lens that’s great for sports, concerts, nature and more.\" image=\"general/intro-video-product.png\" tag=\"Business\" youtube_video_url=\"https://www.youtube.com/watch?v=HZ3XumHDDwA\" icon_image=\"icons/bg-plan.png\"][/intro-video]</div><div>[site-statistics title=\"See why we are trusted the world over\" quantity=\"4\" title_1=\"Social followers\" data_1=\"367\" unit_1=\"K\" title_2=\"Happy Clients\" data_2=\"19\" unit_2=\"K+\" title_3=\"Project Done\" data_3=\"604\" unit_3=\"K+\" title_4=\"Global branch\" data_4=\"96\"][/site-statistics]</div>','published','[\"products\\/34.jpg\",\"products\\/34-1.jpg\"]','SW-158-A0',0,11,0,1,0,3,0,0,716,NULL,NULL,NULL,19.00,20.00,10.00,607.00,NULL,93103,'2024-05-22 23:57:14','2024-05-22 23:57:17','in_stock',0,'Botble\\ACL\\Models\\User',NULL,'physical',NULL,NULL,0,0,0),(35,'Extreme Budweiser Light Can','<ul><li> Unrestrained and portable active stereo speaker</li>\n            <li> Free from the confines of wires and chords</li>\n            <li> 20 hours of portable capabilities</li>\n            <li> Double-ended Coil Cord with 3.5mm Stereo Plugs Included</li>\n            <li> 3/4″ Dome Tweeters: 2X and 4″ Woofer: 1X</li></ul>','<p>Short Hooded Coat features a straight body, large pockets with button flaps, ventilation air holes, and a string detail along the hemline. The style is completed with a drawstring hood, featuring Rains’ signature built-in cap. Made from waterproof, matte PU, this lightweight unisex rain jacket is an ode to nostalgia through its classic silhouette and utilitarian design details.</p>\n                                <p>- Casual unisex fit</p>\n\n                                <p>- 64% polyester, 36% polyurethane</p>\n\n                                <p>- Water column pressure: 4000 mm</p>\n\n                                <p>- Model is 187cm tall and wearing a size S / M</p>\n\n                                <p>- Unisex fit</p>\n\n                                <p>- Drawstring hood with built-in cap</p>\n\n                                <p>- Front placket with snap buttons</p>\n\n                                <p>- Ventilation under armpit</p>\n\n                                <p>- Adjustable cuffs</p>\n\n                                <p>- Double welted front pockets</p>\n\n                                <p>- Adjustable elastic string at hempen</p>\n\n                                <p>- Ultrasonically welded seams</p>\n\n                                <p>This is a unisex item, please check our clothing &amp; footwear sizing guide for specific Rains jacket sizing information. RAINS comes from the rainy nation of Denmark at the edge of the European continent, close to the ocean and with prevailing westerly winds; all factors that contribute to an average of 121 rain days each year. Arising from these rainy weather conditions comes the attitude that a quick rain shower may be beautiful, as well as moody- but first and foremost requires the right outfit. Rains focus on the whole experience of going outside on rainy days, issuing an invitation to explore even in the most mercurial weather.</p><div>[get-in-touch title=\"Beautiful Pictures For All\" description=\"You don’t need to be a photographer to know a great photo when you see one. And you don’t need to be a photographer to take a great photo—you just need the D3500. It s as easy to use as a point-and-shoot, but it takes beautiful DSLR photos and videos that get noticed. It feels outstanding in your hands, sturdy and balanced with controls where you want them\" image=\"general/banner-product-1.png\" button_primary_label=\"View collections\" button_primary_url=\"products\" button_secondary_label=\"Learn more\" button_secondary_url=\"/products\"][/get-in-touch]</div><div>[about-product title=\"Easy. Portable. Amazing\" description=\"Take more memorable images. The photos you take with the D3500 capture more than the moment—they capture the feeling of the moment, a feeling that can be shared immediately with your friends and family and then relived for a lifetime.\" image=\"general/product-feature.png\" quantity=\"6\" title_1=\"Less thinking. More shooting\" title_2=\"Picture after amazing picture\" title_3=\"The day tripper\" title_4=\"Newbies welcome\" title_5=\"Colors that pop in any light\" title_6=\"Fast, accurate focusing\"][/about-product]</div><div>[intro-video title=\"Your camera’s bridge to your world\" subtitle=\"The D3500 Two Lens Kit includes two matched lenses to help you cover all the angles. The AF-P DX NIKKOR 18-55mm f/3.5-5.6G VR lens is great for portraits, landscapes, videos and other wide perspective shots. The AF-P DX NIKKOR 70-300mm f/4.5-6.3G ED is a versatile telephoto zoom lens that’s great for sports, concerts, nature and more.\" image=\"general/intro-video-product.png\" tag=\"Business\" youtube_video_url=\"https://www.youtube.com/watch?v=HZ3XumHDDwA\" icon_image=\"icons/bg-plan.png\"][/intro-video]</div><div>[site-statistics title=\"See why we are trusted the world over\" quantity=\"4\" title_1=\"Social followers\" data_1=\"367\" unit_1=\"K\" title_2=\"Happy Clients\" data_2=\"19\" unit_2=\"K+\" title_3=\"Project Done\" data_3=\"604\" unit_3=\"K+\" title_4=\"Global branch\" data_4=\"96\"][/site-statistics]</div>','published','[\"products\\/35.jpg\",\"products\\/35-1.jpg\"]','SW-130-A0',0,17,0,1,0,5,0,0,793,NULL,NULL,NULL,11.00,12.00,14.00,728.00,NULL,52068,'2024-05-22 23:57:14','2024-05-22 23:57:17','in_stock',0,'Botble\\ACL\\Models\\User',NULL,'physical',NULL,NULL,0,0,0),(36,'Iceland Macaroni Cheese Traybake','<ul><li> Unrestrained and portable active stereo speaker</li>\n            <li> Free from the confines of wires and chords</li>\n            <li> 20 hours of portable capabilities</li>\n            <li> Double-ended Coil Cord with 3.5mm Stereo Plugs Included</li>\n            <li> 3/4″ Dome Tweeters: 2X and 4″ Woofer: 1X</li></ul>','<p>Short Hooded Coat features a straight body, large pockets with button flaps, ventilation air holes, and a string detail along the hemline. The style is completed with a drawstring hood, featuring Rains’ signature built-in cap. Made from waterproof, matte PU, this lightweight unisex rain jacket is an ode to nostalgia through its classic silhouette and utilitarian design details.</p>\n                                <p>- Casual unisex fit</p>\n\n                                <p>- 64% polyester, 36% polyurethane</p>\n\n                                <p>- Water column pressure: 4000 mm</p>\n\n                                <p>- Model is 187cm tall and wearing a size S / M</p>\n\n                                <p>- Unisex fit</p>\n\n                                <p>- Drawstring hood with built-in cap</p>\n\n                                <p>- Front placket with snap buttons</p>\n\n                                <p>- Ventilation under armpit</p>\n\n                                <p>- Adjustable cuffs</p>\n\n                                <p>- Double welted front pockets</p>\n\n                                <p>- Adjustable elastic string at hempen</p>\n\n                                <p>- Ultrasonically welded seams</p>\n\n                                <p>This is a unisex item, please check our clothing &amp; footwear sizing guide for specific Rains jacket sizing information. RAINS comes from the rainy nation of Denmark at the edge of the European continent, close to the ocean and with prevailing westerly winds; all factors that contribute to an average of 121 rain days each year. Arising from these rainy weather conditions comes the attitude that a quick rain shower may be beautiful, as well as moody- but first and foremost requires the right outfit. Rains focus on the whole experience of going outside on rainy days, issuing an invitation to explore even in the most mercurial weather.</p><div>[get-in-touch title=\"Beautiful Pictures For All\" description=\"You don’t need to be a photographer to know a great photo when you see one. And you don’t need to be a photographer to take a great photo—you just need the D3500. It s as easy to use as a point-and-shoot, but it takes beautiful DSLR photos and videos that get noticed. It feels outstanding in your hands, sturdy and balanced with controls where you want them\" image=\"general/banner-product-1.png\" button_primary_label=\"View collections\" button_primary_url=\"products\" button_secondary_label=\"Learn more\" button_secondary_url=\"/products\"][/get-in-touch]</div><div>[about-product title=\"Easy. Portable. Amazing\" description=\"Take more memorable images. The photos you take with the D3500 capture more than the moment—they capture the feeling of the moment, a feeling that can be shared immediately with your friends and family and then relived for a lifetime.\" image=\"general/product-feature.png\" quantity=\"6\" title_1=\"Less thinking. More shooting\" title_2=\"Picture after amazing picture\" title_3=\"The day tripper\" title_4=\"Newbies welcome\" title_5=\"Colors that pop in any light\" title_6=\"Fast, accurate focusing\"][/about-product]</div><div>[intro-video title=\"Your camera’s bridge to your world\" subtitle=\"The D3500 Two Lens Kit includes two matched lenses to help you cover all the angles. The AF-P DX NIKKOR 18-55mm f/3.5-5.6G VR lens is great for portraits, landscapes, videos and other wide perspective shots. The AF-P DX NIKKOR 70-300mm f/4.5-6.3G ED is a versatile telephoto zoom lens that’s great for sports, concerts, nature and more.\" image=\"general/intro-video-product.png\" tag=\"Business\" youtube_video_url=\"https://www.youtube.com/watch?v=HZ3XumHDDwA\" icon_image=\"icons/bg-plan.png\"][/intro-video]</div><div>[site-statistics title=\"See why we are trusted the world over\" quantity=\"4\" title_1=\"Social followers\" data_1=\"367\" unit_1=\"K\" title_2=\"Happy Clients\" data_2=\"19\" unit_2=\"K+\" title_3=\"Project Done\" data_3=\"604\" unit_3=\"K+\" title_4=\"Global branch\" data_4=\"96\"][/site-statistics]</div>','published','[\"products\\/36.jpg\",\"products\\/36-1.jpg\",\"products\\/36-2.jpg\"]','SW-167-A0',0,12,0,1,0,5,0,0,1103,838.28,NULL,NULL,12.00,10.00,19.00,504.00,NULL,102970,'2024-05-22 23:57:14','2024-05-22 23:57:17','in_stock',0,'Botble\\ACL\\Models\\User',NULL,'physical',NULL,NULL,0,0,0),(37,'Dolmio Bolognese Pasta Sauce (Digital)','<ul><li> Unrestrained and portable active stereo speaker</li>\n            <li> Free from the confines of wires and chords</li>\n            <li> 20 hours of portable capabilities</li>\n            <li> Double-ended Coil Cord with 3.5mm Stereo Plugs Included</li>\n            <li> 3/4″ Dome Tweeters: 2X and 4″ Woofer: 1X</li></ul>','<p>Short Hooded Coat features a straight body, large pockets with button flaps, ventilation air holes, and a string detail along the hemline. The style is completed with a drawstring hood, featuring Rains’ signature built-in cap. Made from waterproof, matte PU, this lightweight unisex rain jacket is an ode to nostalgia through its classic silhouette and utilitarian design details.</p>\n                                <p>- Casual unisex fit</p>\n\n                                <p>- 64% polyester, 36% polyurethane</p>\n\n                                <p>- Water column pressure: 4000 mm</p>\n\n                                <p>- Model is 187cm tall and wearing a size S / M</p>\n\n                                <p>- Unisex fit</p>\n\n                                <p>- Drawstring hood with built-in cap</p>\n\n                                <p>- Front placket with snap buttons</p>\n\n                                <p>- Ventilation under armpit</p>\n\n                                <p>- Adjustable cuffs</p>\n\n                                <p>- Double welted front pockets</p>\n\n                                <p>- Adjustable elastic string at hempen</p>\n\n                                <p>- Ultrasonically welded seams</p>\n\n                                <p>This is a unisex item, please check our clothing &amp; footwear sizing guide for specific Rains jacket sizing information. RAINS comes from the rainy nation of Denmark at the edge of the European continent, close to the ocean and with prevailing westerly winds; all factors that contribute to an average of 121 rain days each year. Arising from these rainy weather conditions comes the attitude that a quick rain shower may be beautiful, as well as moody- but first and foremost requires the right outfit. Rains focus on the whole experience of going outside on rainy days, issuing an invitation to explore even in the most mercurial weather.</p><div>[get-in-touch title=\"Beautiful Pictures For All\" description=\"You don’t need to be a photographer to know a great photo when you see one. And you don’t need to be a photographer to take a great photo—you just need the D3500. It s as easy to use as a point-and-shoot, but it takes beautiful DSLR photos and videos that get noticed. It feels outstanding in your hands, sturdy and balanced with controls where you want them\" image=\"general/banner-product-1.png\" button_primary_label=\"View collections\" button_primary_url=\"products\" button_secondary_label=\"Learn more\" button_secondary_url=\"/products\"][/get-in-touch]</div><div>[about-product title=\"Easy. Portable. Amazing\" description=\"Take more memorable images. The photos you take with the D3500 capture more than the moment—they capture the feeling of the moment, a feeling that can be shared immediately with your friends and family and then relived for a lifetime.\" image=\"general/product-feature.png\" quantity=\"6\" title_1=\"Less thinking. More shooting\" title_2=\"Picture after amazing picture\" title_3=\"The day tripper\" title_4=\"Newbies welcome\" title_5=\"Colors that pop in any light\" title_6=\"Fast, accurate focusing\"][/about-product]</div><div>[intro-video title=\"Your camera’s bridge to your world\" subtitle=\"The D3500 Two Lens Kit includes two matched lenses to help you cover all the angles. The AF-P DX NIKKOR 18-55mm f/3.5-5.6G VR lens is great for portraits, landscapes, videos and other wide perspective shots. The AF-P DX NIKKOR 70-300mm f/4.5-6.3G ED is a versatile telephoto zoom lens that’s great for sports, concerts, nature and more.\" image=\"general/intro-video-product.png\" tag=\"Business\" youtube_video_url=\"https://www.youtube.com/watch?v=HZ3XumHDDwA\" icon_image=\"icons/bg-plan.png\"][/intro-video]</div><div>[site-statistics title=\"See why we are trusted the world over\" quantity=\"4\" title_1=\"Social followers\" data_1=\"367\" unit_1=\"K\" title_2=\"Happy Clients\" data_2=\"19\" unit_2=\"K+\" title_3=\"Project Done\" data_3=\"604\" unit_3=\"K+\" title_4=\"Global branch\" data_4=\"96\"][/site-statistics]</div>','published','[\"products\\/37.jpg\",\"products\\/37-1.jpg\",\"products\\/37-2.jpg\"]','SW-110-A0',0,18,0,1,0,3,0,0,763,NULL,NULL,NULL,18.00,15.00,17.00,833.00,NULL,197198,'2024-05-22 23:57:14','2024-05-22 23:57:17','in_stock',0,'Botble\\ACL\\Models\\User',NULL,'digital',NULL,NULL,0,0,0),(38,'Sitema BakeIT Plastic Box','<ul><li> Unrestrained and portable active stereo speaker</li>\n            <li> Free from the confines of wires and chords</li>\n            <li> 20 hours of portable capabilities</li>\n            <li> Double-ended Coil Cord with 3.5mm Stereo Plugs Included</li>\n            <li> 3/4″ Dome Tweeters: 2X and 4″ Woofer: 1X</li></ul>','<p>Short Hooded Coat features a straight body, large pockets with button flaps, ventilation air holes, and a string detail along the hemline. The style is completed with a drawstring hood, featuring Rains’ signature built-in cap. Made from waterproof, matte PU, this lightweight unisex rain jacket is an ode to nostalgia through its classic silhouette and utilitarian design details.</p>\n                                <p>- Casual unisex fit</p>\n\n                                <p>- 64% polyester, 36% polyurethane</p>\n\n                                <p>- Water column pressure: 4000 mm</p>\n\n                                <p>- Model is 187cm tall and wearing a size S / M</p>\n\n                                <p>- Unisex fit</p>\n\n                                <p>- Drawstring hood with built-in cap</p>\n\n                                <p>- Front placket with snap buttons</p>\n\n                                <p>- Ventilation under armpit</p>\n\n                                <p>- Adjustable cuffs</p>\n\n                                <p>- Double welted front pockets</p>\n\n                                <p>- Adjustable elastic string at hempen</p>\n\n                                <p>- Ultrasonically welded seams</p>\n\n                                <p>This is a unisex item, please check our clothing &amp; footwear sizing guide for specific Rains jacket sizing information. RAINS comes from the rainy nation of Denmark at the edge of the European continent, close to the ocean and with prevailing westerly winds; all factors that contribute to an average of 121 rain days each year. Arising from these rainy weather conditions comes the attitude that a quick rain shower may be beautiful, as well as moody- but first and foremost requires the right outfit. Rains focus on the whole experience of going outside on rainy days, issuing an invitation to explore even in the most mercurial weather.</p><div>[get-in-touch title=\"Beautiful Pictures For All\" description=\"You don’t need to be a photographer to know a great photo when you see one. And you don’t need to be a photographer to take a great photo—you just need the D3500. It s as easy to use as a point-and-shoot, but it takes beautiful DSLR photos and videos that get noticed. It feels outstanding in your hands, sturdy and balanced with controls where you want them\" image=\"general/banner-product-1.png\" button_primary_label=\"View collections\" button_primary_url=\"products\" button_secondary_label=\"Learn more\" button_secondary_url=\"/products\"][/get-in-touch]</div><div>[about-product title=\"Easy. Portable. Amazing\" description=\"Take more memorable images. The photos you take with the D3500 capture more than the moment—they capture the feeling of the moment, a feeling that can be shared immediately with your friends and family and then relived for a lifetime.\" image=\"general/product-feature.png\" quantity=\"6\" title_1=\"Less thinking. More shooting\" title_2=\"Picture after amazing picture\" title_3=\"The day tripper\" title_4=\"Newbies welcome\" title_5=\"Colors that pop in any light\" title_6=\"Fast, accurate focusing\"][/about-product]</div><div>[intro-video title=\"Your camera’s bridge to your world\" subtitle=\"The D3500 Two Lens Kit includes two matched lenses to help you cover all the angles. The AF-P DX NIKKOR 18-55mm f/3.5-5.6G VR lens is great for portraits, landscapes, videos and other wide perspective shots. The AF-P DX NIKKOR 70-300mm f/4.5-6.3G ED is a versatile telephoto zoom lens that’s great for sports, concerts, nature and more.\" image=\"general/intro-video-product.png\" tag=\"Business\" youtube_video_url=\"https://www.youtube.com/watch?v=HZ3XumHDDwA\" icon_image=\"icons/bg-plan.png\"][/intro-video]</div><div>[site-statistics title=\"See why we are trusted the world over\" quantity=\"4\" title_1=\"Social followers\" data_1=\"367\" unit_1=\"K\" title_2=\"Happy Clients\" data_2=\"19\" unit_2=\"K+\" title_3=\"Project Done\" data_3=\"604\" unit_3=\"K+\" title_4=\"Global branch\" data_4=\"96\"][/site-statistics]</div>','published','[\"products\\/38.jpg\",\"products\\/38-1.jpg\",\"products\\/38-2.jpg\",\"products\\/38-3.jpg\"]','SW-161-A0',0,11,0,1,0,3,0,0,1054,NULL,NULL,NULL,17.00,12.00,18.00,843.00,NULL,113838,'2024-05-22 23:57:14','2024-05-22 23:57:17','in_stock',0,'Botble\\ACL\\Models\\User',NULL,'physical',NULL,NULL,0,0,0),(39,'Wayfair Basics Dinner Plate Storage','<ul><li> Unrestrained and portable active stereo speaker</li>\n            <li> Free from the confines of wires and chords</li>\n            <li> 20 hours of portable capabilities</li>\n            <li> Double-ended Coil Cord with 3.5mm Stereo Plugs Included</li>\n            <li> 3/4″ Dome Tweeters: 2X and 4″ Woofer: 1X</li></ul>','<p>Short Hooded Coat features a straight body, large pockets with button flaps, ventilation air holes, and a string detail along the hemline. The style is completed with a drawstring hood, featuring Rains’ signature built-in cap. Made from waterproof, matte PU, this lightweight unisex rain jacket is an ode to nostalgia through its classic silhouette and utilitarian design details.</p>\n                                <p>- Casual unisex fit</p>\n\n                                <p>- 64% polyester, 36% polyurethane</p>\n\n                                <p>- Water column pressure: 4000 mm</p>\n\n                                <p>- Model is 187cm tall and wearing a size S / M</p>\n\n                                <p>- Unisex fit</p>\n\n                                <p>- Drawstring hood with built-in cap</p>\n\n                                <p>- Front placket with snap buttons</p>\n\n                                <p>- Ventilation under armpit</p>\n\n                                <p>- Adjustable cuffs</p>\n\n                                <p>- Double welted front pockets</p>\n\n                                <p>- Adjustable elastic string at hempen</p>\n\n                                <p>- Ultrasonically welded seams</p>\n\n                                <p>This is a unisex item, please check our clothing &amp; footwear sizing guide for specific Rains jacket sizing information. RAINS comes from the rainy nation of Denmark at the edge of the European continent, close to the ocean and with prevailing westerly winds; all factors that contribute to an average of 121 rain days each year. Arising from these rainy weather conditions comes the attitude that a quick rain shower may be beautiful, as well as moody- but first and foremost requires the right outfit. Rains focus on the whole experience of going outside on rainy days, issuing an invitation to explore even in the most mercurial weather.</p><div>[get-in-touch title=\"Beautiful Pictures For All\" description=\"You don’t need to be a photographer to know a great photo when you see one. And you don’t need to be a photographer to take a great photo—you just need the D3500. It s as easy to use as a point-and-shoot, but it takes beautiful DSLR photos and videos that get noticed. It feels outstanding in your hands, sturdy and balanced with controls where you want them\" image=\"general/banner-product-1.png\" button_primary_label=\"View collections\" button_primary_url=\"products\" button_secondary_label=\"Learn more\" button_secondary_url=\"/products\"][/get-in-touch]</div><div>[about-product title=\"Easy. Portable. Amazing\" description=\"Take more memorable images. The photos you take with the D3500 capture more than the moment—they capture the feeling of the moment, a feeling that can be shared immediately with your friends and family and then relived for a lifetime.\" image=\"general/product-feature.png\" quantity=\"6\" title_1=\"Less thinking. More shooting\" title_2=\"Picture after amazing picture\" title_3=\"The day tripper\" title_4=\"Newbies welcome\" title_5=\"Colors that pop in any light\" title_6=\"Fast, accurate focusing\"][/about-product]</div><div>[intro-video title=\"Your camera’s bridge to your world\" subtitle=\"The D3500 Two Lens Kit includes two matched lenses to help you cover all the angles. The AF-P DX NIKKOR 18-55mm f/3.5-5.6G VR lens is great for portraits, landscapes, videos and other wide perspective shots. The AF-P DX NIKKOR 70-300mm f/4.5-6.3G ED is a versatile telephoto zoom lens that’s great for sports, concerts, nature and more.\" image=\"general/intro-video-product.png\" tag=\"Business\" youtube_video_url=\"https://www.youtube.com/watch?v=HZ3XumHDDwA\" icon_image=\"icons/bg-plan.png\"][/intro-video]</div><div>[site-statistics title=\"See why we are trusted the world over\" quantity=\"4\" title_1=\"Social followers\" data_1=\"367\" unit_1=\"K\" title_2=\"Happy Clients\" data_2=\"19\" unit_2=\"K+\" title_3=\"Project Done\" data_3=\"604\" unit_3=\"K+\" title_4=\"Global branch\" data_4=\"96\"][/site-statistics]</div>','published','[\"products\\/39.jpg\",\"products\\/39-1.jpg\",\"products\\/39-2.jpg\"]','SW-164-A0',0,12,0,1,0,4,0,0,1158,NULL,NULL,NULL,17.00,16.00,20.00,600.00,NULL,171353,'2024-05-22 23:57:15','2024-05-22 23:57:17','in_stock',0,'Botble\\ACL\\Models\\User',NULL,'physical',NULL,NULL,0,0,0),(40,'Miko The Panda Water Bottle','<ul><li> Unrestrained and portable active stereo speaker</li>\n            <li> Free from the confines of wires and chords</li>\n            <li> 20 hours of portable capabilities</li>\n            <li> Double-ended Coil Cord with 3.5mm Stereo Plugs Included</li>\n            <li> 3/4″ Dome Tweeters: 2X and 4″ Woofer: 1X</li></ul>','<p>Short Hooded Coat features a straight body, large pockets with button flaps, ventilation air holes, and a string detail along the hemline. The style is completed with a drawstring hood, featuring Rains’ signature built-in cap. Made from waterproof, matte PU, this lightweight unisex rain jacket is an ode to nostalgia through its classic silhouette and utilitarian design details.</p>\n                                <p>- Casual unisex fit</p>\n\n                                <p>- 64% polyester, 36% polyurethane</p>\n\n                                <p>- Water column pressure: 4000 mm</p>\n\n                                <p>- Model is 187cm tall and wearing a size S / M</p>\n\n                                <p>- Unisex fit</p>\n\n                                <p>- Drawstring hood with built-in cap</p>\n\n                                <p>- Front placket with snap buttons</p>\n\n                                <p>- Ventilation under armpit</p>\n\n                                <p>- Adjustable cuffs</p>\n\n                                <p>- Double welted front pockets</p>\n\n                                <p>- Adjustable elastic string at hempen</p>\n\n                                <p>- Ultrasonically welded seams</p>\n\n                                <p>This is a unisex item, please check our clothing &amp; footwear sizing guide for specific Rains jacket sizing information. RAINS comes from the rainy nation of Denmark at the edge of the European continent, close to the ocean and with prevailing westerly winds; all factors that contribute to an average of 121 rain days each year. Arising from these rainy weather conditions comes the attitude that a quick rain shower may be beautiful, as well as moody- but first and foremost requires the right outfit. Rains focus on the whole experience of going outside on rainy days, issuing an invitation to explore even in the most mercurial weather.</p><div>[get-in-touch title=\"Beautiful Pictures For All\" description=\"You don’t need to be a photographer to know a great photo when you see one. And you don’t need to be a photographer to take a great photo—you just need the D3500. It s as easy to use as a point-and-shoot, but it takes beautiful DSLR photos and videos that get noticed. It feels outstanding in your hands, sturdy and balanced with controls where you want them\" image=\"general/banner-product-1.png\" button_primary_label=\"View collections\" button_primary_url=\"products\" button_secondary_label=\"Learn more\" button_secondary_url=\"/products\"][/get-in-touch]</div><div>[about-product title=\"Easy. Portable. Amazing\" description=\"Take more memorable images. The photos you take with the D3500 capture more than the moment—they capture the feeling of the moment, a feeling that can be shared immediately with your friends and family and then relived for a lifetime.\" image=\"general/product-feature.png\" quantity=\"6\" title_1=\"Less thinking. More shooting\" title_2=\"Picture after amazing picture\" title_3=\"The day tripper\" title_4=\"Newbies welcome\" title_5=\"Colors that pop in any light\" title_6=\"Fast, accurate focusing\"][/about-product]</div><div>[intro-video title=\"Your camera’s bridge to your world\" subtitle=\"The D3500 Two Lens Kit includes two matched lenses to help you cover all the angles. The AF-P DX NIKKOR 18-55mm f/3.5-5.6G VR lens is great for portraits, landscapes, videos and other wide perspective shots. The AF-P DX NIKKOR 70-300mm f/4.5-6.3G ED is a versatile telephoto zoom lens that’s great for sports, concerts, nature and more.\" image=\"general/intro-video-product.png\" tag=\"Business\" youtube_video_url=\"https://www.youtube.com/watch?v=HZ3XumHDDwA\" icon_image=\"icons/bg-plan.png\"][/intro-video]</div><div>[site-statistics title=\"See why we are trusted the world over\" quantity=\"4\" title_1=\"Social followers\" data_1=\"367\" unit_1=\"K\" title_2=\"Happy Clients\" data_2=\"19\" unit_2=\"K+\" title_3=\"Project Done\" data_3=\"604\" unit_3=\"K+\" title_4=\"Global branch\" data_4=\"96\"][/site-statistics]</div>','published','[\"products\\/40.jpg\",\"products\\/40-1.jpg\"]','SW-154-A0',0,18,0,1,0,2,0,0,1119,906.39,NULL,NULL,16.00,13.00,20.00,741.00,NULL,188050,'2024-05-22 23:57:15','2024-05-22 23:57:17','in_stock',0,'Botble\\ACL\\Models\\User',NULL,'physical',NULL,NULL,0,0,0),(41,'Sesame Seed Bread (Digital)','<ul><li> Unrestrained and portable active stereo speaker</li>\n            <li> Free from the confines of wires and chords</li>\n            <li> 20 hours of portable capabilities</li>\n            <li> Double-ended Coil Cord with 3.5mm Stereo Plugs Included</li>\n            <li> 3/4″ Dome Tweeters: 2X and 4″ Woofer: 1X</li></ul>','<p>Short Hooded Coat features a straight body, large pockets with button flaps, ventilation air holes, and a string detail along the hemline. The style is completed with a drawstring hood, featuring Rains’ signature built-in cap. Made from waterproof, matte PU, this lightweight unisex rain jacket is an ode to nostalgia through its classic silhouette and utilitarian design details.</p>\n                                <p>- Casual unisex fit</p>\n\n                                <p>- 64% polyester, 36% polyurethane</p>\n\n                                <p>- Water column pressure: 4000 mm</p>\n\n                                <p>- Model is 187cm tall and wearing a size S / M</p>\n\n                                <p>- Unisex fit</p>\n\n                                <p>- Drawstring hood with built-in cap</p>\n\n                                <p>- Front placket with snap buttons</p>\n\n                                <p>- Ventilation under armpit</p>\n\n                                <p>- Adjustable cuffs</p>\n\n                                <p>- Double welted front pockets</p>\n\n                                <p>- Adjustable elastic string at hempen</p>\n\n                                <p>- Ultrasonically welded seams</p>\n\n                                <p>This is a unisex item, please check our clothing &amp; footwear sizing guide for specific Rains jacket sizing information. RAINS comes from the rainy nation of Denmark at the edge of the European continent, close to the ocean and with prevailing westerly winds; all factors that contribute to an average of 121 rain days each year. Arising from these rainy weather conditions comes the attitude that a quick rain shower may be beautiful, as well as moody- but first and foremost requires the right outfit. Rains focus on the whole experience of going outside on rainy days, issuing an invitation to explore even in the most mercurial weather.</p><div>[get-in-touch title=\"Beautiful Pictures For All\" description=\"You don’t need to be a photographer to know a great photo when you see one. And you don’t need to be a photographer to take a great photo—you just need the D3500. It s as easy to use as a point-and-shoot, but it takes beautiful DSLR photos and videos that get noticed. It feels outstanding in your hands, sturdy and balanced with controls where you want them\" image=\"general/banner-product-1.png\" button_primary_label=\"View collections\" button_primary_url=\"products\" button_secondary_label=\"Learn more\" button_secondary_url=\"/products\"][/get-in-touch]</div><div>[about-product title=\"Easy. Portable. Amazing\" description=\"Take more memorable images. The photos you take with the D3500 capture more than the moment—they capture the feeling of the moment, a feeling that can be shared immediately with your friends and family and then relived for a lifetime.\" image=\"general/product-feature.png\" quantity=\"6\" title_1=\"Less thinking. More shooting\" title_2=\"Picture after amazing picture\" title_3=\"The day tripper\" title_4=\"Newbies welcome\" title_5=\"Colors that pop in any light\" title_6=\"Fast, accurate focusing\"][/about-product]</div><div>[intro-video title=\"Your camera’s bridge to your world\" subtitle=\"The D3500 Two Lens Kit includes two matched lenses to help you cover all the angles. The AF-P DX NIKKOR 18-55mm f/3.5-5.6G VR lens is great for portraits, landscapes, videos and other wide perspective shots. The AF-P DX NIKKOR 70-300mm f/4.5-6.3G ED is a versatile telephoto zoom lens that’s great for sports, concerts, nature and more.\" image=\"general/intro-video-product.png\" tag=\"Business\" youtube_video_url=\"https://www.youtube.com/watch?v=HZ3XumHDDwA\" icon_image=\"icons/bg-plan.png\"][/intro-video]</div><div>[site-statistics title=\"See why we are trusted the world over\" quantity=\"4\" title_1=\"Social followers\" data_1=\"367\" unit_1=\"K\" title_2=\"Happy Clients\" data_2=\"19\" unit_2=\"K+\" title_3=\"Project Done\" data_3=\"604\" unit_3=\"K+\" title_4=\"Global branch\" data_4=\"96\"][/site-statistics]</div>','published','[\"products\\/41.jpg\",\"products\\/41-1.jpg\",\"products\\/41-2.jpg\"]','SW-146-A0',0,18,0,1,0,5,0,0,1221,NULL,NULL,NULL,20.00,11.00,20.00,819.00,NULL,175955,'2024-05-22 23:57:15','2024-05-22 23:57:17','in_stock',0,'Botble\\ACL\\Models\\User',NULL,'digital',NULL,NULL,0,0,0),(42,'Morrisons The Best Beef','<ul><li> Unrestrained and portable active stereo speaker</li>\n            <li> Free from the confines of wires and chords</li>\n            <li> 20 hours of portable capabilities</li>\n            <li> Double-ended Coil Cord with 3.5mm Stereo Plugs Included</li>\n            <li> 3/4″ Dome Tweeters: 2X and 4″ Woofer: 1X</li></ul>','<p>Short Hooded Coat features a straight body, large pockets with button flaps, ventilation air holes, and a string detail along the hemline. The style is completed with a drawstring hood, featuring Rains’ signature built-in cap. Made from waterproof, matte PU, this lightweight unisex rain jacket is an ode to nostalgia through its classic silhouette and utilitarian design details.</p>\n                                <p>- Casual unisex fit</p>\n\n                                <p>- 64% polyester, 36% polyurethane</p>\n\n                                <p>- Water column pressure: 4000 mm</p>\n\n                                <p>- Model is 187cm tall and wearing a size S / M</p>\n\n                                <p>- Unisex fit</p>\n\n                                <p>- Drawstring hood with built-in cap</p>\n\n                                <p>- Front placket with snap buttons</p>\n\n                                <p>- Ventilation under armpit</p>\n\n                                <p>- Adjustable cuffs</p>\n\n                                <p>- Double welted front pockets</p>\n\n                                <p>- Adjustable elastic string at hempen</p>\n\n                                <p>- Ultrasonically welded seams</p>\n\n                                <p>This is a unisex item, please check our clothing &amp; footwear sizing guide for specific Rains jacket sizing information. RAINS comes from the rainy nation of Denmark at the edge of the European continent, close to the ocean and with prevailing westerly winds; all factors that contribute to an average of 121 rain days each year. Arising from these rainy weather conditions comes the attitude that a quick rain shower may be beautiful, as well as moody- but first and foremost requires the right outfit. Rains focus on the whole experience of going outside on rainy days, issuing an invitation to explore even in the most mercurial weather.</p><div>[get-in-touch title=\"Beautiful Pictures For All\" description=\"You don’t need to be a photographer to know a great photo when you see one. And you don’t need to be a photographer to take a great photo—you just need the D3500. It s as easy to use as a point-and-shoot, but it takes beautiful DSLR photos and videos that get noticed. It feels outstanding in your hands, sturdy and balanced with controls where you want them\" image=\"general/banner-product-1.png\" button_primary_label=\"View collections\" button_primary_url=\"products\" button_secondary_label=\"Learn more\" button_secondary_url=\"/products\"][/get-in-touch]</div><div>[about-product title=\"Easy. Portable. Amazing\" description=\"Take more memorable images. The photos you take with the D3500 capture more than the moment—they capture the feeling of the moment, a feeling that can be shared immediately with your friends and family and then relived for a lifetime.\" image=\"general/product-feature.png\" quantity=\"6\" title_1=\"Less thinking. More shooting\" title_2=\"Picture after amazing picture\" title_3=\"The day tripper\" title_4=\"Newbies welcome\" title_5=\"Colors that pop in any light\" title_6=\"Fast, accurate focusing\"][/about-product]</div><div>[intro-video title=\"Your camera’s bridge to your world\" subtitle=\"The D3500 Two Lens Kit includes two matched lenses to help you cover all the angles. The AF-P DX NIKKOR 18-55mm f/3.5-5.6G VR lens is great for portraits, landscapes, videos and other wide perspective shots. The AF-P DX NIKKOR 70-300mm f/4.5-6.3G ED is a versatile telephoto zoom lens that’s great for sports, concerts, nature and more.\" image=\"general/intro-video-product.png\" tag=\"Business\" youtube_video_url=\"https://www.youtube.com/watch?v=HZ3XumHDDwA\" icon_image=\"icons/bg-plan.png\"][/intro-video]</div><div>[site-statistics title=\"See why we are trusted the world over\" quantity=\"4\" title_1=\"Social followers\" data_1=\"367\" unit_1=\"K\" title_2=\"Happy Clients\" data_2=\"19\" unit_2=\"K+\" title_3=\"Project Done\" data_3=\"604\" unit_3=\"K+\" title_4=\"Global branch\" data_4=\"96\"][/site-statistics]</div>','published','[\"products\\/42.jpg\",\"products\\/42-1.jpg\",\"products\\/42-2.jpg\"]','SW-187-A0',0,11,0,1,0,2,0,0,1154,NULL,NULL,NULL,16.00,13.00,15.00,626.00,NULL,120369,'2024-05-22 23:57:15','2024-05-22 23:57:17','in_stock',0,'Botble\\ACL\\Models\\User',NULL,'physical',NULL,NULL,0,0,0),(43,'Avocado, Hass Large','<ul><li> Unrestrained and portable active stereo speaker</li>\n            <li> Free from the confines of wires and chords</li>\n            <li> 20 hours of portable capabilities</li>\n            <li> Double-ended Coil Cord with 3.5mm Stereo Plugs Included</li>\n            <li> 3/4″ Dome Tweeters: 2X and 4″ Woofer: 1X</li></ul>','<p>Short Hooded Coat features a straight body, large pockets with button flaps, ventilation air holes, and a string detail along the hemline. The style is completed with a drawstring hood, featuring Rains’ signature built-in cap. Made from waterproof, matte PU, this lightweight unisex rain jacket is an ode to nostalgia through its classic silhouette and utilitarian design details.</p>\n                                <p>- Casual unisex fit</p>\n\n                                <p>- 64% polyester, 36% polyurethane</p>\n\n                                <p>- Water column pressure: 4000 mm</p>\n\n                                <p>- Model is 187cm tall and wearing a size S / M</p>\n\n                                <p>- Unisex fit</p>\n\n                                <p>- Drawstring hood with built-in cap</p>\n\n                                <p>- Front placket with snap buttons</p>\n\n                                <p>- Ventilation under armpit</p>\n\n                                <p>- Adjustable cuffs</p>\n\n                                <p>- Double welted front pockets</p>\n\n                                <p>- Adjustable elastic string at hempen</p>\n\n                                <p>- Ultrasonically welded seams</p>\n\n                                <p>This is a unisex item, please check our clothing &amp; footwear sizing guide for specific Rains jacket sizing information. RAINS comes from the rainy nation of Denmark at the edge of the European continent, close to the ocean and with prevailing westerly winds; all factors that contribute to an average of 121 rain days each year. Arising from these rainy weather conditions comes the attitude that a quick rain shower may be beautiful, as well as moody- but first and foremost requires the right outfit. Rains focus on the whole experience of going outside on rainy days, issuing an invitation to explore even in the most mercurial weather.</p><div>[get-in-touch title=\"Beautiful Pictures For All\" description=\"You don’t need to be a photographer to know a great photo when you see one. And you don’t need to be a photographer to take a great photo—you just need the D3500. It s as easy to use as a point-and-shoot, but it takes beautiful DSLR photos and videos that get noticed. It feels outstanding in your hands, sturdy and balanced with controls where you want them\" image=\"general/banner-product-1.png\" button_primary_label=\"View collections\" button_primary_url=\"products\" button_secondary_label=\"Learn more\" button_secondary_url=\"/products\"][/get-in-touch]</div><div>[about-product title=\"Easy. Portable. Amazing\" description=\"Take more memorable images. The photos you take with the D3500 capture more than the moment—they capture the feeling of the moment, a feeling that can be shared immediately with your friends and family and then relived for a lifetime.\" image=\"general/product-feature.png\" quantity=\"6\" title_1=\"Less thinking. More shooting\" title_2=\"Picture after amazing picture\" title_3=\"The day tripper\" title_4=\"Newbies welcome\" title_5=\"Colors that pop in any light\" title_6=\"Fast, accurate focusing\"][/about-product]</div><div>[intro-video title=\"Your camera’s bridge to your world\" subtitle=\"The D3500 Two Lens Kit includes two matched lenses to help you cover all the angles. The AF-P DX NIKKOR 18-55mm f/3.5-5.6G VR lens is great for portraits, landscapes, videos and other wide perspective shots. The AF-P DX NIKKOR 70-300mm f/4.5-6.3G ED is a versatile telephoto zoom lens that’s great for sports, concerts, nature and more.\" image=\"general/intro-video-product.png\" tag=\"Business\" youtube_video_url=\"https://www.youtube.com/watch?v=HZ3XumHDDwA\" icon_image=\"icons/bg-plan.png\"][/intro-video]</div><div>[site-statistics title=\"See why we are trusted the world over\" quantity=\"4\" title_1=\"Social followers\" data_1=\"367\" unit_1=\"K\" title_2=\"Happy Clients\" data_2=\"19\" unit_2=\"K+\" title_3=\"Project Done\" data_3=\"604\" unit_3=\"K+\" title_4=\"Global branch\" data_4=\"96\"][/site-statistics]</div>','published','[\"products\\/43.jpg\",\"products\\/43-1.jpg\",\"products\\/43-2.jpg\"]','SW-143-A0',0,18,0,1,0,4,0,0,1090,NULL,NULL,NULL,14.00,17.00,11.00,794.00,NULL,28445,'2024-05-22 23:57:15','2024-05-22 23:57:17','in_stock',0,'Botble\\ACL\\Models\\User',NULL,'physical',NULL,NULL,0,0,0),(44,'Italia Beef Lasagne','<ul><li> Unrestrained and portable active stereo speaker</li>\n            <li> Free from the confines of wires and chords</li>\n            <li> 20 hours of portable capabilities</li>\n            <li> Double-ended Coil Cord with 3.5mm Stereo Plugs Included</li>\n            <li> 3/4″ Dome Tweeters: 2X and 4″ Woofer: 1X</li></ul>','<p>Short Hooded Coat features a straight body, large pockets with button flaps, ventilation air holes, and a string detail along the hemline. The style is completed with a drawstring hood, featuring Rains’ signature built-in cap. Made from waterproof, matte PU, this lightweight unisex rain jacket is an ode to nostalgia through its classic silhouette and utilitarian design details.</p>\n                                <p>- Casual unisex fit</p>\n\n                                <p>- 64% polyester, 36% polyurethane</p>\n\n                                <p>- Water column pressure: 4000 mm</p>\n\n                                <p>- Model is 187cm tall and wearing a size S / M</p>\n\n                                <p>- Unisex fit</p>\n\n                                <p>- Drawstring hood with built-in cap</p>\n\n                                <p>- Front placket with snap buttons</p>\n\n                                <p>- Ventilation under armpit</p>\n\n                                <p>- Adjustable cuffs</p>\n\n                                <p>- Double welted front pockets</p>\n\n                                <p>- Adjustable elastic string at hempen</p>\n\n                                <p>- Ultrasonically welded seams</p>\n\n                                <p>This is a unisex item, please check our clothing &amp; footwear sizing guide for specific Rains jacket sizing information. RAINS comes from the rainy nation of Denmark at the edge of the European continent, close to the ocean and with prevailing westerly winds; all factors that contribute to an average of 121 rain days each year. Arising from these rainy weather conditions comes the attitude that a quick rain shower may be beautiful, as well as moody- but first and foremost requires the right outfit. Rains focus on the whole experience of going outside on rainy days, issuing an invitation to explore even in the most mercurial weather.</p><div>[get-in-touch title=\"Beautiful Pictures For All\" description=\"You don’t need to be a photographer to know a great photo when you see one. And you don’t need to be a photographer to take a great photo—you just need the D3500. It s as easy to use as a point-and-shoot, but it takes beautiful DSLR photos and videos that get noticed. It feels outstanding in your hands, sturdy and balanced with controls where you want them\" image=\"general/banner-product-1.png\" button_primary_label=\"View collections\" button_primary_url=\"products\" button_secondary_label=\"Learn more\" button_secondary_url=\"/products\"][/get-in-touch]</div><div>[about-product title=\"Easy. Portable. Amazing\" description=\"Take more memorable images. The photos you take with the D3500 capture more than the moment—they capture the feeling of the moment, a feeling that can be shared immediately with your friends and family and then relived for a lifetime.\" image=\"general/product-feature.png\" quantity=\"6\" title_1=\"Less thinking. More shooting\" title_2=\"Picture after amazing picture\" title_3=\"The day tripper\" title_4=\"Newbies welcome\" title_5=\"Colors that pop in any light\" title_6=\"Fast, accurate focusing\"][/about-product]</div><div>[intro-video title=\"Your camera’s bridge to your world\" subtitle=\"The D3500 Two Lens Kit includes two matched lenses to help you cover all the angles. The AF-P DX NIKKOR 18-55mm f/3.5-5.6G VR lens is great for portraits, landscapes, videos and other wide perspective shots. The AF-P DX NIKKOR 70-300mm f/4.5-6.3G ED is a versatile telephoto zoom lens that’s great for sports, concerts, nature and more.\" image=\"general/intro-video-product.png\" tag=\"Business\" youtube_video_url=\"https://www.youtube.com/watch?v=HZ3XumHDDwA\" icon_image=\"icons/bg-plan.png\"][/intro-video]</div><div>[site-statistics title=\"See why we are trusted the world over\" quantity=\"4\" title_1=\"Social followers\" data_1=\"367\" unit_1=\"K\" title_2=\"Happy Clients\" data_2=\"19\" unit_2=\"K+\" title_3=\"Project Done\" data_3=\"604\" unit_3=\"K+\" title_4=\"Global branch\" data_4=\"96\"][/site-statistics]</div>','published','[\"products\\/44.jpg\",\"products\\/44-1.jpg\",\"products\\/44-2.jpg\"]','SW-183-A0',0,15,0,1,0,4,0,0,1162,1045.8,NULL,NULL,16.00,10.00,16.00,872.00,NULL,12674,'2024-05-22 23:57:15','2024-05-22 23:57:17','in_stock',0,'Botble\\ACL\\Models\\User',NULL,'physical',NULL,NULL,0,0,0),(45,'Maxwell House Classic Roast Mocha (Digital)','<ul><li> Unrestrained and portable active stereo speaker</li>\n            <li> Free from the confines of wires and chords</li>\n            <li> 20 hours of portable capabilities</li>\n            <li> Double-ended Coil Cord with 3.5mm Stereo Plugs Included</li>\n            <li> 3/4″ Dome Tweeters: 2X and 4″ Woofer: 1X</li></ul>','<p>Short Hooded Coat features a straight body, large pockets with button flaps, ventilation air holes, and a string detail along the hemline. The style is completed with a drawstring hood, featuring Rains’ signature built-in cap. Made from waterproof, matte PU, this lightweight unisex rain jacket is an ode to nostalgia through its classic silhouette and utilitarian design details.</p>\n                                <p>- Casual unisex fit</p>\n\n                                <p>- 64% polyester, 36% polyurethane</p>\n\n                                <p>- Water column pressure: 4000 mm</p>\n\n                                <p>- Model is 187cm tall and wearing a size S / M</p>\n\n                                <p>- Unisex fit</p>\n\n                                <p>- Drawstring hood with built-in cap</p>\n\n                                <p>- Front placket with snap buttons</p>\n\n                                <p>- Ventilation under armpit</p>\n\n                                <p>- Adjustable cuffs</p>\n\n                                <p>- Double welted front pockets</p>\n\n                                <p>- Adjustable elastic string at hempen</p>\n\n                                <p>- Ultrasonically welded seams</p>\n\n                                <p>This is a unisex item, please check our clothing &amp; footwear sizing guide for specific Rains jacket sizing information. RAINS comes from the rainy nation of Denmark at the edge of the European continent, close to the ocean and with prevailing westerly winds; all factors that contribute to an average of 121 rain days each year. Arising from these rainy weather conditions comes the attitude that a quick rain shower may be beautiful, as well as moody- but first and foremost requires the right outfit. Rains focus on the whole experience of going outside on rainy days, issuing an invitation to explore even in the most mercurial weather.</p><div>[get-in-touch title=\"Beautiful Pictures For All\" description=\"You don’t need to be a photographer to know a great photo when you see one. And you don’t need to be a photographer to take a great photo—you just need the D3500. It s as easy to use as a point-and-shoot, but it takes beautiful DSLR photos and videos that get noticed. It feels outstanding in your hands, sturdy and balanced with controls where you want them\" image=\"general/banner-product-1.png\" button_primary_label=\"View collections\" button_primary_url=\"products\" button_secondary_label=\"Learn more\" button_secondary_url=\"/products\"][/get-in-touch]</div><div>[about-product title=\"Easy. Portable. Amazing\" description=\"Take more memorable images. The photos you take with the D3500 capture more than the moment—they capture the feeling of the moment, a feeling that can be shared immediately with your friends and family and then relived for a lifetime.\" image=\"general/product-feature.png\" quantity=\"6\" title_1=\"Less thinking. More shooting\" title_2=\"Picture after amazing picture\" title_3=\"The day tripper\" title_4=\"Newbies welcome\" title_5=\"Colors that pop in any light\" title_6=\"Fast, accurate focusing\"][/about-product]</div><div>[intro-video title=\"Your camera’s bridge to your world\" subtitle=\"The D3500 Two Lens Kit includes two matched lenses to help you cover all the angles. The AF-P DX NIKKOR 18-55mm f/3.5-5.6G VR lens is great for portraits, landscapes, videos and other wide perspective shots. The AF-P DX NIKKOR 70-300mm f/4.5-6.3G ED is a versatile telephoto zoom lens that’s great for sports, concerts, nature and more.\" image=\"general/intro-video-product.png\" tag=\"Business\" youtube_video_url=\"https://www.youtube.com/watch?v=HZ3XumHDDwA\" icon_image=\"icons/bg-plan.png\"][/intro-video]</div><div>[site-statistics title=\"See why we are trusted the world over\" quantity=\"4\" title_1=\"Social followers\" data_1=\"367\" unit_1=\"K\" title_2=\"Happy Clients\" data_2=\"19\" unit_2=\"K+\" title_3=\"Project Done\" data_3=\"604\" unit_3=\"K+\" title_4=\"Global branch\" data_4=\"96\"][/site-statistics]</div>','published','[\"products\\/45.jpg\",\"products\\/45-1.jpg\"]','SW-172-A0',0,12,0,1,0,1,0,0,544,NULL,NULL,NULL,20.00,16.00,17.00,887.00,NULL,144407,'2024-05-22 23:57:15','2024-05-22 23:57:17','in_stock',0,'Botble\\ACL\\Models\\User',NULL,'digital',NULL,NULL,0,0,0),(46,'Bottled Pure Water 500ml','<ul><li> Unrestrained and portable active stereo speaker</li>\n            <li> Free from the confines of wires and chords</li>\n            <li> 20 hours of portable capabilities</li>\n            <li> Double-ended Coil Cord with 3.5mm Stereo Plugs Included</li>\n            <li> 3/4″ Dome Tweeters: 2X and 4″ Woofer: 1X</li></ul>','<p>Short Hooded Coat features a straight body, large pockets with button flaps, ventilation air holes, and a string detail along the hemline. The style is completed with a drawstring hood, featuring Rains’ signature built-in cap. Made from waterproof, matte PU, this lightweight unisex rain jacket is an ode to nostalgia through its classic silhouette and utilitarian design details.</p>\n                                <p>- Casual unisex fit</p>\n\n                                <p>- 64% polyester, 36% polyurethane</p>\n\n                                <p>- Water column pressure: 4000 mm</p>\n\n                                <p>- Model is 187cm tall and wearing a size S / M</p>\n\n                                <p>- Unisex fit</p>\n\n                                <p>- Drawstring hood with built-in cap</p>\n\n                                <p>- Front placket with snap buttons</p>\n\n                                <p>- Ventilation under armpit</p>\n\n                                <p>- Adjustable cuffs</p>\n\n                                <p>- Double welted front pockets</p>\n\n                                <p>- Adjustable elastic string at hempen</p>\n\n                                <p>- Ultrasonically welded seams</p>\n\n                                <p>This is a unisex item, please check our clothing &amp; footwear sizing guide for specific Rains jacket sizing information. RAINS comes from the rainy nation of Denmark at the edge of the European continent, close to the ocean and with prevailing westerly winds; all factors that contribute to an average of 121 rain days each year. Arising from these rainy weather conditions comes the attitude that a quick rain shower may be beautiful, as well as moody- but first and foremost requires the right outfit. Rains focus on the whole experience of going outside on rainy days, issuing an invitation to explore even in the most mercurial weather.</p><div>[get-in-touch title=\"Beautiful Pictures For All\" description=\"You don’t need to be a photographer to know a great photo when you see one. And you don’t need to be a photographer to take a great photo—you just need the D3500. It s as easy to use as a point-and-shoot, but it takes beautiful DSLR photos and videos that get noticed. It feels outstanding in your hands, sturdy and balanced with controls where you want them\" image=\"general/banner-product-1.png\" button_primary_label=\"View collections\" button_primary_url=\"products\" button_secondary_label=\"Learn more\" button_secondary_url=\"/products\"][/get-in-touch]</div><div>[about-product title=\"Easy. Portable. Amazing\" description=\"Take more memorable images. The photos you take with the D3500 capture more than the moment—they capture the feeling of the moment, a feeling that can be shared immediately with your friends and family and then relived for a lifetime.\" image=\"general/product-feature.png\" quantity=\"6\" title_1=\"Less thinking. More shooting\" title_2=\"Picture after amazing picture\" title_3=\"The day tripper\" title_4=\"Newbies welcome\" title_5=\"Colors that pop in any light\" title_6=\"Fast, accurate focusing\"][/about-product]</div><div>[intro-video title=\"Your camera’s bridge to your world\" subtitle=\"The D3500 Two Lens Kit includes two matched lenses to help you cover all the angles. The AF-P DX NIKKOR 18-55mm f/3.5-5.6G VR lens is great for portraits, landscapes, videos and other wide perspective shots. The AF-P DX NIKKOR 70-300mm f/4.5-6.3G ED is a versatile telephoto zoom lens that’s great for sports, concerts, nature and more.\" image=\"general/intro-video-product.png\" tag=\"Business\" youtube_video_url=\"https://www.youtube.com/watch?v=HZ3XumHDDwA\" icon_image=\"icons/bg-plan.png\"][/intro-video]</div><div>[site-statistics title=\"See why we are trusted the world over\" quantity=\"4\" title_1=\"Social followers\" data_1=\"367\" unit_1=\"K\" title_2=\"Happy Clients\" data_2=\"19\" unit_2=\"K+\" title_3=\"Project Done\" data_3=\"604\" unit_3=\"K+\" title_4=\"Global branch\" data_4=\"96\"][/site-statistics]</div>','published','[\"products\\/46.jpg\",\"products\\/46-1.jpg\"]','SW-163-A0',0,16,0,1,0,5,0,0,979,NULL,NULL,NULL,20.00,18.00,15.00,713.00,NULL,138903,'2024-05-22 23:57:15','2024-05-22 23:57:17','in_stock',0,'Botble\\ACL\\Models\\User',NULL,'physical',NULL,NULL,0,0,0),(47,'Famart Farmhouse Soft White','<ul><li> Unrestrained and portable active stereo speaker</li>\n            <li> Free from the confines of wires and chords</li>\n            <li> 20 hours of portable capabilities</li>\n            <li> Double-ended Coil Cord with 3.5mm Stereo Plugs Included</li>\n            <li> 3/4″ Dome Tweeters: 2X and 4″ Woofer: 1X</li></ul>','<p>Short Hooded Coat features a straight body, large pockets with button flaps, ventilation air holes, and a string detail along the hemline. The style is completed with a drawstring hood, featuring Rains’ signature built-in cap. Made from waterproof, matte PU, this lightweight unisex rain jacket is an ode to nostalgia through its classic silhouette and utilitarian design details.</p>\n                                <p>- Casual unisex fit</p>\n\n                                <p>- 64% polyester, 36% polyurethane</p>\n\n                                <p>- Water column pressure: 4000 mm</p>\n\n                                <p>- Model is 187cm tall and wearing a size S / M</p>\n\n                                <p>- Unisex fit</p>\n\n                                <p>- Drawstring hood with built-in cap</p>\n\n                                <p>- Front placket with snap buttons</p>\n\n                                <p>- Ventilation under armpit</p>\n\n                                <p>- Adjustable cuffs</p>\n\n                                <p>- Double welted front pockets</p>\n\n                                <p>- Adjustable elastic string at hempen</p>\n\n                                <p>- Ultrasonically welded seams</p>\n\n                                <p>This is a unisex item, please check our clothing &amp; footwear sizing guide for specific Rains jacket sizing information. RAINS comes from the rainy nation of Denmark at the edge of the European continent, close to the ocean and with prevailing westerly winds; all factors that contribute to an average of 121 rain days each year. Arising from these rainy weather conditions comes the attitude that a quick rain shower may be beautiful, as well as moody- but first and foremost requires the right outfit. Rains focus on the whole experience of going outside on rainy days, issuing an invitation to explore even in the most mercurial weather.</p><div>[get-in-touch title=\"Beautiful Pictures For All\" description=\"You don’t need to be a photographer to know a great photo when you see one. And you don’t need to be a photographer to take a great photo—you just need the D3500. It s as easy to use as a point-and-shoot, but it takes beautiful DSLR photos and videos that get noticed. It feels outstanding in your hands, sturdy and balanced with controls where you want them\" image=\"general/banner-product-1.png\" button_primary_label=\"View collections\" button_primary_url=\"products\" button_secondary_label=\"Learn more\" button_secondary_url=\"/products\"][/get-in-touch]</div><div>[about-product title=\"Easy. Portable. Amazing\" description=\"Take more memorable images. The photos you take with the D3500 capture more than the moment—they capture the feeling of the moment, a feeling that can be shared immediately with your friends and family and then relived for a lifetime.\" image=\"general/product-feature.png\" quantity=\"6\" title_1=\"Less thinking. More shooting\" title_2=\"Picture after amazing picture\" title_3=\"The day tripper\" title_4=\"Newbies welcome\" title_5=\"Colors that pop in any light\" title_6=\"Fast, accurate focusing\"][/about-product]</div><div>[intro-video title=\"Your camera’s bridge to your world\" subtitle=\"The D3500 Two Lens Kit includes two matched lenses to help you cover all the angles. The AF-P DX NIKKOR 18-55mm f/3.5-5.6G VR lens is great for portraits, landscapes, videos and other wide perspective shots. The AF-P DX NIKKOR 70-300mm f/4.5-6.3G ED is a versatile telephoto zoom lens that’s great for sports, concerts, nature and more.\" image=\"general/intro-video-product.png\" tag=\"Business\" youtube_video_url=\"https://www.youtube.com/watch?v=HZ3XumHDDwA\" icon_image=\"icons/bg-plan.png\"][/intro-video]</div><div>[site-statistics title=\"See why we are trusted the world over\" quantity=\"4\" title_1=\"Social followers\" data_1=\"367\" unit_1=\"K\" title_2=\"Happy Clients\" data_2=\"19\" unit_2=\"K+\" title_3=\"Project Done\" data_3=\"604\" unit_3=\"K+\" title_4=\"Global branch\" data_4=\"96\"][/site-statistics]</div>','published','[\"products\\/47.jpg\",\"products\\/47-1.jpg\"]','SW-187-A0',0,14,0,1,0,4,0,0,1041,NULL,NULL,NULL,12.00,10.00,17.00,705.00,NULL,117087,'2024-05-22 23:57:15','2024-05-22 23:57:17','in_stock',0,'Botble\\ACL\\Models\\User',NULL,'physical',NULL,NULL,0,0,0),(48,'Coca-Cola Original Taste','<ul><li> Unrestrained and portable active stereo speaker</li>\n            <li> Free from the confines of wires and chords</li>\n            <li> 20 hours of portable capabilities</li>\n            <li> Double-ended Coil Cord with 3.5mm Stereo Plugs Included</li>\n            <li> 3/4″ Dome Tweeters: 2X and 4″ Woofer: 1X</li></ul>','<p>Short Hooded Coat features a straight body, large pockets with button flaps, ventilation air holes, and a string detail along the hemline. The style is completed with a drawstring hood, featuring Rains’ signature built-in cap. Made from waterproof, matte PU, this lightweight unisex rain jacket is an ode to nostalgia through its classic silhouette and utilitarian design details.</p>\n                                <p>- Casual unisex fit</p>\n\n                                <p>- 64% polyester, 36% polyurethane</p>\n\n                                <p>- Water column pressure: 4000 mm</p>\n\n                                <p>- Model is 187cm tall and wearing a size S / M</p>\n\n                                <p>- Unisex fit</p>\n\n                                <p>- Drawstring hood with built-in cap</p>\n\n                                <p>- Front placket with snap buttons</p>\n\n                                <p>- Ventilation under armpit</p>\n\n                                <p>- Adjustable cuffs</p>\n\n                                <p>- Double welted front pockets</p>\n\n                                <p>- Adjustable elastic string at hempen</p>\n\n                                <p>- Ultrasonically welded seams</p>\n\n                                <p>This is a unisex item, please check our clothing &amp; footwear sizing guide for specific Rains jacket sizing information. RAINS comes from the rainy nation of Denmark at the edge of the European continent, close to the ocean and with prevailing westerly winds; all factors that contribute to an average of 121 rain days each year. Arising from these rainy weather conditions comes the attitude that a quick rain shower may be beautiful, as well as moody- but first and foremost requires the right outfit. Rains focus on the whole experience of going outside on rainy days, issuing an invitation to explore even in the most mercurial weather.</p><div>[get-in-touch title=\"Beautiful Pictures For All\" description=\"You don’t need to be a photographer to know a great photo when you see one. And you don’t need to be a photographer to take a great photo—you just need the D3500. It s as easy to use as a point-and-shoot, but it takes beautiful DSLR photos and videos that get noticed. It feels outstanding in your hands, sturdy and balanced with controls where you want them\" image=\"general/banner-product-1.png\" button_primary_label=\"View collections\" button_primary_url=\"products\" button_secondary_label=\"Learn more\" button_secondary_url=\"/products\"][/get-in-touch]</div><div>[about-product title=\"Easy. Portable. Amazing\" description=\"Take more memorable images. The photos you take with the D3500 capture more than the moment—they capture the feeling of the moment, a feeling that can be shared immediately with your friends and family and then relived for a lifetime.\" image=\"general/product-feature.png\" quantity=\"6\" title_1=\"Less thinking. More shooting\" title_2=\"Picture after amazing picture\" title_3=\"The day tripper\" title_4=\"Newbies welcome\" title_5=\"Colors that pop in any light\" title_6=\"Fast, accurate focusing\"][/about-product]</div><div>[intro-video title=\"Your camera’s bridge to your world\" subtitle=\"The D3500 Two Lens Kit includes two matched lenses to help you cover all the angles. The AF-P DX NIKKOR 18-55mm f/3.5-5.6G VR lens is great for portraits, landscapes, videos and other wide perspective shots. The AF-P DX NIKKOR 70-300mm f/4.5-6.3G ED is a versatile telephoto zoom lens that’s great for sports, concerts, nature and more.\" image=\"general/intro-video-product.png\" tag=\"Business\" youtube_video_url=\"https://www.youtube.com/watch?v=HZ3XumHDDwA\" icon_image=\"icons/bg-plan.png\"][/intro-video]</div><div>[site-statistics title=\"See why we are trusted the world over\" quantity=\"4\" title_1=\"Social followers\" data_1=\"367\" unit_1=\"K\" title_2=\"Happy Clients\" data_2=\"19\" unit_2=\"K+\" title_3=\"Project Done\" data_3=\"604\" unit_3=\"K+\" title_4=\"Global branch\" data_4=\"96\"][/site-statistics]</div>','published','[\"products\\/48.jpg\",\"products\\/48-1.jpg\",\"products\\/48-2.jpg\"]','SW-194-A0',0,16,0,1,0,1,0,0,589,512.43,NULL,NULL,10.00,17.00,11.00,519.00,NULL,7894,'2024-05-22 23:57:15','2024-05-22 23:57:17','in_stock',0,'Botble\\ACL\\Models\\User',NULL,'physical',NULL,NULL,0,0,0),(49,'Casillero Diablo Cabernet Sauvignon (Digital)','<ul><li> Unrestrained and portable active stereo speaker</li>\n            <li> Free from the confines of wires and chords</li>\n            <li> 20 hours of portable capabilities</li>\n            <li> Double-ended Coil Cord with 3.5mm Stereo Plugs Included</li>\n            <li> 3/4″ Dome Tweeters: 2X and 4″ Woofer: 1X</li></ul>','<p>Short Hooded Coat features a straight body, large pockets with button flaps, ventilation air holes, and a string detail along the hemline. The style is completed with a drawstring hood, featuring Rains’ signature built-in cap. Made from waterproof, matte PU, this lightweight unisex rain jacket is an ode to nostalgia through its classic silhouette and utilitarian design details.</p>\n                                <p>- Casual unisex fit</p>\n\n                                <p>- 64% polyester, 36% polyurethane</p>\n\n                                <p>- Water column pressure: 4000 mm</p>\n\n                                <p>- Model is 187cm tall and wearing a size S / M</p>\n\n                                <p>- Unisex fit</p>\n\n                                <p>- Drawstring hood with built-in cap</p>\n\n                                <p>- Front placket with snap buttons</p>\n\n                                <p>- Ventilation under armpit</p>\n\n                                <p>- Adjustable cuffs</p>\n\n                                <p>- Double welted front pockets</p>\n\n                                <p>- Adjustable elastic string at hempen</p>\n\n                                <p>- Ultrasonically welded seams</p>\n\n                                <p>This is a unisex item, please check our clothing &amp; footwear sizing guide for specific Rains jacket sizing information. RAINS comes from the rainy nation of Denmark at the edge of the European continent, close to the ocean and with prevailing westerly winds; all factors that contribute to an average of 121 rain days each year. Arising from these rainy weather conditions comes the attitude that a quick rain shower may be beautiful, as well as moody- but first and foremost requires the right outfit. Rains focus on the whole experience of going outside on rainy days, issuing an invitation to explore even in the most mercurial weather.</p><div>[get-in-touch title=\"Beautiful Pictures For All\" description=\"You don’t need to be a photographer to know a great photo when you see one. And you don’t need to be a photographer to take a great photo—you just need the D3500. It s as easy to use as a point-and-shoot, but it takes beautiful DSLR photos and videos that get noticed. It feels outstanding in your hands, sturdy and balanced with controls where you want them\" image=\"general/banner-product-1.png\" button_primary_label=\"View collections\" button_primary_url=\"products\" button_secondary_label=\"Learn more\" button_secondary_url=\"/products\"][/get-in-touch]</div><div>[about-product title=\"Easy. Portable. Amazing\" description=\"Take more memorable images. The photos you take with the D3500 capture more than the moment—they capture the feeling of the moment, a feeling that can be shared immediately with your friends and family and then relived for a lifetime.\" image=\"general/product-feature.png\" quantity=\"6\" title_1=\"Less thinking. More shooting\" title_2=\"Picture after amazing picture\" title_3=\"The day tripper\" title_4=\"Newbies welcome\" title_5=\"Colors that pop in any light\" title_6=\"Fast, accurate focusing\"][/about-product]</div><div>[intro-video title=\"Your camera’s bridge to your world\" subtitle=\"The D3500 Two Lens Kit includes two matched lenses to help you cover all the angles. The AF-P DX NIKKOR 18-55mm f/3.5-5.6G VR lens is great for portraits, landscapes, videos and other wide perspective shots. The AF-P DX NIKKOR 70-300mm f/4.5-6.3G ED is a versatile telephoto zoom lens that’s great for sports, concerts, nature and more.\" image=\"general/intro-video-product.png\" tag=\"Business\" youtube_video_url=\"https://www.youtube.com/watch?v=HZ3XumHDDwA\" icon_image=\"icons/bg-plan.png\"][/intro-video]</div><div>[site-statistics title=\"See why we are trusted the world over\" quantity=\"4\" title_1=\"Social followers\" data_1=\"367\" unit_1=\"K\" title_2=\"Happy Clients\" data_2=\"19\" unit_2=\"K+\" title_3=\"Project Done\" data_3=\"604\" unit_3=\"K+\" title_4=\"Global branch\" data_4=\"96\"][/site-statistics]</div>','published','[\"products\\/49.jpg\",\"products\\/49-1.jpg\",\"products\\/49-2.jpg\"]','SW-110-A0',0,13,0,1,0,3,0,0,680,NULL,NULL,NULL,10.00,17.00,14.00,650.00,NULL,152073,'2024-05-22 23:57:15','2024-05-22 23:57:17','in_stock',0,'Botble\\ACL\\Models\\User',NULL,'digital',NULL,NULL,0,0,0),(50,'Arla Organic Free Range Milk','<ul><li> Unrestrained and portable active stereo speaker</li>\n            <li> Free from the confines of wires and chords</li>\n            <li> 20 hours of portable capabilities</li>\n            <li> Double-ended Coil Cord with 3.5mm Stereo Plugs Included</li>\n            <li> 3/4″ Dome Tweeters: 2X and 4″ Woofer: 1X</li></ul>','<p>Short Hooded Coat features a straight body, large pockets with button flaps, ventilation air holes, and a string detail along the hemline. The style is completed with a drawstring hood, featuring Rains’ signature built-in cap. Made from waterproof, matte PU, this lightweight unisex rain jacket is an ode to nostalgia through its classic silhouette and utilitarian design details.</p>\n                                <p>- Casual unisex fit</p>\n\n                                <p>- 64% polyester, 36% polyurethane</p>\n\n                                <p>- Water column pressure: 4000 mm</p>\n\n                                <p>- Model is 187cm tall and wearing a size S / M</p>\n\n                                <p>- Unisex fit</p>\n\n                                <p>- Drawstring hood with built-in cap</p>\n\n                                <p>- Front placket with snap buttons</p>\n\n                                <p>- Ventilation under armpit</p>\n\n                                <p>- Adjustable cuffs</p>\n\n                                <p>- Double welted front pockets</p>\n\n                                <p>- Adjustable elastic string at hempen</p>\n\n                                <p>- Ultrasonically welded seams</p>\n\n                                <p>This is a unisex item, please check our clothing &amp; footwear sizing guide for specific Rains jacket sizing information. RAINS comes from the rainy nation of Denmark at the edge of the European continent, close to the ocean and with prevailing westerly winds; all factors that contribute to an average of 121 rain days each year. Arising from these rainy weather conditions comes the attitude that a quick rain shower may be beautiful, as well as moody- but first and foremost requires the right outfit. Rains focus on the whole experience of going outside on rainy days, issuing an invitation to explore even in the most mercurial weather.</p><div>[get-in-touch title=\"Beautiful Pictures For All\" description=\"You don’t need to be a photographer to know a great photo when you see one. And you don’t need to be a photographer to take a great photo—you just need the D3500. It s as easy to use as a point-and-shoot, but it takes beautiful DSLR photos and videos that get noticed. It feels outstanding in your hands, sturdy and balanced with controls where you want them\" image=\"general/banner-product-1.png\" button_primary_label=\"View collections\" button_primary_url=\"products\" button_secondary_label=\"Learn more\" button_secondary_url=\"/products\"][/get-in-touch]</div><div>[about-product title=\"Easy. Portable. Amazing\" description=\"Take more memorable images. The photos you take with the D3500 capture more than the moment—they capture the feeling of the moment, a feeling that can be shared immediately with your friends and family and then relived for a lifetime.\" image=\"general/product-feature.png\" quantity=\"6\" title_1=\"Less thinking. More shooting\" title_2=\"Picture after amazing picture\" title_3=\"The day tripper\" title_4=\"Newbies welcome\" title_5=\"Colors that pop in any light\" title_6=\"Fast, accurate focusing\"][/about-product]</div><div>[intro-video title=\"Your camera’s bridge to your world\" subtitle=\"The D3500 Two Lens Kit includes two matched lenses to help you cover all the angles. The AF-P DX NIKKOR 18-55mm f/3.5-5.6G VR lens is great for portraits, landscapes, videos and other wide perspective shots. The AF-P DX NIKKOR 70-300mm f/4.5-6.3G ED is a versatile telephoto zoom lens that’s great for sports, concerts, nature and more.\" image=\"general/intro-video-product.png\" tag=\"Business\" youtube_video_url=\"https://www.youtube.com/watch?v=HZ3XumHDDwA\" icon_image=\"icons/bg-plan.png\"][/intro-video]</div><div>[site-statistics title=\"See why we are trusted the world over\" quantity=\"4\" title_1=\"Social followers\" data_1=\"367\" unit_1=\"K\" title_2=\"Happy Clients\" data_2=\"19\" unit_2=\"K+\" title_3=\"Project Done\" data_3=\"604\" unit_3=\"K+\" title_4=\"Global branch\" data_4=\"96\"][/site-statistics]</div>','published','[\"products\\/50.jpg\",\"products\\/50-1.jpg\"]','SW-176-A0',0,15,0,1,0,1,0,0,917,NULL,NULL,NULL,13.00,16.00,17.00,585.00,NULL,152487,'2024-05-22 23:57:15','2024-05-22 23:57:17','in_stock',0,'Botble\\ACL\\Models\\User',NULL,'physical',NULL,NULL,0,0,0),(51,'Aptamil Follow On Baby Milk','<ul><li> Unrestrained and portable active stereo speaker</li>\n            <li> Free from the confines of wires and chords</li>\n            <li> 20 hours of portable capabilities</li>\n            <li> Double-ended Coil Cord with 3.5mm Stereo Plugs Included</li>\n            <li> 3/4″ Dome Tweeters: 2X and 4″ Woofer: 1X</li></ul>','<p>Short Hooded Coat features a straight body, large pockets with button flaps, ventilation air holes, and a string detail along the hemline. The style is completed with a drawstring hood, featuring Rains’ signature built-in cap. Made from waterproof, matte PU, this lightweight unisex rain jacket is an ode to nostalgia through its classic silhouette and utilitarian design details.</p>\n                                <p>- Casual unisex fit</p>\n\n                                <p>- 64% polyester, 36% polyurethane</p>\n\n                                <p>- Water column pressure: 4000 mm</p>\n\n                                <p>- Model is 187cm tall and wearing a size S / M</p>\n\n                                <p>- Unisex fit</p>\n\n                                <p>- Drawstring hood with built-in cap</p>\n\n                                <p>- Front placket with snap buttons</p>\n\n                                <p>- Ventilation under armpit</p>\n\n                                <p>- Adjustable cuffs</p>\n\n                                <p>- Double welted front pockets</p>\n\n                                <p>- Adjustable elastic string at hempen</p>\n\n                                <p>- Ultrasonically welded seams</p>\n\n                                <p>This is a unisex item, please check our clothing &amp; footwear sizing guide for specific Rains jacket sizing information. RAINS comes from the rainy nation of Denmark at the edge of the European continent, close to the ocean and with prevailing westerly winds; all factors that contribute to an average of 121 rain days each year. Arising from these rainy weather conditions comes the attitude that a quick rain shower may be beautiful, as well as moody- but first and foremost requires the right outfit. Rains focus on the whole experience of going outside on rainy days, issuing an invitation to explore even in the most mercurial weather.</p><div>[get-in-touch title=\"Beautiful Pictures For All\" description=\"You don’t need to be a photographer to know a great photo when you see one. And you don’t need to be a photographer to take a great photo—you just need the D3500. It s as easy to use as a point-and-shoot, but it takes beautiful DSLR photos and videos that get noticed. It feels outstanding in your hands, sturdy and balanced with controls where you want them\" image=\"general/banner-product-1.png\" button_primary_label=\"View collections\" button_primary_url=\"products\" button_secondary_label=\"Learn more\" button_secondary_url=\"/products\"][/get-in-touch]</div><div>[about-product title=\"Easy. Portable. Amazing\" description=\"Take more memorable images. The photos you take with the D3500 capture more than the moment—they capture the feeling of the moment, a feeling that can be shared immediately with your friends and family and then relived for a lifetime.\" image=\"general/product-feature.png\" quantity=\"6\" title_1=\"Less thinking. More shooting\" title_2=\"Picture after amazing picture\" title_3=\"The day tripper\" title_4=\"Newbies welcome\" title_5=\"Colors that pop in any light\" title_6=\"Fast, accurate focusing\"][/about-product]</div><div>[intro-video title=\"Your camera’s bridge to your world\" subtitle=\"The D3500 Two Lens Kit includes two matched lenses to help you cover all the angles. The AF-P DX NIKKOR 18-55mm f/3.5-5.6G VR lens is great for portraits, landscapes, videos and other wide perspective shots. The AF-P DX NIKKOR 70-300mm f/4.5-6.3G ED is a versatile telephoto zoom lens that’s great for sports, concerts, nature and more.\" image=\"general/intro-video-product.png\" tag=\"Business\" youtube_video_url=\"https://www.youtube.com/watch?v=HZ3XumHDDwA\" icon_image=\"icons/bg-plan.png\"][/intro-video]</div><div>[site-statistics title=\"See why we are trusted the world over\" quantity=\"4\" title_1=\"Social followers\" data_1=\"367\" unit_1=\"K\" title_2=\"Happy Clients\" data_2=\"19\" unit_2=\"K+\" title_3=\"Project Done\" data_3=\"604\" unit_3=\"K+\" title_4=\"Global branch\" data_4=\"96\"][/site-statistics]</div>','published','[\"products\\/51.jpg\"]','SW-101-A0',0,12,0,1,0,2,0,0,1280,NULL,NULL,NULL,10.00,12.00,12.00,731.00,NULL,145705,'2024-05-22 23:57:15','2024-05-22 23:57:18','in_stock',0,'Botble\\ACL\\Models\\User',NULL,'physical',NULL,NULL,0,0,0),(52,'Cuisinart Chef’S Classic Hard-Anodized','<ul><li> Unrestrained and portable active stereo speaker</li>\n            <li> Free from the confines of wires and chords</li>\n            <li> 20 hours of portable capabilities</li>\n            <li> Double-ended Coil Cord with 3.5mm Stereo Plugs Included</li>\n            <li> 3/4″ Dome Tweeters: 2X and 4″ Woofer: 1X</li></ul>','<p>Short Hooded Coat features a straight body, large pockets with button flaps, ventilation air holes, and a string detail along the hemline. The style is completed with a drawstring hood, featuring Rains’ signature built-in cap. Made from waterproof, matte PU, this lightweight unisex rain jacket is an ode to nostalgia through its classic silhouette and utilitarian design details.</p>\n                                <p>- Casual unisex fit</p>\n\n                                <p>- 64% polyester, 36% polyurethane</p>\n\n                                <p>- Water column pressure: 4000 mm</p>\n\n                                <p>- Model is 187cm tall and wearing a size S / M</p>\n\n                                <p>- Unisex fit</p>\n\n                                <p>- Drawstring hood with built-in cap</p>\n\n                                <p>- Front placket with snap buttons</p>\n\n                                <p>- Ventilation under armpit</p>\n\n                                <p>- Adjustable cuffs</p>\n\n                                <p>- Double welted front pockets</p>\n\n                                <p>- Adjustable elastic string at hempen</p>\n\n                                <p>- Ultrasonically welded seams</p>\n\n                                <p>This is a unisex item, please check our clothing &amp; footwear sizing guide for specific Rains jacket sizing information. RAINS comes from the rainy nation of Denmark at the edge of the European continent, close to the ocean and with prevailing westerly winds; all factors that contribute to an average of 121 rain days each year. Arising from these rainy weather conditions comes the attitude that a quick rain shower may be beautiful, as well as moody- but first and foremost requires the right outfit. Rains focus on the whole experience of going outside on rainy days, issuing an invitation to explore even in the most mercurial weather.</p><div>[get-in-touch title=\"Beautiful Pictures For All\" description=\"You don’t need to be a photographer to know a great photo when you see one. And you don’t need to be a photographer to take a great photo—you just need the D3500. It s as easy to use as a point-and-shoot, but it takes beautiful DSLR photos and videos that get noticed. It feels outstanding in your hands, sturdy and balanced with controls where you want them\" image=\"general/banner-product-1.png\" button_primary_label=\"View collections\" button_primary_url=\"products\" button_secondary_label=\"Learn more\" button_secondary_url=\"/products\"][/get-in-touch]</div><div>[about-product title=\"Easy. Portable. Amazing\" description=\"Take more memorable images. The photos you take with the D3500 capture more than the moment—they capture the feeling of the moment, a feeling that can be shared immediately with your friends and family and then relived for a lifetime.\" image=\"general/product-feature.png\" quantity=\"6\" title_1=\"Less thinking. More shooting\" title_2=\"Picture after amazing picture\" title_3=\"The day tripper\" title_4=\"Newbies welcome\" title_5=\"Colors that pop in any light\" title_6=\"Fast, accurate focusing\"][/about-product]</div><div>[intro-video title=\"Your camera’s bridge to your world\" subtitle=\"The D3500 Two Lens Kit includes two matched lenses to help you cover all the angles. The AF-P DX NIKKOR 18-55mm f/3.5-5.6G VR lens is great for portraits, landscapes, videos and other wide perspective shots. The AF-P DX NIKKOR 70-300mm f/4.5-6.3G ED is a versatile telephoto zoom lens that’s great for sports, concerts, nature and more.\" image=\"general/intro-video-product.png\" tag=\"Business\" youtube_video_url=\"https://www.youtube.com/watch?v=HZ3XumHDDwA\" icon_image=\"icons/bg-plan.png\"][/intro-video]</div><div>[site-statistics title=\"See why we are trusted the world over\" quantity=\"4\" title_1=\"Social followers\" data_1=\"367\" unit_1=\"K\" title_2=\"Happy Clients\" data_2=\"19\" unit_2=\"K+\" title_3=\"Project Done\" data_3=\"604\" unit_3=\"K+\" title_4=\"Global branch\" data_4=\"96\"][/site-statistics]</div>','published','[\"products\\/52.jpg\",\"products\\/52-1.jpg\",\"products\\/52-2.jpg\"]','SW-127-A0',0,20,0,1,0,1,0,0,732,585.6,NULL,NULL,14.00,14.00,11.00,806.00,NULL,152276,'2024-05-22 23:57:15','2024-05-22 23:57:18','in_stock',0,'Botble\\ACL\\Models\\User',NULL,'physical',NULL,NULL,0,0,0),(53,'Corn, Yellow Sweet (Digital)','<ul><li> Unrestrained and portable active stereo speaker</li>\n            <li> Free from the confines of wires and chords</li>\n            <li> 20 hours of portable capabilities</li>\n            <li> Double-ended Coil Cord with 3.5mm Stereo Plugs Included</li>\n            <li> 3/4″ Dome Tweeters: 2X and 4″ Woofer: 1X</li></ul>','<p>Short Hooded Coat features a straight body, large pockets with button flaps, ventilation air holes, and a string detail along the hemline. The style is completed with a drawstring hood, featuring Rains’ signature built-in cap. Made from waterproof, matte PU, this lightweight unisex rain jacket is an ode to nostalgia through its classic silhouette and utilitarian design details.</p>\n                                <p>- Casual unisex fit</p>\n\n                                <p>- 64% polyester, 36% polyurethane</p>\n\n                                <p>- Water column pressure: 4000 mm</p>\n\n                                <p>- Model is 187cm tall and wearing a size S / M</p>\n\n                                <p>- Unisex fit</p>\n\n                                <p>- Drawstring hood with built-in cap</p>\n\n                                <p>- Front placket with snap buttons</p>\n\n                                <p>- Ventilation under armpit</p>\n\n                                <p>- Adjustable cuffs</p>\n\n                                <p>- Double welted front pockets</p>\n\n                                <p>- Adjustable elastic string at hempen</p>\n\n                                <p>- Ultrasonically welded seams</p>\n\n                                <p>This is a unisex item, please check our clothing &amp; footwear sizing guide for specific Rains jacket sizing information. RAINS comes from the rainy nation of Denmark at the edge of the European continent, close to the ocean and with prevailing westerly winds; all factors that contribute to an average of 121 rain days each year. Arising from these rainy weather conditions comes the attitude that a quick rain shower may be beautiful, as well as moody- but first and foremost requires the right outfit. Rains focus on the whole experience of going outside on rainy days, issuing an invitation to explore even in the most mercurial weather.</p><div>[get-in-touch title=\"Beautiful Pictures For All\" description=\"You don’t need to be a photographer to know a great photo when you see one. And you don’t need to be a photographer to take a great photo—you just need the D3500. It s as easy to use as a point-and-shoot, but it takes beautiful DSLR photos and videos that get noticed. It feels outstanding in your hands, sturdy and balanced with controls where you want them\" image=\"general/banner-product-1.png\" button_primary_label=\"View collections\" button_primary_url=\"products\" button_secondary_label=\"Learn more\" button_secondary_url=\"/products\"][/get-in-touch]</div><div>[about-product title=\"Easy. Portable. Amazing\" description=\"Take more memorable images. The photos you take with the D3500 capture more than the moment—they capture the feeling of the moment, a feeling that can be shared immediately with your friends and family and then relived for a lifetime.\" image=\"general/product-feature.png\" quantity=\"6\" title_1=\"Less thinking. More shooting\" title_2=\"Picture after amazing picture\" title_3=\"The day tripper\" title_4=\"Newbies welcome\" title_5=\"Colors that pop in any light\" title_6=\"Fast, accurate focusing\"][/about-product]</div><div>[intro-video title=\"Your camera’s bridge to your world\" subtitle=\"The D3500 Two Lens Kit includes two matched lenses to help you cover all the angles. The AF-P DX NIKKOR 18-55mm f/3.5-5.6G VR lens is great for portraits, landscapes, videos and other wide perspective shots. The AF-P DX NIKKOR 70-300mm f/4.5-6.3G ED is a versatile telephoto zoom lens that’s great for sports, concerts, nature and more.\" image=\"general/intro-video-product.png\" tag=\"Business\" youtube_video_url=\"https://www.youtube.com/watch?v=HZ3XumHDDwA\" icon_image=\"icons/bg-plan.png\"][/intro-video]</div><div>[site-statistics title=\"See why we are trusted the world over\" quantity=\"4\" title_1=\"Social followers\" data_1=\"367\" unit_1=\"K\" title_2=\"Happy Clients\" data_2=\"19\" unit_2=\"K+\" title_3=\"Project Done\" data_3=\"604\" unit_3=\"K+\" title_4=\"Global branch\" data_4=\"96\"][/site-statistics]</div>','published','[\"products\\/53.jpg\",\"products\\/53-1.jpg\"]','SW-106-A0',0,19,0,1,0,4,0,0,1150,NULL,NULL,NULL,11.00,17.00,11.00,716.00,NULL,132703,'2024-05-22 23:57:15','2024-05-22 23:57:18','in_stock',0,'Botble\\ACL\\Models\\User',NULL,'digital',NULL,NULL,0,0,0),(54,'Hobnobs The Nobbly Biscuit','<ul><li> Unrestrained and portable active stereo speaker</li>\n            <li> Free from the confines of wires and chords</li>\n            <li> 20 hours of portable capabilities</li>\n            <li> Double-ended Coil Cord with 3.5mm Stereo Plugs Included</li>\n            <li> 3/4″ Dome Tweeters: 2X and 4″ Woofer: 1X</li></ul>','<p>Short Hooded Coat features a straight body, large pockets with button flaps, ventilation air holes, and a string detail along the hemline. The style is completed with a drawstring hood, featuring Rains’ signature built-in cap. Made from waterproof, matte PU, this lightweight unisex rain jacket is an ode to nostalgia through its classic silhouette and utilitarian design details.</p>\n                                <p>- Casual unisex fit</p>\n\n                                <p>- 64% polyester, 36% polyurethane</p>\n\n                                <p>- Water column pressure: 4000 mm</p>\n\n                                <p>- Model is 187cm tall and wearing a size S / M</p>\n\n                                <p>- Unisex fit</p>\n\n                                <p>- Drawstring hood with built-in cap</p>\n\n                                <p>- Front placket with snap buttons</p>\n\n                                <p>- Ventilation under armpit</p>\n\n                                <p>- Adjustable cuffs</p>\n\n                                <p>- Double welted front pockets</p>\n\n                                <p>- Adjustable elastic string at hempen</p>\n\n                                <p>- Ultrasonically welded seams</p>\n\n                                <p>This is a unisex item, please check our clothing &amp; footwear sizing guide for specific Rains jacket sizing information. RAINS comes from the rainy nation of Denmark at the edge of the European continent, close to the ocean and with prevailing westerly winds; all factors that contribute to an average of 121 rain days each year. Arising from these rainy weather conditions comes the attitude that a quick rain shower may be beautiful, as well as moody- but first and foremost requires the right outfit. Rains focus on the whole experience of going outside on rainy days, issuing an invitation to explore even in the most mercurial weather.</p><div>[get-in-touch title=\"Beautiful Pictures For All\" description=\"You don’t need to be a photographer to know a great photo when you see one. And you don’t need to be a photographer to take a great photo—you just need the D3500. It s as easy to use as a point-and-shoot, but it takes beautiful DSLR photos and videos that get noticed. It feels outstanding in your hands, sturdy and balanced with controls where you want them\" image=\"general/banner-product-1.png\" button_primary_label=\"View collections\" button_primary_url=\"products\" button_secondary_label=\"Learn more\" button_secondary_url=\"/products\"][/get-in-touch]</div><div>[about-product title=\"Easy. Portable. Amazing\" description=\"Take more memorable images. The photos you take with the D3500 capture more than the moment—they capture the feeling of the moment, a feeling that can be shared immediately with your friends and family and then relived for a lifetime.\" image=\"general/product-feature.png\" quantity=\"6\" title_1=\"Less thinking. More shooting\" title_2=\"Picture after amazing picture\" title_3=\"The day tripper\" title_4=\"Newbies welcome\" title_5=\"Colors that pop in any light\" title_6=\"Fast, accurate focusing\"][/about-product]</div><div>[intro-video title=\"Your camera’s bridge to your world\" subtitle=\"The D3500 Two Lens Kit includes two matched lenses to help you cover all the angles. The AF-P DX NIKKOR 18-55mm f/3.5-5.6G VR lens is great for portraits, landscapes, videos and other wide perspective shots. The AF-P DX NIKKOR 70-300mm f/4.5-6.3G ED is a versatile telephoto zoom lens that’s great for sports, concerts, nature and more.\" image=\"general/intro-video-product.png\" tag=\"Business\" youtube_video_url=\"https://www.youtube.com/watch?v=HZ3XumHDDwA\" icon_image=\"icons/bg-plan.png\"][/intro-video]</div><div>[site-statistics title=\"See why we are trusted the world over\" quantity=\"4\" title_1=\"Social followers\" data_1=\"367\" unit_1=\"K\" title_2=\"Happy Clients\" data_2=\"19\" unit_2=\"K+\" title_3=\"Project Done\" data_3=\"604\" unit_3=\"K+\" title_4=\"Global branch\" data_4=\"96\"][/site-statistics]</div>','published','[\"products\\/54.jpg\",\"products\\/54-1.jpg\"]','SW-135-A0',0,14,0,1,0,3,0,0,1060,NULL,NULL,NULL,20.00,15.00,13.00,586.00,NULL,96345,'2024-05-22 23:57:15','2024-05-22 23:57:18','in_stock',0,'Botble\\ACL\\Models\\User',NULL,'physical',NULL,NULL,0,0,0),(55,'Honest Organic Still Lemonade','<ul><li> Unrestrained and portable active stereo speaker</li>\n            <li> Free from the confines of wires and chords</li>\n            <li> 20 hours of portable capabilities</li>\n            <li> Double-ended Coil Cord with 3.5mm Stereo Plugs Included</li>\n            <li> 3/4″ Dome Tweeters: 2X and 4″ Woofer: 1X</li></ul>','<p>Short Hooded Coat features a straight body, large pockets with button flaps, ventilation air holes, and a string detail along the hemline. The style is completed with a drawstring hood, featuring Rains’ signature built-in cap. Made from waterproof, matte PU, this lightweight unisex rain jacket is an ode to nostalgia through its classic silhouette and utilitarian design details.</p>\n                                <p>- Casual unisex fit</p>\n\n                                <p>- 64% polyester, 36% polyurethane</p>\n\n                                <p>- Water column pressure: 4000 mm</p>\n\n                                <p>- Model is 187cm tall and wearing a size S / M</p>\n\n                                <p>- Unisex fit</p>\n\n                                <p>- Drawstring hood with built-in cap</p>\n\n                                <p>- Front placket with snap buttons</p>\n\n                                <p>- Ventilation under armpit</p>\n\n                                <p>- Adjustable cuffs</p>\n\n                                <p>- Double welted front pockets</p>\n\n                                <p>- Adjustable elastic string at hempen</p>\n\n                                <p>- Ultrasonically welded seams</p>\n\n                                <p>This is a unisex item, please check our clothing &amp; footwear sizing guide for specific Rains jacket sizing information. RAINS comes from the rainy nation of Denmark at the edge of the European continent, close to the ocean and with prevailing westerly winds; all factors that contribute to an average of 121 rain days each year. Arising from these rainy weather conditions comes the attitude that a quick rain shower may be beautiful, as well as moody- but first and foremost requires the right outfit. Rains focus on the whole experience of going outside on rainy days, issuing an invitation to explore even in the most mercurial weather.</p><div>[get-in-touch title=\"Beautiful Pictures For All\" description=\"You don’t need to be a photographer to know a great photo when you see one. And you don’t need to be a photographer to take a great photo—you just need the D3500. It s as easy to use as a point-and-shoot, but it takes beautiful DSLR photos and videos that get noticed. It feels outstanding in your hands, sturdy and balanced with controls where you want them\" image=\"general/banner-product-1.png\" button_primary_label=\"View collections\" button_primary_url=\"products\" button_secondary_label=\"Learn more\" button_secondary_url=\"/products\"][/get-in-touch]</div><div>[about-product title=\"Easy. Portable. Amazing\" description=\"Take more memorable images. The photos you take with the D3500 capture more than the moment—they capture the feeling of the moment, a feeling that can be shared immediately with your friends and family and then relived for a lifetime.\" image=\"general/product-feature.png\" quantity=\"6\" title_1=\"Less thinking. More shooting\" title_2=\"Picture after amazing picture\" title_3=\"The day tripper\" title_4=\"Newbies welcome\" title_5=\"Colors that pop in any light\" title_6=\"Fast, accurate focusing\"][/about-product]</div><div>[intro-video title=\"Your camera’s bridge to your world\" subtitle=\"The D3500 Two Lens Kit includes two matched lenses to help you cover all the angles. The AF-P DX NIKKOR 18-55mm f/3.5-5.6G VR lens is great for portraits, landscapes, videos and other wide perspective shots. The AF-P DX NIKKOR 70-300mm f/4.5-6.3G ED is a versatile telephoto zoom lens that’s great for sports, concerts, nature and more.\" image=\"general/intro-video-product.png\" tag=\"Business\" youtube_video_url=\"https://www.youtube.com/watch?v=HZ3XumHDDwA\" icon_image=\"icons/bg-plan.png\"][/intro-video]</div><div>[site-statistics title=\"See why we are trusted the world over\" quantity=\"4\" title_1=\"Social followers\" data_1=\"367\" unit_1=\"K\" title_2=\"Happy Clients\" data_2=\"19\" unit_2=\"K+\" title_3=\"Project Done\" data_3=\"604\" unit_3=\"K+\" title_4=\"Global branch\" data_4=\"96\"][/site-statistics]</div>','published','[\"products\\/55.jpg\",\"products\\/55-1.jpg\",\"products\\/55-2.jpg\"]','SW-109-A0',0,13,0,1,0,3,0,0,781,NULL,NULL,NULL,12.00,13.00,15.00,702.00,NULL,120163,'2024-05-22 23:57:15','2024-05-22 23:57:18','in_stock',0,'Botble\\ACL\\Models\\User',NULL,'physical',NULL,NULL,0,0,0),(56,'Ice Beck’s Beer 350ml x 24 Pieces','<ul><li> Unrestrained and portable active stereo speaker</li>\n            <li> Free from the confines of wires and chords</li>\n            <li> 20 hours of portable capabilities</li>\n            <li> Double-ended Coil Cord with 3.5mm Stereo Plugs Included</li>\n            <li> 3/4″ Dome Tweeters: 2X and 4″ Woofer: 1X</li></ul>','<p>Short Hooded Coat features a straight body, large pockets with button flaps, ventilation air holes, and a string detail along the hemline. The style is completed with a drawstring hood, featuring Rains’ signature built-in cap. Made from waterproof, matte PU, this lightweight unisex rain jacket is an ode to nostalgia through its classic silhouette and utilitarian design details.</p>\n                                <p>- Casual unisex fit</p>\n\n                                <p>- 64% polyester, 36% polyurethane</p>\n\n                                <p>- Water column pressure: 4000 mm</p>\n\n                                <p>- Model is 187cm tall and wearing a size S / M</p>\n\n                                <p>- Unisex fit</p>\n\n                                <p>- Drawstring hood with built-in cap</p>\n\n                                <p>- Front placket with snap buttons</p>\n\n                                <p>- Ventilation under armpit</p>\n\n                                <p>- Adjustable cuffs</p>\n\n                                <p>- Double welted front pockets</p>\n\n                                <p>- Adjustable elastic string at hempen</p>\n\n                                <p>- Ultrasonically welded seams</p>\n\n                                <p>This is a unisex item, please check our clothing &amp; footwear sizing guide for specific Rains jacket sizing information. RAINS comes from the rainy nation of Denmark at the edge of the European continent, close to the ocean and with prevailing westerly winds; all factors that contribute to an average of 121 rain days each year. Arising from these rainy weather conditions comes the attitude that a quick rain shower may be beautiful, as well as moody- but first and foremost requires the right outfit. Rains focus on the whole experience of going outside on rainy days, issuing an invitation to explore even in the most mercurial weather.</p><div>[get-in-touch title=\"Beautiful Pictures For All\" description=\"You don’t need to be a photographer to know a great photo when you see one. And you don’t need to be a photographer to take a great photo—you just need the D3500. It s as easy to use as a point-and-shoot, but it takes beautiful DSLR photos and videos that get noticed. It feels outstanding in your hands, sturdy and balanced with controls where you want them\" image=\"general/banner-product-1.png\" button_primary_label=\"View collections\" button_primary_url=\"products\" button_secondary_label=\"Learn more\" button_secondary_url=\"/products\"][/get-in-touch]</div><div>[about-product title=\"Easy. Portable. Amazing\" description=\"Take more memorable images. The photos you take with the D3500 capture more than the moment—they capture the feeling of the moment, a feeling that can be shared immediately with your friends and family and then relived for a lifetime.\" image=\"general/product-feature.png\" quantity=\"6\" title_1=\"Less thinking. More shooting\" title_2=\"Picture after amazing picture\" title_3=\"The day tripper\" title_4=\"Newbies welcome\" title_5=\"Colors that pop in any light\" title_6=\"Fast, accurate focusing\"][/about-product]</div><div>[intro-video title=\"Your camera’s bridge to your world\" subtitle=\"The D3500 Two Lens Kit includes two matched lenses to help you cover all the angles. The AF-P DX NIKKOR 18-55mm f/3.5-5.6G VR lens is great for portraits, landscapes, videos and other wide perspective shots. The AF-P DX NIKKOR 70-300mm f/4.5-6.3G ED is a versatile telephoto zoom lens that’s great for sports, concerts, nature and more.\" image=\"general/intro-video-product.png\" tag=\"Business\" youtube_video_url=\"https://www.youtube.com/watch?v=HZ3XumHDDwA\" icon_image=\"icons/bg-plan.png\"][/intro-video]</div><div>[site-statistics title=\"See why we are trusted the world over\" quantity=\"4\" title_1=\"Social followers\" data_1=\"367\" unit_1=\"K\" title_2=\"Happy Clients\" data_2=\"19\" unit_2=\"K+\" title_3=\"Project Done\" data_3=\"604\" unit_3=\"K+\" title_4=\"Global branch\" data_4=\"96\"][/site-statistics]</div>','published','[\"products\\/56.jpg\",\"products\\/56-1.jpg\",\"products\\/56-2.jpg\"]','SW-195-A0',0,12,0,1,0,2,0,0,777,675.99,NULL,NULL,16.00,17.00,13.00,708.00,NULL,160935,'2024-05-22 23:57:15','2024-05-22 23:57:18','in_stock',0,'Botble\\ACL\\Models\\User',NULL,'physical',NULL,NULL,0,0,0),(57,'Iceland 6 Hot Cross Buns (Digital)','<ul><li> Unrestrained and portable active stereo speaker</li>\n            <li> Free from the confines of wires and chords</li>\n            <li> 20 hours of portable capabilities</li>\n            <li> Double-ended Coil Cord with 3.5mm Stereo Plugs Included</li>\n            <li> 3/4″ Dome Tweeters: 2X and 4″ Woofer: 1X</li></ul>','<p>Short Hooded Coat features a straight body, large pockets with button flaps, ventilation air holes, and a string detail along the hemline. The style is completed with a drawstring hood, featuring Rains’ signature built-in cap. Made from waterproof, matte PU, this lightweight unisex rain jacket is an ode to nostalgia through its classic silhouette and utilitarian design details.</p>\n                                <p>- Casual unisex fit</p>\n\n                                <p>- 64% polyester, 36% polyurethane</p>\n\n                                <p>- Water column pressure: 4000 mm</p>\n\n                                <p>- Model is 187cm tall and wearing a size S / M</p>\n\n                                <p>- Unisex fit</p>\n\n                                <p>- Drawstring hood with built-in cap</p>\n\n                                <p>- Front placket with snap buttons</p>\n\n                                <p>- Ventilation under armpit</p>\n\n                                <p>- Adjustable cuffs</p>\n\n                                <p>- Double welted front pockets</p>\n\n                                <p>- Adjustable elastic string at hempen</p>\n\n                                <p>- Ultrasonically welded seams</p>\n\n                                <p>This is a unisex item, please check our clothing &amp; footwear sizing guide for specific Rains jacket sizing information. RAINS comes from the rainy nation of Denmark at the edge of the European continent, close to the ocean and with prevailing westerly winds; all factors that contribute to an average of 121 rain days each year. Arising from these rainy weather conditions comes the attitude that a quick rain shower may be beautiful, as well as moody- but first and foremost requires the right outfit. Rains focus on the whole experience of going outside on rainy days, issuing an invitation to explore even in the most mercurial weather.</p><div>[get-in-touch title=\"Beautiful Pictures For All\" description=\"You don’t need to be a photographer to know a great photo when you see one. And you don’t need to be a photographer to take a great photo—you just need the D3500. It s as easy to use as a point-and-shoot, but it takes beautiful DSLR photos and videos that get noticed. It feels outstanding in your hands, sturdy and balanced with controls where you want them\" image=\"general/banner-product-1.png\" button_primary_label=\"View collections\" button_primary_url=\"products\" button_secondary_label=\"Learn more\" button_secondary_url=\"/products\"][/get-in-touch]</div><div>[about-product title=\"Easy. Portable. Amazing\" description=\"Take more memorable images. The photos you take with the D3500 capture more than the moment—they capture the feeling of the moment, a feeling that can be shared immediately with your friends and family and then relived for a lifetime.\" image=\"general/product-feature.png\" quantity=\"6\" title_1=\"Less thinking. More shooting\" title_2=\"Picture after amazing picture\" title_3=\"The day tripper\" title_4=\"Newbies welcome\" title_5=\"Colors that pop in any light\" title_6=\"Fast, accurate focusing\"][/about-product]</div><div>[intro-video title=\"Your camera’s bridge to your world\" subtitle=\"The D3500 Two Lens Kit includes two matched lenses to help you cover all the angles. The AF-P DX NIKKOR 18-55mm f/3.5-5.6G VR lens is great for portraits, landscapes, videos and other wide perspective shots. The AF-P DX NIKKOR 70-300mm f/4.5-6.3G ED is a versatile telephoto zoom lens that’s great for sports, concerts, nature and more.\" image=\"general/intro-video-product.png\" tag=\"Business\" youtube_video_url=\"https://www.youtube.com/watch?v=HZ3XumHDDwA\" icon_image=\"icons/bg-plan.png\"][/intro-video]</div><div>[site-statistics title=\"See why we are trusted the world over\" quantity=\"4\" title_1=\"Social followers\" data_1=\"367\" unit_1=\"K\" title_2=\"Happy Clients\" data_2=\"19\" unit_2=\"K+\" title_3=\"Project Done\" data_3=\"604\" unit_3=\"K+\" title_4=\"Global branch\" data_4=\"96\"][/site-statistics]</div>','published','[\"products\\/57.jpg\",\"products\\/57-1.jpg\"]','SW-166-A0',0,13,0,1,0,1,0,0,558,NULL,NULL,NULL,14.00,19.00,10.00,674.00,NULL,118287,'2024-05-22 23:57:15','2024-05-22 23:57:18','in_stock',0,'Botble\\ACL\\Models\\User',NULL,'digital',NULL,NULL,0,0,0),(58,'Iceland Luxury 4 Panini Rolls','<ul><li> Unrestrained and portable active stereo speaker</li>\n            <li> Free from the confines of wires and chords</li>\n            <li> 20 hours of portable capabilities</li>\n            <li> Double-ended Coil Cord with 3.5mm Stereo Plugs Included</li>\n            <li> 3/4″ Dome Tweeters: 2X and 4″ Woofer: 1X</li></ul>','<p>Short Hooded Coat features a straight body, large pockets with button flaps, ventilation air holes, and a string detail along the hemline. The style is completed with a drawstring hood, featuring Rains’ signature built-in cap. Made from waterproof, matte PU, this lightweight unisex rain jacket is an ode to nostalgia through its classic silhouette and utilitarian design details.</p>\n                                <p>- Casual unisex fit</p>\n\n                                <p>- 64% polyester, 36% polyurethane</p>\n\n                                <p>- Water column pressure: 4000 mm</p>\n\n                                <p>- Model is 187cm tall and wearing a size S / M</p>\n\n                                <p>- Unisex fit</p>\n\n                                <p>- Drawstring hood with built-in cap</p>\n\n                                <p>- Front placket with snap buttons</p>\n\n                                <p>- Ventilation under armpit</p>\n\n                                <p>- Adjustable cuffs</p>\n\n                                <p>- Double welted front pockets</p>\n\n                                <p>- Adjustable elastic string at hempen</p>\n\n                                <p>- Ultrasonically welded seams</p>\n\n                                <p>This is a unisex item, please check our clothing &amp; footwear sizing guide for specific Rains jacket sizing information. RAINS comes from the rainy nation of Denmark at the edge of the European continent, close to the ocean and with prevailing westerly winds; all factors that contribute to an average of 121 rain days each year. Arising from these rainy weather conditions comes the attitude that a quick rain shower may be beautiful, as well as moody- but first and foremost requires the right outfit. Rains focus on the whole experience of going outside on rainy days, issuing an invitation to explore even in the most mercurial weather.</p><div>[get-in-touch title=\"Beautiful Pictures For All\" description=\"You don’t need to be a photographer to know a great photo when you see one. And you don’t need to be a photographer to take a great photo—you just need the D3500. It s as easy to use as a point-and-shoot, but it takes beautiful DSLR photos and videos that get noticed. It feels outstanding in your hands, sturdy and balanced with controls where you want them\" image=\"general/banner-product-1.png\" button_primary_label=\"View collections\" button_primary_url=\"products\" button_secondary_label=\"Learn more\" button_secondary_url=\"/products\"][/get-in-touch]</div><div>[about-product title=\"Easy. Portable. Amazing\" description=\"Take more memorable images. The photos you take with the D3500 capture more than the moment—they capture the feeling of the moment, a feeling that can be shared immediately with your friends and family and then relived for a lifetime.\" image=\"general/product-feature.png\" quantity=\"6\" title_1=\"Less thinking. More shooting\" title_2=\"Picture after amazing picture\" title_3=\"The day tripper\" title_4=\"Newbies welcome\" title_5=\"Colors that pop in any light\" title_6=\"Fast, accurate focusing\"][/about-product]</div><div>[intro-video title=\"Your camera’s bridge to your world\" subtitle=\"The D3500 Two Lens Kit includes two matched lenses to help you cover all the angles. The AF-P DX NIKKOR 18-55mm f/3.5-5.6G VR lens is great for portraits, landscapes, videos and other wide perspective shots. The AF-P DX NIKKOR 70-300mm f/4.5-6.3G ED is a versatile telephoto zoom lens that’s great for sports, concerts, nature and more.\" image=\"general/intro-video-product.png\" tag=\"Business\" youtube_video_url=\"https://www.youtube.com/watch?v=HZ3XumHDDwA\" icon_image=\"icons/bg-plan.png\"][/intro-video]</div><div>[site-statistics title=\"See why we are trusted the world over\" quantity=\"4\" title_1=\"Social followers\" data_1=\"367\" unit_1=\"K\" title_2=\"Happy Clients\" data_2=\"19\" unit_2=\"K+\" title_3=\"Project Done\" data_3=\"604\" unit_3=\"K+\" title_4=\"Global branch\" data_4=\"96\"][/site-statistics]</div>','published','[\"products\\/58.jpg\",\"products\\/58-1.jpg\",\"products\\/58-2.jpg\"]','SW-139-A0',0,18,0,1,0,4,0,0,1172,NULL,NULL,NULL,14.00,19.00,13.00,640.00,NULL,164864,'2024-05-22 23:57:15','2024-05-22 23:57:18','in_stock',0,'Botble\\ACL\\Models\\User',NULL,'physical',NULL,NULL,0,0,0),(59,'Iceland Soft Scoop Vanilla','<ul><li> Unrestrained and portable active stereo speaker</li>\n            <li> Free from the confines of wires and chords</li>\n            <li> 20 hours of portable capabilities</li>\n            <li> Double-ended Coil Cord with 3.5mm Stereo Plugs Included</li>\n            <li> 3/4″ Dome Tweeters: 2X and 4″ Woofer: 1X</li></ul>','<p>Short Hooded Coat features a straight body, large pockets with button flaps, ventilation air holes, and a string detail along the hemline. The style is completed with a drawstring hood, featuring Rains’ signature built-in cap. Made from waterproof, matte PU, this lightweight unisex rain jacket is an ode to nostalgia through its classic silhouette and utilitarian design details.</p>\n                                <p>- Casual unisex fit</p>\n\n                                <p>- 64% polyester, 36% polyurethane</p>\n\n                                <p>- Water column pressure: 4000 mm</p>\n\n                                <p>- Model is 187cm tall and wearing a size S / M</p>\n\n                                <p>- Unisex fit</p>\n\n                                <p>- Drawstring hood with built-in cap</p>\n\n                                <p>- Front placket with snap buttons</p>\n\n                                <p>- Ventilation under armpit</p>\n\n                                <p>- Adjustable cuffs</p>\n\n                                <p>- Double welted front pockets</p>\n\n                                <p>- Adjustable elastic string at hempen</p>\n\n                                <p>- Ultrasonically welded seams</p>\n\n                                <p>This is a unisex item, please check our clothing &amp; footwear sizing guide for specific Rains jacket sizing information. RAINS comes from the rainy nation of Denmark at the edge of the European continent, close to the ocean and with prevailing westerly winds; all factors that contribute to an average of 121 rain days each year. Arising from these rainy weather conditions comes the attitude that a quick rain shower may be beautiful, as well as moody- but first and foremost requires the right outfit. Rains focus on the whole experience of going outside on rainy days, issuing an invitation to explore even in the most mercurial weather.</p><div>[get-in-touch title=\"Beautiful Pictures For All\" description=\"You don’t need to be a photographer to know a great photo when you see one. And you don’t need to be a photographer to take a great photo—you just need the D3500. It s as easy to use as a point-and-shoot, but it takes beautiful DSLR photos and videos that get noticed. It feels outstanding in your hands, sturdy and balanced with controls where you want them\" image=\"general/banner-product-1.png\" button_primary_label=\"View collections\" button_primary_url=\"products\" button_secondary_label=\"Learn more\" button_secondary_url=\"/products\"][/get-in-touch]</div><div>[about-product title=\"Easy. Portable. Amazing\" description=\"Take more memorable images. The photos you take with the D3500 capture more than the moment—they capture the feeling of the moment, a feeling that can be shared immediately with your friends and family and then relived for a lifetime.\" image=\"general/product-feature.png\" quantity=\"6\" title_1=\"Less thinking. More shooting\" title_2=\"Picture after amazing picture\" title_3=\"The day tripper\" title_4=\"Newbies welcome\" title_5=\"Colors that pop in any light\" title_6=\"Fast, accurate focusing\"][/about-product]</div><div>[intro-video title=\"Your camera’s bridge to your world\" subtitle=\"The D3500 Two Lens Kit includes two matched lenses to help you cover all the angles. The AF-P DX NIKKOR 18-55mm f/3.5-5.6G VR lens is great for portraits, landscapes, videos and other wide perspective shots. The AF-P DX NIKKOR 70-300mm f/4.5-6.3G ED is a versatile telephoto zoom lens that’s great for sports, concerts, nature and more.\" image=\"general/intro-video-product.png\" tag=\"Business\" youtube_video_url=\"https://www.youtube.com/watch?v=HZ3XumHDDwA\" icon_image=\"icons/bg-plan.png\"][/intro-video]</div><div>[site-statistics title=\"See why we are trusted the world over\" quantity=\"4\" title_1=\"Social followers\" data_1=\"367\" unit_1=\"K\" title_2=\"Happy Clients\" data_2=\"19\" unit_2=\"K+\" title_3=\"Project Done\" data_3=\"604\" unit_3=\"K+\" title_4=\"Global branch\" data_4=\"96\"][/site-statistics]</div>','published','[\"products\\/59.jpg\",\"products\\/59-1.jpg\",\"products\\/59-2.jpg\",\"products\\/59-3.jpg\"]','SW-186-A0',0,12,0,1,0,2,0,0,944,NULL,NULL,NULL,19.00,11.00,10.00,587.00,NULL,55920,'2024-05-22 23:57:15','2024-05-22 23:57:18','in_stock',0,'Botble\\ACL\\Models\\User',NULL,'physical',NULL,NULL,0,0,0),(60,'Iceland Spaghetti Bolognese','<ul><li> Unrestrained and portable active stereo speaker</li>\n            <li> Free from the confines of wires and chords</li>\n            <li> 20 hours of portable capabilities</li>\n            <li> Double-ended Coil Cord with 3.5mm Stereo Plugs Included</li>\n            <li> 3/4″ Dome Tweeters: 2X and 4″ Woofer: 1X</li></ul>','<p>Short Hooded Coat features a straight body, large pockets with button flaps, ventilation air holes, and a string detail along the hemline. The style is completed with a drawstring hood, featuring Rains’ signature built-in cap. Made from waterproof, matte PU, this lightweight unisex rain jacket is an ode to nostalgia through its classic silhouette and utilitarian design details.</p>\n                                <p>- Casual unisex fit</p>\n\n                                <p>- 64% polyester, 36% polyurethane</p>\n\n                                <p>- Water column pressure: 4000 mm</p>\n\n                                <p>- Model is 187cm tall and wearing a size S / M</p>\n\n                                <p>- Unisex fit</p>\n\n                                <p>- Drawstring hood with built-in cap</p>\n\n                                <p>- Front placket with snap buttons</p>\n\n                                <p>- Ventilation under armpit</p>\n\n                                <p>- Adjustable cuffs</p>\n\n                                <p>- Double welted front pockets</p>\n\n                                <p>- Adjustable elastic string at hempen</p>\n\n                                <p>- Ultrasonically welded seams</p>\n\n                                <p>This is a unisex item, please check our clothing &amp; footwear sizing guide for specific Rains jacket sizing information. RAINS comes from the rainy nation of Denmark at the edge of the European continent, close to the ocean and with prevailing westerly winds; all factors that contribute to an average of 121 rain days each year. Arising from these rainy weather conditions comes the attitude that a quick rain shower may be beautiful, as well as moody- but first and foremost requires the right outfit. Rains focus on the whole experience of going outside on rainy days, issuing an invitation to explore even in the most mercurial weather.</p><div>[get-in-touch title=\"Beautiful Pictures For All\" description=\"You don’t need to be a photographer to know a great photo when you see one. And you don’t need to be a photographer to take a great photo—you just need the D3500. It s as easy to use as a point-and-shoot, but it takes beautiful DSLR photos and videos that get noticed. It feels outstanding in your hands, sturdy and balanced with controls where you want them\" image=\"general/banner-product-1.png\" button_primary_label=\"View collections\" button_primary_url=\"products\" button_secondary_label=\"Learn more\" button_secondary_url=\"/products\"][/get-in-touch]</div><div>[about-product title=\"Easy. Portable. Amazing\" description=\"Take more memorable images. The photos you take with the D3500 capture more than the moment—they capture the feeling of the moment, a feeling that can be shared immediately with your friends and family and then relived for a lifetime.\" image=\"general/product-feature.png\" quantity=\"6\" title_1=\"Less thinking. More shooting\" title_2=\"Picture after amazing picture\" title_3=\"The day tripper\" title_4=\"Newbies welcome\" title_5=\"Colors that pop in any light\" title_6=\"Fast, accurate focusing\"][/about-product]</div><div>[intro-video title=\"Your camera’s bridge to your world\" subtitle=\"The D3500 Two Lens Kit includes two matched lenses to help you cover all the angles. The AF-P DX NIKKOR 18-55mm f/3.5-5.6G VR lens is great for portraits, landscapes, videos and other wide perspective shots. The AF-P DX NIKKOR 70-300mm f/4.5-6.3G ED is a versatile telephoto zoom lens that’s great for sports, concerts, nature and more.\" image=\"general/intro-video-product.png\" tag=\"Business\" youtube_video_url=\"https://www.youtube.com/watch?v=HZ3XumHDDwA\" icon_image=\"icons/bg-plan.png\"][/intro-video]</div><div>[site-statistics title=\"See why we are trusted the world over\" quantity=\"4\" title_1=\"Social followers\" data_1=\"367\" unit_1=\"K\" title_2=\"Happy Clients\" data_2=\"19\" unit_2=\"K+\" title_3=\"Project Done\" data_3=\"604\" unit_3=\"K+\" title_4=\"Global branch\" data_4=\"96\"][/site-statistics]</div>','published','[\"products\\/60.jpg\",\"products\\/60-1.jpg\",\"products\\/60-2.jpg\"]','SW-158-A0',0,16,0,1,0,4,0,0,864,734.4,NULL,NULL,10.00,15.00,11.00,853.00,NULL,141338,'2024-05-22 23:57:15','2024-05-22 23:57:18','in_stock',0,'Botble\\ACL\\Models\\User',NULL,'physical',NULL,NULL,0,0,0),(61,'Kellogg’s Coco Pops Cereal (Digital)','<ul><li> Unrestrained and portable active stereo speaker</li>\n            <li> Free from the confines of wires and chords</li>\n            <li> 20 hours of portable capabilities</li>\n            <li> Double-ended Coil Cord with 3.5mm Stereo Plugs Included</li>\n            <li> 3/4″ Dome Tweeters: 2X and 4″ Woofer: 1X</li></ul>','<p>Short Hooded Coat features a straight body, large pockets with button flaps, ventilation air holes, and a string detail along the hemline. The style is completed with a drawstring hood, featuring Rains’ signature built-in cap. Made from waterproof, matte PU, this lightweight unisex rain jacket is an ode to nostalgia through its classic silhouette and utilitarian design details.</p>\n                                <p>- Casual unisex fit</p>\n\n                                <p>- 64% polyester, 36% polyurethane</p>\n\n                                <p>- Water column pressure: 4000 mm</p>\n\n                                <p>- Model is 187cm tall and wearing a size S / M</p>\n\n                                <p>- Unisex fit</p>\n\n                                <p>- Drawstring hood with built-in cap</p>\n\n                                <p>- Front placket with snap buttons</p>\n\n                                <p>- Ventilation under armpit</p>\n\n                                <p>- Adjustable cuffs</p>\n\n                                <p>- Double welted front pockets</p>\n\n                                <p>- Adjustable elastic string at hempen</p>\n\n                                <p>- Ultrasonically welded seams</p>\n\n                                <p>This is a unisex item, please check our clothing &amp; footwear sizing guide for specific Rains jacket sizing information. RAINS comes from the rainy nation of Denmark at the edge of the European continent, close to the ocean and with prevailing westerly winds; all factors that contribute to an average of 121 rain days each year. Arising from these rainy weather conditions comes the attitude that a quick rain shower may be beautiful, as well as moody- but first and foremost requires the right outfit. Rains focus on the whole experience of going outside on rainy days, issuing an invitation to explore even in the most mercurial weather.</p><div>[get-in-touch title=\"Beautiful Pictures For All\" description=\"You don’t need to be a photographer to know a great photo when you see one. And you don’t need to be a photographer to take a great photo—you just need the D3500. It s as easy to use as a point-and-shoot, but it takes beautiful DSLR photos and videos that get noticed. It feels outstanding in your hands, sturdy and balanced with controls where you want them\" image=\"general/banner-product-1.png\" button_primary_label=\"View collections\" button_primary_url=\"products\" button_secondary_label=\"Learn more\" button_secondary_url=\"/products\"][/get-in-touch]</div><div>[about-product title=\"Easy. Portable. Amazing\" description=\"Take more memorable images. The photos you take with the D3500 capture more than the moment—they capture the feeling of the moment, a feeling that can be shared immediately with your friends and family and then relived for a lifetime.\" image=\"general/product-feature.png\" quantity=\"6\" title_1=\"Less thinking. More shooting\" title_2=\"Picture after amazing picture\" title_3=\"The day tripper\" title_4=\"Newbies welcome\" title_5=\"Colors that pop in any light\" title_6=\"Fast, accurate focusing\"][/about-product]</div><div>[intro-video title=\"Your camera’s bridge to your world\" subtitle=\"The D3500 Two Lens Kit includes two matched lenses to help you cover all the angles. The AF-P DX NIKKOR 18-55mm f/3.5-5.6G VR lens is great for portraits, landscapes, videos and other wide perspective shots. The AF-P DX NIKKOR 70-300mm f/4.5-6.3G ED is a versatile telephoto zoom lens that’s great for sports, concerts, nature and more.\" image=\"general/intro-video-product.png\" tag=\"Business\" youtube_video_url=\"https://www.youtube.com/watch?v=HZ3XumHDDwA\" icon_image=\"icons/bg-plan.png\"][/intro-video]</div><div>[site-statistics title=\"See why we are trusted the world over\" quantity=\"4\" title_1=\"Social followers\" data_1=\"367\" unit_1=\"K\" title_2=\"Happy Clients\" data_2=\"19\" unit_2=\"K+\" title_3=\"Project Done\" data_3=\"604\" unit_3=\"K+\" title_4=\"Global branch\" data_4=\"96\"][/site-statistics]</div>','published','[\"products\\/61.jpg\",\"products\\/61-1.jpg\"]','SW-184-A0',0,13,0,1,0,1,0,0,646,NULL,NULL,NULL,16.00,19.00,15.00,754.00,NULL,52975,'2024-05-22 23:57:15','2024-05-22 23:57:18','in_stock',0,'Botble\\ACL\\Models\\User',NULL,'digital',NULL,NULL,0,0,0),(62,'Kit Kat Chunky Milk Chocolate','<ul><li> Unrestrained and portable active stereo speaker</li>\n            <li> Free from the confines of wires and chords</li>\n            <li> 20 hours of portable capabilities</li>\n            <li> Double-ended Coil Cord with 3.5mm Stereo Plugs Included</li>\n            <li> 3/4″ Dome Tweeters: 2X and 4″ Woofer: 1X</li></ul>','<p>Short Hooded Coat features a straight body, large pockets with button flaps, ventilation air holes, and a string detail along the hemline. The style is completed with a drawstring hood, featuring Rains’ signature built-in cap. Made from waterproof, matte PU, this lightweight unisex rain jacket is an ode to nostalgia through its classic silhouette and utilitarian design details.</p>\n                                <p>- Casual unisex fit</p>\n\n                                <p>- 64% polyester, 36% polyurethane</p>\n\n                                <p>- Water column pressure: 4000 mm</p>\n\n                                <p>- Model is 187cm tall and wearing a size S / M</p>\n\n                                <p>- Unisex fit</p>\n\n                                <p>- Drawstring hood with built-in cap</p>\n\n                                <p>- Front placket with snap buttons</p>\n\n                                <p>- Ventilation under armpit</p>\n\n                                <p>- Adjustable cuffs</p>\n\n                                <p>- Double welted front pockets</p>\n\n                                <p>- Adjustable elastic string at hempen</p>\n\n                                <p>- Ultrasonically welded seams</p>\n\n                                <p>This is a unisex item, please check our clothing &amp; footwear sizing guide for specific Rains jacket sizing information. RAINS comes from the rainy nation of Denmark at the edge of the European continent, close to the ocean and with prevailing westerly winds; all factors that contribute to an average of 121 rain days each year. Arising from these rainy weather conditions comes the attitude that a quick rain shower may be beautiful, as well as moody- but first and foremost requires the right outfit. Rains focus on the whole experience of going outside on rainy days, issuing an invitation to explore even in the most mercurial weather.</p><div>[get-in-touch title=\"Beautiful Pictures For All\" description=\"You don’t need to be a photographer to know a great photo when you see one. And you don’t need to be a photographer to take a great photo—you just need the D3500. It s as easy to use as a point-and-shoot, but it takes beautiful DSLR photos and videos that get noticed. It feels outstanding in your hands, sturdy and balanced with controls where you want them\" image=\"general/banner-product-1.png\" button_primary_label=\"View collections\" button_primary_url=\"products\" button_secondary_label=\"Learn more\" button_secondary_url=\"/products\"][/get-in-touch]</div><div>[about-product title=\"Easy. Portable. Amazing\" description=\"Take more memorable images. The photos you take with the D3500 capture more than the moment—they capture the feeling of the moment, a feeling that can be shared immediately with your friends and family and then relived for a lifetime.\" image=\"general/product-feature.png\" quantity=\"6\" title_1=\"Less thinking. More shooting\" title_2=\"Picture after amazing picture\" title_3=\"The day tripper\" title_4=\"Newbies welcome\" title_5=\"Colors that pop in any light\" title_6=\"Fast, accurate focusing\"][/about-product]</div><div>[intro-video title=\"Your camera’s bridge to your world\" subtitle=\"The D3500 Two Lens Kit includes two matched lenses to help you cover all the angles. The AF-P DX NIKKOR 18-55mm f/3.5-5.6G VR lens is great for portraits, landscapes, videos and other wide perspective shots. The AF-P DX NIKKOR 70-300mm f/4.5-6.3G ED is a versatile telephoto zoom lens that’s great for sports, concerts, nature and more.\" image=\"general/intro-video-product.png\" tag=\"Business\" youtube_video_url=\"https://www.youtube.com/watch?v=HZ3XumHDDwA\" icon_image=\"icons/bg-plan.png\"][/intro-video]</div><div>[site-statistics title=\"See why we are trusted the world over\" quantity=\"4\" title_1=\"Social followers\" data_1=\"367\" unit_1=\"K\" title_2=\"Happy Clients\" data_2=\"19\" unit_2=\"K+\" title_3=\"Project Done\" data_3=\"604\" unit_3=\"K+\" title_4=\"Global branch\" data_4=\"96\"][/site-statistics]</div>','published','[\"products\\/62.jpg\",\"products\\/62-1.jpg\"]','SW-112-A0',0,13,0,1,0,3,0,0,638,NULL,NULL,NULL,13.00,16.00,11.00,866.00,NULL,159333,'2024-05-22 23:57:15','2024-05-22 23:57:18','in_stock',0,'Botble\\ACL\\Models\\User',NULL,'physical',NULL,NULL,0,0,0),(63,'Large Green Bell Pepper','<ul><li> Unrestrained and portable active stereo speaker</li>\n            <li> Free from the confines of wires and chords</li>\n            <li> 20 hours of portable capabilities</li>\n            <li> Double-ended Coil Cord with 3.5mm Stereo Plugs Included</li>\n            <li> 3/4″ Dome Tweeters: 2X and 4″ Woofer: 1X</li></ul>','<p>Short Hooded Coat features a straight body, large pockets with button flaps, ventilation air holes, and a string detail along the hemline. The style is completed with a drawstring hood, featuring Rains’ signature built-in cap. Made from waterproof, matte PU, this lightweight unisex rain jacket is an ode to nostalgia through its classic silhouette and utilitarian design details.</p>\n                                <p>- Casual unisex fit</p>\n\n                                <p>- 64% polyester, 36% polyurethane</p>\n\n                                <p>- Water column pressure: 4000 mm</p>\n\n                                <p>- Model is 187cm tall and wearing a size S / M</p>\n\n                                <p>- Unisex fit</p>\n\n                                <p>- Drawstring hood with built-in cap</p>\n\n                                <p>- Front placket with snap buttons</p>\n\n                                <p>- Ventilation under armpit</p>\n\n                                <p>- Adjustable cuffs</p>\n\n                                <p>- Double welted front pockets</p>\n\n                                <p>- Adjustable elastic string at hempen</p>\n\n                                <p>- Ultrasonically welded seams</p>\n\n                                <p>This is a unisex item, please check our clothing &amp; footwear sizing guide for specific Rains jacket sizing information. RAINS comes from the rainy nation of Denmark at the edge of the European continent, close to the ocean and with prevailing westerly winds; all factors that contribute to an average of 121 rain days each year. Arising from these rainy weather conditions comes the attitude that a quick rain shower may be beautiful, as well as moody- but first and foremost requires the right outfit. Rains focus on the whole experience of going outside on rainy days, issuing an invitation to explore even in the most mercurial weather.</p><div>[get-in-touch title=\"Beautiful Pictures For All\" description=\"You don’t need to be a photographer to know a great photo when you see one. And you don’t need to be a photographer to take a great photo—you just need the D3500. It s as easy to use as a point-and-shoot, but it takes beautiful DSLR photos and videos that get noticed. It feels outstanding in your hands, sturdy and balanced with controls where you want them\" image=\"general/banner-product-1.png\" button_primary_label=\"View collections\" button_primary_url=\"products\" button_secondary_label=\"Learn more\" button_secondary_url=\"/products\"][/get-in-touch]</div><div>[about-product title=\"Easy. Portable. Amazing\" description=\"Take more memorable images. The photos you take with the D3500 capture more than the moment—they capture the feeling of the moment, a feeling that can be shared immediately with your friends and family and then relived for a lifetime.\" image=\"general/product-feature.png\" quantity=\"6\" title_1=\"Less thinking. More shooting\" title_2=\"Picture after amazing picture\" title_3=\"The day tripper\" title_4=\"Newbies welcome\" title_5=\"Colors that pop in any light\" title_6=\"Fast, accurate focusing\"][/about-product]</div><div>[intro-video title=\"Your camera’s bridge to your world\" subtitle=\"The D3500 Two Lens Kit includes two matched lenses to help you cover all the angles. The AF-P DX NIKKOR 18-55mm f/3.5-5.6G VR lens is great for portraits, landscapes, videos and other wide perspective shots. The AF-P DX NIKKOR 70-300mm f/4.5-6.3G ED is a versatile telephoto zoom lens that’s great for sports, concerts, nature and more.\" image=\"general/intro-video-product.png\" tag=\"Business\" youtube_video_url=\"https://www.youtube.com/watch?v=HZ3XumHDDwA\" icon_image=\"icons/bg-plan.png\"][/intro-video]</div><div>[site-statistics title=\"See why we are trusted the world over\" quantity=\"4\" title_1=\"Social followers\" data_1=\"367\" unit_1=\"K\" title_2=\"Happy Clients\" data_2=\"19\" unit_2=\"K+\" title_3=\"Project Done\" data_3=\"604\" unit_3=\"K+\" title_4=\"Global branch\" data_4=\"96\"][/site-statistics]</div>','published','[\"products\\/63.jpg\",\"products\\/63-1.jpg\"]','SW-103-A0',0,15,0,1,0,1,0,0,1090,NULL,NULL,NULL,10.00,10.00,20.00,537.00,NULL,115644,'2024-05-22 23:57:15','2024-05-22 23:57:18','in_stock',0,'Botble\\ACL\\Models\\User',NULL,'physical',NULL,NULL,0,0,0),(64,'Pice 94w Beasley Journal','<ul><li> Unrestrained and portable active stereo speaker</li>\n            <li> Free from the confines of wires and chords</li>\n            <li> 20 hours of portable capabilities</li>\n            <li> Double-ended Coil Cord with 3.5mm Stereo Plugs Included</li>\n            <li> 3/4″ Dome Tweeters: 2X and 4″ Woofer: 1X</li></ul>','<p>Short Hooded Coat features a straight body, large pockets with button flaps, ventilation air holes, and a string detail along the hemline. The style is completed with a drawstring hood, featuring Rains’ signature built-in cap. Made from waterproof, matte PU, this lightweight unisex rain jacket is an ode to nostalgia through its classic silhouette and utilitarian design details.</p>\n                                <p>- Casual unisex fit</p>\n\n                                <p>- 64% polyester, 36% polyurethane</p>\n\n                                <p>- Water column pressure: 4000 mm</p>\n\n                                <p>- Model is 187cm tall and wearing a size S / M</p>\n\n                                <p>- Unisex fit</p>\n\n                                <p>- Drawstring hood with built-in cap</p>\n\n                                <p>- Front placket with snap buttons</p>\n\n                                <p>- Ventilation under armpit</p>\n\n                                <p>- Adjustable cuffs</p>\n\n                                <p>- Double welted front pockets</p>\n\n                                <p>- Adjustable elastic string at hempen</p>\n\n                                <p>- Ultrasonically welded seams</p>\n\n                                <p>This is a unisex item, please check our clothing &amp; footwear sizing guide for specific Rains jacket sizing information. RAINS comes from the rainy nation of Denmark at the edge of the European continent, close to the ocean and with prevailing westerly winds; all factors that contribute to an average of 121 rain days each year. Arising from these rainy weather conditions comes the attitude that a quick rain shower may be beautiful, as well as moody- but first and foremost requires the right outfit. Rains focus on the whole experience of going outside on rainy days, issuing an invitation to explore even in the most mercurial weather.</p><div>[get-in-touch title=\"Beautiful Pictures For All\" description=\"You don’t need to be a photographer to know a great photo when you see one. And you don’t need to be a photographer to take a great photo—you just need the D3500. It s as easy to use as a point-and-shoot, but it takes beautiful DSLR photos and videos that get noticed. It feels outstanding in your hands, sturdy and balanced with controls where you want them\" image=\"general/banner-product-1.png\" button_primary_label=\"View collections\" button_primary_url=\"products\" button_secondary_label=\"Learn more\" button_secondary_url=\"/products\"][/get-in-touch]</div><div>[about-product title=\"Easy. Portable. Amazing\" description=\"Take more memorable images. The photos you take with the D3500 capture more than the moment—they capture the feeling of the moment, a feeling that can be shared immediately with your friends and family and then relived for a lifetime.\" image=\"general/product-feature.png\" quantity=\"6\" title_1=\"Less thinking. More shooting\" title_2=\"Picture after amazing picture\" title_3=\"The day tripper\" title_4=\"Newbies welcome\" title_5=\"Colors that pop in any light\" title_6=\"Fast, accurate focusing\"][/about-product]</div><div>[intro-video title=\"Your camera’s bridge to your world\" subtitle=\"The D3500 Two Lens Kit includes two matched lenses to help you cover all the angles. The AF-P DX NIKKOR 18-55mm f/3.5-5.6G VR lens is great for portraits, landscapes, videos and other wide perspective shots. The AF-P DX NIKKOR 70-300mm f/4.5-6.3G ED is a versatile telephoto zoom lens that’s great for sports, concerts, nature and more.\" image=\"general/intro-video-product.png\" tag=\"Business\" youtube_video_url=\"https://www.youtube.com/watch?v=HZ3XumHDDwA\" icon_image=\"icons/bg-plan.png\"][/intro-video]</div><div>[site-statistics title=\"See why we are trusted the world over\" quantity=\"4\" title_1=\"Social followers\" data_1=\"367\" unit_1=\"K\" title_2=\"Happy Clients\" data_2=\"19\" unit_2=\"K+\" title_3=\"Project Done\" data_3=\"604\" unit_3=\"K+\" title_4=\"Global branch\" data_4=\"96\"][/site-statistics]</div>','published','[\"products\\/64.jpg\",\"products\\/64-1.jpg\"]','SW-161-A0',0,14,0,1,0,2,0,0,1251,975.78,NULL,NULL,10.00,17.00,18.00,881.00,NULL,91388,'2024-05-22 23:57:15','2024-05-22 23:57:18','in_stock',0,'Botble\\ACL\\Models\\User',NULL,'physical',NULL,NULL,0,0,0),(65,'Province Piece Glass Drinking Glass (Digital)','<ul><li> Unrestrained and portable active stereo speaker</li>\n            <li> Free from the confines of wires and chords</li>\n            <li> 20 hours of portable capabilities</li>\n            <li> Double-ended Coil Cord with 3.5mm Stereo Plugs Included</li>\n            <li> 3/4″ Dome Tweeters: 2X and 4″ Woofer: 1X</li></ul>','<p>Short Hooded Coat features a straight body, large pockets with button flaps, ventilation air holes, and a string detail along the hemline. The style is completed with a drawstring hood, featuring Rains’ signature built-in cap. Made from waterproof, matte PU, this lightweight unisex rain jacket is an ode to nostalgia through its classic silhouette and utilitarian design details.</p>\n                                <p>- Casual unisex fit</p>\n\n                                <p>- 64% polyester, 36% polyurethane</p>\n\n                                <p>- Water column pressure: 4000 mm</p>\n\n                                <p>- Model is 187cm tall and wearing a size S / M</p>\n\n                                <p>- Unisex fit</p>\n\n                                <p>- Drawstring hood with built-in cap</p>\n\n                                <p>- Front placket with snap buttons</p>\n\n                                <p>- Ventilation under armpit</p>\n\n                                <p>- Adjustable cuffs</p>\n\n                                <p>- Double welted front pockets</p>\n\n                                <p>- Adjustable elastic string at hempen</p>\n\n                                <p>- Ultrasonically welded seams</p>\n\n                                <p>This is a unisex item, please check our clothing &amp; footwear sizing guide for specific Rains jacket sizing information. RAINS comes from the rainy nation of Denmark at the edge of the European continent, close to the ocean and with prevailing westerly winds; all factors that contribute to an average of 121 rain days each year. Arising from these rainy weather conditions comes the attitude that a quick rain shower may be beautiful, as well as moody- but first and foremost requires the right outfit. Rains focus on the whole experience of going outside on rainy days, issuing an invitation to explore even in the most mercurial weather.</p><div>[get-in-touch title=\"Beautiful Pictures For All\" description=\"You don’t need to be a photographer to know a great photo when you see one. And you don’t need to be a photographer to take a great photo—you just need the D3500. It s as easy to use as a point-and-shoot, but it takes beautiful DSLR photos and videos that get noticed. It feels outstanding in your hands, sturdy and balanced with controls where you want them\" image=\"general/banner-product-1.png\" button_primary_label=\"View collections\" button_primary_url=\"products\" button_secondary_label=\"Learn more\" button_secondary_url=\"/products\"][/get-in-touch]</div><div>[about-product title=\"Easy. Portable. Amazing\" description=\"Take more memorable images. The photos you take with the D3500 capture more than the moment—they capture the feeling of the moment, a feeling that can be shared immediately with your friends and family and then relived for a lifetime.\" image=\"general/product-feature.png\" quantity=\"6\" title_1=\"Less thinking. More shooting\" title_2=\"Picture after amazing picture\" title_3=\"The day tripper\" title_4=\"Newbies welcome\" title_5=\"Colors that pop in any light\" title_6=\"Fast, accurate focusing\"][/about-product]</div><div>[intro-video title=\"Your camera’s bridge to your world\" subtitle=\"The D3500 Two Lens Kit includes two matched lenses to help you cover all the angles. The AF-P DX NIKKOR 18-55mm f/3.5-5.6G VR lens is great for portraits, landscapes, videos and other wide perspective shots. The AF-P DX NIKKOR 70-300mm f/4.5-6.3G ED is a versatile telephoto zoom lens that’s great for sports, concerts, nature and more.\" image=\"general/intro-video-product.png\" tag=\"Business\" youtube_video_url=\"https://www.youtube.com/watch?v=HZ3XumHDDwA\" icon_image=\"icons/bg-plan.png\"][/intro-video]</div><div>[site-statistics title=\"See why we are trusted the world over\" quantity=\"4\" title_1=\"Social followers\" data_1=\"367\" unit_1=\"K\" title_2=\"Happy Clients\" data_2=\"19\" unit_2=\"K+\" title_3=\"Project Done\" data_3=\"604\" unit_3=\"K+\" title_4=\"Global branch\" data_4=\"96\"][/site-statistics]</div>','published','[\"products\\/65.jpg\",\"products\\/65-1.jpg\",\"products\\/65-2.jpg\"]','SW-161-A0',0,12,0,1,0,4,0,0,1046,NULL,NULL,NULL,17.00,18.00,11.00,750.00,NULL,190019,'2024-05-22 23:57:15','2024-05-22 23:57:18','in_stock',0,'Botble\\ACL\\Models\\User',NULL,'digital',NULL,NULL,0,0,0),(66,'Dual Camera 20MP (Digital)',NULL,NULL,'published','[\"products\\/1.jpg\"]','SW-133-A0',0,13,0,1,0,1,1,0,80.25,NULL,NULL,NULL,11.00,20.00,18.00,554.00,NULL,0,'2024-05-22 23:57:15','2024-05-22 23:57:15','in_stock',0,'Botble\\ACL\\Models\\User',NULL,'digital',NULL,NULL,0,0,0),(67,'Dual Camera 20MP (Digital)',NULL,NULL,'published','[\"products\\/1.jpg\"]','SW-133-A0-A1',0,13,0,1,0,1,1,0,80.25,NULL,NULL,NULL,11.00,20.00,18.00,554.00,NULL,0,'2024-05-22 23:57:15','2024-05-22 23:57:15','in_stock',0,'Botble\\ACL\\Models\\User',NULL,'digital',NULL,NULL,0,0,0),(68,'Dual Camera 20MP (Digital)',NULL,NULL,'published','[\"products\\/1.jpg\"]','SW-133-A0-A2',0,13,0,1,0,1,1,0,80.25,NULL,NULL,NULL,11.00,20.00,18.00,554.00,NULL,0,'2024-05-22 23:57:15','2024-05-22 23:57:15','in_stock',0,'Botble\\ACL\\Models\\User',NULL,'digital',NULL,NULL,0,0,0),(69,'Smart Watches',NULL,NULL,'published','[\"products\\/2.jpg\"]','SW-136-A0',0,10,0,1,0,5,1,0,40.5,NULL,NULL,NULL,11.00,15.00,17.00,644.00,NULL,0,'2024-05-22 23:57:15','2024-05-22 23:57:15','in_stock',0,'Botble\\ACL\\Models\\User',NULL,'physical',NULL,NULL,0,0,0),(70,'Beat Headphone',NULL,NULL,'published','[\"products\\/3.jpg\"]','SW-144-A0',0,11,0,1,0,4,1,0,20,NULL,NULL,NULL,12.00,11.00,20.00,526.00,NULL,0,'2024-05-22 23:57:15','2024-05-22 23:57:15','in_stock',0,'Botble\\ACL\\Models\\User',NULL,'physical',NULL,NULL,0,0,0),(71,'Beat Headphone',NULL,NULL,'published','[\"products\\/3.jpg\"]','SW-144-A0-A1',0,11,0,1,0,4,1,0,20,NULL,NULL,NULL,12.00,11.00,20.00,526.00,NULL,0,'2024-05-22 23:57:15','2024-05-22 23:57:15','in_stock',0,'Botble\\ACL\\Models\\User',NULL,'physical',NULL,NULL,0,0,0),(72,'Red & Black Headphone',NULL,NULL,'published','[\"products\\/4.jpg\"]','SW-160-A0',0,10,0,1,0,4,1,0,520,390,NULL,NULL,13.00,18.00,10.00,605.00,NULL,0,'2024-05-22 23:57:15','2024-05-22 23:57:15','in_stock',0,'Botble\\ACL\\Models\\User',NULL,'physical',NULL,NULL,0,0,0),(73,'Red &amp; Black Headphone',NULL,NULL,'published','[\"products\\/4-1.jpg\"]','SW-160-A0-A1',0,10,0,1,0,4,1,0,520,379.6,NULL,NULL,13.00,18.00,10.00,605.00,NULL,0,'2024-05-22 23:57:15','2024-05-22 23:57:15','in_stock',0,'Botble\\ACL\\Models\\User',NULL,'physical',NULL,NULL,0,0,0),(74,'Smart Watch External (Digital)',NULL,NULL,'published','[\"products\\/5.jpg\"]','SW-200-A0',0,12,0,1,0,4,1,0,753,NULL,NULL,NULL,10.00,19.00,16.00,667.00,NULL,0,'2024-05-22 23:57:15','2024-05-22 23:57:15','in_stock',0,'Botble\\ACL\\Models\\User',NULL,'digital',NULL,NULL,0,0,0),(75,'Nikon HD camera',NULL,NULL,'published','[\"products\\/6.jpg\"]','SW-100-A0',0,13,0,1,0,2,1,0,441,NULL,NULL,NULL,18.00,18.00,20.00,654.00,NULL,0,'2024-05-22 23:57:15','2024-05-22 23:57:15','in_stock',0,'Botble\\ACL\\Models\\User',NULL,'physical',NULL,NULL,0,0,0),(76,'Nikon HD camera',NULL,NULL,'published','[\"products\\/6.jpg\"]','SW-100-A0-A1',0,13,0,1,0,2,1,0,441,NULL,NULL,NULL,18.00,18.00,20.00,654.00,NULL,0,'2024-05-22 23:57:15','2024-05-22 23:57:15','in_stock',0,'Botble\\ACL\\Models\\User',NULL,'physical',NULL,NULL,0,0,0),(77,'Nikon HD camera',NULL,NULL,'published','[\"products\\/6.jpg\"]','SW-100-A0-A2',0,13,0,1,0,2,1,0,441,NULL,NULL,NULL,18.00,18.00,20.00,654.00,NULL,0,'2024-05-22 23:57:15','2024-05-22 23:57:15','in_stock',0,'Botble\\ACL\\Models\\User',NULL,'physical',NULL,NULL,0,0,0),(78,'Audio Equipment',NULL,NULL,'published','[\"products\\/7.jpg\"]','SW-109-A0',0,18,0,1,0,4,1,0,552,NULL,NULL,NULL,14.00,15.00,14.00,743.00,NULL,0,'2024-05-22 23:57:15','2024-05-22 23:57:15','in_stock',0,'Botble\\ACL\\Models\\User',NULL,'physical',NULL,NULL,0,0,0),(79,'Audio Equipment',NULL,NULL,'published','[\"products\\/7.jpg\"]','SW-109-A0-A1',0,18,0,1,0,4,1,0,552,NULL,NULL,NULL,14.00,15.00,14.00,743.00,NULL,0,'2024-05-22 23:57:15','2024-05-22 23:57:15','in_stock',0,'Botble\\ACL\\Models\\User',NULL,'physical',NULL,NULL,0,0,0),(80,'Smart Televisions',NULL,NULL,'published','[\"products\\/8.jpg\"]','SW-163-A0',0,16,0,1,0,4,1,0,1255,941.25,NULL,NULL,19.00,16.00,10.00,794.00,NULL,0,'2024-05-22 23:57:15','2024-05-22 23:57:15','in_stock',0,'Botble\\ACL\\Models\\User',NULL,'physical',NULL,NULL,0,0,0),(81,'Smart Televisions',NULL,NULL,'published','[\"products\\/8-1.jpg\"]','SW-163-A0-A1',0,16,0,1,0,4,1,0,1255,1116.95,NULL,NULL,19.00,16.00,10.00,794.00,NULL,0,'2024-05-22 23:57:15','2024-05-22 23:57:15','in_stock',0,'Botble\\ACL\\Models\\User',NULL,'physical',NULL,NULL,0,0,0),(82,'Samsung Smart Phone (Digital)',NULL,NULL,'published','[\"products\\/9.jpg\"]','SW-195-A0',0,11,0,1,0,1,1,0,504,NULL,NULL,NULL,15.00,11.00,14.00,784.00,NULL,0,'2024-05-22 23:57:15','2024-05-22 23:57:15','in_stock',0,'Botble\\ACL\\Models\\User',NULL,'digital',NULL,NULL,0,0,0),(83,'Samsung Smart Phone (Digital)',NULL,NULL,'published','[\"products\\/9-1.jpg\"]','SW-195-A0-A1',0,11,0,1,0,1,1,0,504,NULL,NULL,NULL,15.00,11.00,14.00,784.00,NULL,0,'2024-05-22 23:57:15','2024-05-22 23:57:15','in_stock',0,'Botble\\ACL\\Models\\User',NULL,'digital',NULL,NULL,0,0,0),(84,'Samsung Smart Phone (Digital)',NULL,NULL,'published','[\"products\\/9-2.jpg\"]','SW-195-A0-A2',0,11,0,1,0,1,1,0,504,NULL,NULL,NULL,15.00,11.00,14.00,784.00,NULL,0,'2024-05-22 23:57:15','2024-05-22 23:57:15','in_stock',0,'Botble\\ACL\\Models\\User',NULL,'digital',NULL,NULL,0,0,0),(85,'Samsung Smart Phone (Digital)',NULL,NULL,'published','[\"products\\/9.jpg\"]','SW-195-A0-A3',0,11,0,1,0,1,1,0,504,NULL,NULL,NULL,15.00,11.00,14.00,784.00,NULL,0,'2024-05-22 23:57:15','2024-05-22 23:57:15','in_stock',0,'Botble\\ACL\\Models\\User',NULL,'digital',NULL,NULL,0,0,0),(86,'Herschel Leather Duffle Bag In Brown Color',NULL,NULL,'published','[\"products\\/10.jpg\"]','SW-169-A0',0,19,0,1,0,1,1,0,1187,NULL,NULL,NULL,11.00,14.00,20.00,614.00,NULL,0,'2024-05-22 23:57:15','2024-05-22 23:57:15','in_stock',0,'Botble\\ACL\\Models\\User',NULL,'physical',NULL,NULL,0,0,0),(87,'Herschel Leather Duffle Bag In Brown Color',NULL,NULL,'published','[\"products\\/10-1.jpg\"]','SW-169-A0-A1',0,19,0,1,0,1,1,0,1187,NULL,NULL,NULL,11.00,14.00,20.00,614.00,NULL,0,'2024-05-22 23:57:15','2024-05-22 23:57:15','in_stock',0,'Botble\\ACL\\Models\\User',NULL,'physical',NULL,NULL,0,0,0),(88,'Herschel Leather Duffle Bag In Brown Color',NULL,NULL,'published','[\"products\\/10-2.jpg\"]','SW-169-A0-A2',0,19,0,1,0,1,1,0,1187,NULL,NULL,NULL,11.00,14.00,20.00,614.00,NULL,0,'2024-05-22 23:57:15','2024-05-22 23:57:15','in_stock',0,'Botble\\ACL\\Models\\User',NULL,'physical',NULL,NULL,0,0,0),(89,'Xbox One Wireless Controller Black Color',NULL,NULL,'published','[\"products\\/11.jpg\"]','SW-115-A0',0,13,0,1,0,3,1,0,1166,NULL,NULL,NULL,15.00,10.00,15.00,805.00,NULL,0,'2024-05-22 23:57:15','2024-05-22 23:57:15','in_stock',0,'Botble\\ACL\\Models\\User',NULL,'physical',NULL,NULL,0,0,0),(90,'Xbox One Wireless Controller Black Color',NULL,NULL,'published','[\"products\\/11-1.jpg\"]','SW-115-A0-A1',0,13,0,1,0,3,1,0,1166,NULL,NULL,NULL,15.00,10.00,15.00,805.00,NULL,0,'2024-05-22 23:57:15','2024-05-22 23:57:15','in_stock',0,'Botble\\ACL\\Models\\User',NULL,'physical',NULL,NULL,0,0,0),(91,'Xbox One Wireless Controller Black Color',NULL,NULL,'published','[\"products\\/11-2.jpg\"]','SW-115-A0-A2',0,13,0,1,0,3,1,0,1166,NULL,NULL,NULL,15.00,10.00,15.00,805.00,NULL,0,'2024-05-22 23:57:15','2024-05-22 23:57:15','in_stock',0,'Botble\\ACL\\Models\\User',NULL,'physical',NULL,NULL,0,0,0),(92,'EPSION Plaster Printer',NULL,NULL,'published','[\"products\\/12.jpg\"]','SW-101-A0',0,14,0,1,0,3,1,0,547,399.31,NULL,NULL,15.00,18.00,16.00,785.00,NULL,0,'2024-05-22 23:57:15','2024-05-22 23:57:15','in_stock',0,'Botble\\ACL\\Models\\User',NULL,'physical',NULL,NULL,0,0,0),(93,'EPSION Plaster Printer',NULL,NULL,'published','[\"products\\/12-1.jpg\"]','SW-101-A0-A1',0,14,0,1,0,3,1,0,547,459.48,NULL,NULL,15.00,18.00,16.00,785.00,NULL,0,'2024-05-22 23:57:15','2024-05-22 23:57:15','in_stock',0,'Botble\\ACL\\Models\\User',NULL,'physical',NULL,NULL,0,0,0),(94,'EPSION Plaster Printer',NULL,NULL,'published','[\"products\\/12-2.jpg\"]','SW-101-A0-A2',0,14,0,1,0,3,1,0,547,399.31,NULL,NULL,15.00,18.00,16.00,785.00,NULL,0,'2024-05-22 23:57:15','2024-05-22 23:57:15','in_stock',0,'Botble\\ACL\\Models\\User',NULL,'physical',NULL,NULL,0,0,0),(95,'EPSION Plaster Printer',NULL,NULL,'published','[\"products\\/12-3.jpg\"]','SW-101-A0-A3',0,14,0,1,0,3,1,0,547,470.42,NULL,NULL,15.00,18.00,16.00,785.00,NULL,0,'2024-05-22 23:57:15','2024-05-22 23:57:15','in_stock',0,'Botble\\ACL\\Models\\User',NULL,'physical',NULL,NULL,0,0,0),(96,'Sound Intone I65 Earphone White Version (Digital)',NULL,NULL,'published','[\"products\\/13.jpg\"]','SW-116-A0',0,18,0,1,0,2,1,0,524,NULL,NULL,NULL,19.00,14.00,20.00,710.00,NULL,0,'2024-05-22 23:57:15','2024-05-22 23:57:15','in_stock',0,'Botble\\ACL\\Models\\User',NULL,'digital',NULL,NULL,0,0,0),(97,'B&O Play Mini Bluetooth Speaker',NULL,NULL,'published','[\"products\\/14.jpg\"]','SW-137-A0',0,19,0,1,0,1,1,0,585,NULL,NULL,NULL,15.00,12.00,15.00,645.00,NULL,0,'2024-05-22 23:57:15','2024-05-22 23:57:15','in_stock',0,'Botble\\ACL\\Models\\User',NULL,'physical',NULL,NULL,0,0,0),(98,'B&amp;O Play Mini Bluetooth Speaker',NULL,NULL,'published','[\"products\\/14.jpg\"]','SW-137-A0-A1',0,19,0,1,0,1,1,0,585,NULL,NULL,NULL,15.00,12.00,15.00,645.00,NULL,0,'2024-05-22 23:57:15','2024-05-22 23:57:15','in_stock',0,'Botble\\ACL\\Models\\User',NULL,'physical',NULL,NULL,0,0,0),(99,'Apple MacBook Air Retina 13.3-Inch Laptop',NULL,NULL,'published','[\"products\\/15.jpg\"]','SW-174-A0',0,19,0,1,0,5,1,0,564,NULL,NULL,NULL,10.00,13.00,13.00,531.00,NULL,0,'2024-05-22 23:57:16','2024-05-22 23:57:16','in_stock',0,'Botble\\ACL\\Models\\User',NULL,'physical',NULL,NULL,0,0,0),(100,'Apple MacBook Air Retina 13.3-Inch Laptop',NULL,NULL,'published','[\"products\\/15-1.jpg\"]','SW-174-A0-A1',0,19,0,1,0,5,1,0,564,NULL,NULL,NULL,10.00,13.00,13.00,531.00,NULL,0,'2024-05-22 23:57:16','2024-05-22 23:57:16','in_stock',0,'Botble\\ACL\\Models\\User',NULL,'physical',NULL,NULL,0,0,0),(101,'Apple MacBook Air Retina 12-Inch Laptop',NULL,NULL,'published','[\"products\\/16.jpg\"]','SW-176-A0',0,11,0,1,0,5,1,0,505,419.15,NULL,NULL,11.00,18.00,20.00,618.00,NULL,0,'2024-05-22 23:57:16','2024-05-22 23:57:16','in_stock',0,'Botble\\ACL\\Models\\User',NULL,'physical',NULL,NULL,0,0,0),(102,'Apple MacBook Air Retina 12-Inch Laptop',NULL,NULL,'published','[\"products\\/16.jpg\"]','SW-176-A0-A1',0,11,0,1,0,5,1,0,505,414.1,NULL,NULL,11.00,18.00,20.00,618.00,NULL,0,'2024-05-22 23:57:16','2024-05-22 23:57:16','in_stock',0,'Botble\\ACL\\Models\\User',NULL,'physical',NULL,NULL,0,0,0),(103,'Apple MacBook Air Retina 12-Inch Laptop',NULL,NULL,'published','[\"products\\/16.jpg\"]','SW-176-A0-A2',0,11,0,1,0,5,1,0,505,424.2,NULL,NULL,11.00,18.00,20.00,618.00,NULL,0,'2024-05-22 23:57:16','2024-05-22 23:57:16','in_stock',0,'Botble\\ACL\\Models\\User',NULL,'physical',NULL,NULL,0,0,0),(104,'Samsung Gear VR Virtual Reality Headset (Digital)',NULL,NULL,'published','[\"products\\/17.jpg\"]','SW-127-A0',0,16,0,1,0,2,1,0,553,NULL,NULL,NULL,11.00,13.00,15.00,608.00,NULL,0,'2024-05-22 23:57:16','2024-05-22 23:57:16','in_stock',0,'Botble\\ACL\\Models\\User',NULL,'digital',NULL,NULL,0,0,0),(105,'Samsung Gear VR Virtual Reality Headset (Digital)',NULL,NULL,'published','[\"products\\/17-1.jpg\"]','SW-127-A0-A1',0,16,0,1,0,2,1,0,553,NULL,NULL,NULL,11.00,13.00,15.00,608.00,NULL,0,'2024-05-22 23:57:16','2024-05-22 23:57:16','in_stock',0,'Botble\\ACL\\Models\\User',NULL,'digital',NULL,NULL,0,0,0),